000
CXUS53 KLSX 011400
CF6COU
PRELIMINARY LOCAL CLIMATOLOGICAL DATA (WS FORM: F-6)
STATION: COLUMBIA ASOS
MONTH: AUGUST
YEAR: 2020
LATITUDE: 38 49 N
LONGITUDE: 92 13 W
TEMPERATURE IN F: :PCPN: SNOW: WIND :SUNSHINE: SKY :PK WND
================================================================================
1 2 3 4 5 6A 6B 7 8 9 10 11 12 13 14 15 16 17 18
12Z AVG MX 2MIN
DY MAX MIN AVG DEP HDD CDD WTR SNW DPTH SPD SPD DIR MIN PSBL S-S WX SPD DR
================================================================================
1 83 65 74 -3 0 9 0.00 0.0 0 5.8 15 340 M M 5 19 320
2 85 67 76 -1 0 11 0.78 0.0 0 5.5 31 360 M M 6 13 47 360
3 78 61 70 -7 0 5 0.01 0.0 0 8.5 16 330 M M 5 21 340
4 76 57 67 -10 0 2 0.00 0.0 0 6.0 14 10 M M 3 18 10
5 78 57 68 -9 0 3 0.00 0.0 0 5.8 12 90 M M 1 15 130
6 80 60 70 -7 0 5 0.00 0.0 0 7.6 14 150 M M 2 20 120
7 86 64 75 -2 0 10 0.00 0.0 0 8.3 15 160 M M 2 22 180
8 84 72 78 1 0 13 0.02 0.0 0 9.0 16 140 M M 5 3 23 150
9 90 72 81 4 0 16 T 0.0 0 9.9 21 220 M M 2 29 200
10 94 69 82 5 0 17 1.00 0.0 0 10.2 32 310 M M 1 13 43 310
11 88 69 79 2 0 14 0.18 0.0 0 5.1 14 160 M M 4 123 18 180
12 88 70 79 2 0 14 0.00 0.0 0 5.0 10 120 M M 2 12 16 120
13 88 70 79 2 0 14 0.00 0.0 0 6.2 14 80 M M 1 1 19 70
14 89 70 80 3 0 15 0.00 0.0 0 4.7 9 130 M M 2 12 14 130
15 86 65 76 -1 0 11 0.00 0.0 0 7.5 17 330 M M 2 1 22 320
16 84 61 73 -4 0 8 0.00 0.0 0 4.2 10 60 M M 0 15 270
17 86 64 75 -2 0 10 0.00 0.0 0 8.5 20 280 M M 1 27 300
18 81 61 71 -5 0 6 0.00 0.0 0 8.7 17 350 M M 1 22 350
19 81 59 70 -6 0 5 0.00 0.0 0 7.1 15 40 M M 0 22 80
20 82 56 69 -7 0 4 0.00 0.0 0 4.3 9 150 M M 0 14 120
21 86 61 74 -2 0 9 0.00 0.0 0 5.1 9 170 M M 0 13 160
22 90 63 77 1 0 12 0.00 0.0 0 4.5 9 310 M M 0 14 260
23 93 66 80 4 0 15 0.00 0.0 0 6.8 15 240 M M 1 20 230
24 94 69 82 6 0 17 0.00 0.0 0 4.3 10 230 M M 0 15 230
25 93 70 82 7 0 17 0.00 0.0 0 5.5 9 210 M M 0 12 150
26 92 69 81 6 0 16 0.00 0.0 0 7.1 14 150 M M 0 21 190
27 85 73 79 4 0 14 0.00 0.0 0 6.9 12 190 M M 1 16 180
28 92 73 83 8 0 18 0.00 0.0 0 7.3 17 340 M M 2 24 360
29 78 63 71 -3 0 6 0.02 0.0 0 5.9 15 300 M M 3 3 19 310
30 82 60 71 -3 0 6 0.00 0.0 0 6.5 12 90 M M 2 16 110
31 79 67 73 -1 0 8 0.62 0.0 0 7.2 33 310 M M 6 13 50 300
================================================================================
SM 2651 2023 0 330 2.63 0.0 205.0 M 60
================================================================================
AV 85.5 65.3 6.6 FASTST M M 2 MAX(MPH)
MISC ----> 33 310 50 300
================================================================================
NOTES:
# LAST OF SEVERAL OCCURRENCES
COLUMN 17 PEAK WIND IN M.P.H.
PRELIMINARY LOCAL CLIMATOLOGICAL DATA (WS FORM: F-6) , PAGE 2
STATION: COLUMBIA ASOS
MONTH: AUGUST
YEAR: 2020
LATITUDE: 38 49 N
LONGITUDE: 92 13 W
[TEMPERATURE DATA] [PRECIPITATION DATA] SYMBOLS USED IN COLUMN 16
AVERAGE MONTHLY: 75.4 TOTAL FOR MONTH: 2.63 1 = FOG OR MIST
DPTR FM NORMAL: -0.8 DPTR FM NORMAL: -1.73 2 = FOG REDUCING VISIBILITY
HIGHEST: 94 ON 24,10 GRTST 24HR 1.18 ON 10-11 TO 1/4 MILE OR LESS
LOWEST: 56 ON 20 3 = THUNDER
SNOW, ICE PELLETS, HAIL 4 = ICE PELLETS
TOTAL MONTH: 0.0 INCH 5 = HAIL
GRTST 24HR 0.0 6 = FREEZING RAIN OR DRIZZLE
GRTST DEPTH: 0 7 = DUSTSTORM OR SANDSTORM:
VSBY 1/2 MILE OR LESS
8 = SMOKE OR HAZE
[NO. OF DAYS WITH] [WEATHER - DAYS WITH] 9 = BLOWING SNOW
X = TORNADO
MAX 32 OR BELOW: 0 0.01 INCH OR MORE: 7
MAX 90 OR ABOVE: 8 0.10 INCH OR MORE: 4
MIN 32 OR BELOW: 0 0.50 INCH OR MORE: 3
MIN 0 OR BELOW: 0 1.00 INCH OR MORE: 1
[HDD (BASE 65) ]
TOTAL THIS MO. 0 CLEAR (SCALE 0-3) 25
DPTR FM NORMAL -2 PTCLDY (SCALE 4-7) 6
TOTAL FM JUL 1 0 CLOUDY (SCALE 8-10) 0
DPTR FM NORMAL 0
[CDD (BASE 65) ]
TOTAL THIS MO. 330
DPTR FM NORMAL -20 [PRESSURE DATA]
TOTAL FM JAN 1 1226 HIGHEST SLP 30.16 ON 5
DPTR FM NORMAL 143 LOWEST SLP 29.69 ON 31
[REMARKS]
#FINAL-08-20#