000
CXUS55 KRIW 011010
CF6CPR
PRELIMINARY LOCAL CLIMATOLOGICAL DATA (WS FORM: F-6)
STATION: CASPER WY
MONTH: AUGUST
YEAR: 2022
LATITUDE: 42 55 N
LONGITUDE: 106 28 W
TEMPERATURE IN F: :PCPN: SNOW: WIND :SUNSHINE: SKY :PK WND
================================================================================
1 2 3 4 5 6A 6B 7 8 9 10 11 12 13 14 15 16 17 18
12Z AVG MX 2MIN
DY MAX MIN AVG DEP HDD CDD WTR SNW DPTH SPD SPD DIR MIN PSBL S-S WX SPD DR
================================================================================
1 98 57 78 6 0 13 0.00 0.0 0 9.3 16 360 M M 0 25 290
2 82 61 72 0 0 7 T 0.0 0 12.4 28 250 M M 3 39 250
3 90 59 75 3 0 10 0.00 0.0 0 6.1 14 240 M M 2 28 200
4 96 56 76 4 0 11 0.00 0.0 0 8.9 21 260 M M 0 35 290
5 96 59 78 6 0 13 0.19 0.0 0 10.5 32 220 M M 3 13 46 220
6 84 56 70 -1 0 5 0.02 0.0 0 9.9 26 360 M M 5 13 36 350
7 85 52 69 -2 0 4 0.00 0.0 0 7.8 17 300 M M 2 8 25 250
8 92 47 70 -1 0 5 0.00 0.0 0 6.2 16 240 M M 0 22 250
9 96 52 74 3 0 9 0.00 0.0 0 7.5 17 50 M M 0 28 60
10 101 52 77 6 0 12 0.00 0.0 0 6.9 22 180 M M 0 34 140
11 98 56 77 7 0 12 0.68 0.0 0 12.5 33 220 M M 1 13 46 220
12 89 59 74 4 0 9 0.49 0.0 0 9.4 31 190 M M 3 13 42 200
13 89 62 76 6 0 11 0.02 0.0 0 9.5 32 190 M M 3 3 43 190
14 84 58 71 1 0 6 0.15 0.0 0 7.2 16 210 M M 6 1 26 240
15 81 56 69 -1 0 4 T 0.0 0 7.6 21 360 M M 4 3 29 340
16 86 51 69 0 0 4 0.00 0.0 0 5.2 10 100 M M 0 20 120
17 90 50 70 1 0 5 0.15 T 0 7.0 37 40 M M 0 35 50 30
18 86 51 69 0 0 4 0.00 0.0 0 6.7 14 40 M M 0 20 40
19 81 50 66 -2 0 1 0.00 0.0 0 8.7 16 90 M M 0 23 50
20 85 47 66 -2 0 1 0.00 0.0 0 4.3 13 100 M M 0 18 100
21 90 48 69 1 0 4 0.00 0.0 0 6.0 17 30 M M 0 23 30
22 88 50 69 1 0 4 0.00 0.0 0 5.7 13 360 M M 2 17 170
23 87 54 71 4 0 6 T 0.0 0 5.4 16 190 M M 3 22 190
24 86 50 68 1 0 3 T 0.0 0 9.6 36 50 M M 1 3 52 50
25 80 53 67 0 0 2 T 0.0 0 6.0 13 20 M M 1 19 340
26 87 47 67 0 0 2 0.29 0.0 0 6.8 28 350 M M 2 3 43 260
27 88 50 69 3 0 4 0.00 0.0 0 12.4 28 250 M M 0 42 290
28 81 51 66 0 0 1 0.00 0.0 0 7.6 18 10 M M 0 26 360
29 84 43 64 -2 1 0 0.00 0.0 0 5.5 13 60 M M 0 14 60
30 92 45 69 4 0 4 0.00 0.0 0 4.4 15 210 M M 0 21 220
31 91 50 71 6 0 6 0.00 0.0 0 6.5 15 240 M M 0 18 250
================================================================================
SM 2743 1632 1 182 1.99 T 239.5 M 41
================================================================================
AV 88.5 52.6 7.7 FASTST M M 1 MAX(MPH)
MISC ----> 37 40 52 50
================================================================================
NOTES:
# LAST OF SEVERAL OCCURRENCES
COLUMN 17 PEAK WIND IN M.P.H.
PRELIMINARY LOCAL CLIMATOLOGICAL DATA (WS FORM: F-6) , PAGE 2
STATION: CASPER WY
MONTH: AUGUST
YEAR: 2022
LATITUDE: 42 55 N
LONGITUDE: 106 28 W
[TEMPERATURE DATA] [PRECIPITATION DATA] SYMBOLS USED IN COLUMN 16
AVERAGE MONTHLY: 70.6 TOTAL FOR MONTH: 1.99 1 = FOG OR MIST
DPTR FM NORMAL: 1.6 DPTR FM NORMAL: 1.20 2 = FOG REDUCING VISIBILITY
HIGHEST: 101 ON 10 GRTST 24HR 1.06 ON 11-12 TO 1/4 MILE OR LESS
LOWEST: 43 ON 29 3 = THUNDER
SNOW, ICE PELLETS, HAIL 4 = ICE PELLETS
TOTAL MONTH: T 5 = HAIL
GRTST 24HR T ON 17-17 6 = FREEZING RAIN OR DRIZZLE
GRTST DEPTH: 0 7 = DUSTSTORM OR SANDSTORM:
VSBY 1/2 MILE OR LESS
8 = SMOKE OR HAZE
[NO. OF DAYS WITH] [WEATHER - DAYS WITH] 9 = BLOWING SNOW
X = TORNADO
MAX 32 OR BELOW: 0 0.01 INCH OR MORE: 8
MAX 90 OR ABOVE: 12 0.10 INCH OR MORE: 6
MIN 32 OR BELOW: 0 0.50 INCH OR MORE: 1
MIN 0 OR BELOW: 0 1.00 INCH OR MORE: 0
[HDD (BASE 65) ]
TOTAL THIS MO. 1 CLEAR (SCALE 0-3) 27
DPTR FM NORMAL -30 PTCLDY (SCALE 4-7) 4
TOTAL FM JUL 1 2 CLOUDY (SCALE 8-10) 0
DPTR FM NORMAL -40
[CDD (BASE 65) ]
TOTAL THIS MO. 182
DPTR FM NORMAL 25 [PRESSURE DATA]
TOTAL FM JAN 1 476 HIGHEST SLP 30.18 ON 12
DPTR FM NORMAL 64 LOWEST SLP 29.53 ON 27
[REMARKS]
#FINAL-08-22#