000
CXUS54 KFWD 251720
CF6CPT
PRELIMINARY LOCAL CLIMATOLOGICAL DATA (WS FORM: F-6)
STATION: CLEBURNE
MONTH: MARCH
YEAR: 2021
LATITUDE: 32 20 N
LONGITUDE: 97 24 W
TEMPERATURE IN F: :PCPN: SNOW: WIND :SUNSHINE: SKY :PK WND
================================================================================
1 2 3 4 5 6A 6B 7 8 9 10 11 12 13 14 15 16 17 18
12Z AVG MX 2MIN
DY MAX MIN AVG DEP HDD CDD WTR SNW DPTH SPD SPD DIR MIN PSBL S-S WX SPD DR
================================================================================
1 57 43 50 -2 15 0 0.13 M M 11.7 28 30 M M 8 37 30
2 63 39 51 -1 14 0 0.00 M M 3.3 7 10 M M 1 15 99
3 70 36 53 1 12 0 0.00 M M 8.0 14 140 M M 0 20 150
4 73 45 59 7 6 0 0.00 M M 13.0 23 130 M M 0 26 170
5 70 50 60 7 5 0 0.00 M M 15.1 22 320 M M 4 31 310
6 64 41 53 0 12 0 0.00 M M 8.8 15 90 M M 0 22 90
7 66 37 52 -1 13 0 0.00 M M 8.5 16 140 M M 0 24 120
8 72 41 57 3 8 0 0.00 M M 10.1 16 150 M M 1 24 170
9 72 54 63 9 2 0 0.00 M M 15.1 21 170 M M 7 32 170
10 75 61 68 14 0 3 0.00 M M 18.0 23 160 M M 8 32 170
11 79 66 73 19 0 8 0.00 M M 15.1 23 170 M M 8 35 170
12 81 64 73 18 0 8 0.00 M M 13.8 22 170 M M 7 1 30 170
13 75 64 70 15 0 5 0.00 M M 16.8 25 150 M M 9 33 150
14 73 52 63 8 2 0 0.04 M M 9.2 16 250 M M 5 1 29 240
15 81 46 64 8 1 0 0.00 M M 9.9 20 230 M M 1 30 230
16 79 57 68 12 0 3 M M M 11.6 17 170 M M 4 1 28 160
17 70 46 58 2 7 0 1.24 M M 19.8 31 300 M M 4 13 48 280
18 61 43 52 -4 13 0 0.00 M M 16.3 24 320 M M 0 31 320
19 64 37 51 -6 14 0 0.00 M M 9.2 17 360 M M 0 22 20
20 70 41 56 -1 9 0 0.00 M M 6.1 13 120 M M 0 8 18 120
21 70 43 57 0 8 0 0.00 M M 13.2 20 130 M M 2 26 170
22 63 55 59 1 6 0 0.37 M M 14.5 29 140 M M 9 13 37 140
23 72 45 59 1 6 0 0.00 M M 7.3 15 250 M M 1 21 230
24 75 52 64 6 1 0 0.17 M M 12.0 21 70 M M 3 3 30 360
25 68 50 59 1 6 0 0.53 M M 9.5 21 10 M M 4 13 25 10
26 77 48 63 4 2 0 0.00 M M 10.0 20 160 M M 0 23 170
27 81 59 70 11 0 5 0.00 M M 8.9 17 340 M M 5 1 28 330
28 72 52 62 2 3 0 0.00 M M 12.3 22 360 M M 0 33 360
29 77 45 61 1 4 0 0.00 M M 11.3 20 170 M M 0 28 170
30 79 57 68 8 0 3 0.00 M M 11.9 21 180 M M 6 28 190
31 68 50 59 -1 6 0 0.00 M M 17.3 29 M M M 5 37 M
================================================================================
SM 2217 1519 175 35 2.48 M 367.4 M 102
================================================================================
AV 71.5 49.0 11.9 FASTST M M 3 MAX(MPH)
MISC ----> 31 300 48 280
================================================================================
NOTES:
# LAST OF SEVERAL OCCURRENCES
COLUMN 17 PEAK WIND IN M.P.H.
PRELIMINARY LOCAL CLIMATOLOGICAL DATA (WS FORM: F-6) , PAGE 2
STATION: CLEBURNE
MONTH: MARCH
YEAR: 2021
LATITUDE: 32 20 N
LONGITUDE: 97 24 W
[TEMPERATURE DATA] [PRECIPITATION DATA] SYMBOLS USED IN COLUMN 16
AVERAGE MONTHLY: 60.3 TOTAL FOR MONTH: 2.48 1 = FOG OR MIST
DPTR FM NORMAL: 4.4 DPTR FM NORMAL: -1.16 2 = FOG REDUCING VISIBILITY
HIGHEST: 81 ON 27,15 GRTST 24HR 1.24 ON 17-17 TO 1/4 MILE OR LESS
LOWEST: 36 ON 3 3 = THUNDER
SNOW, ICE PELLETS, HAIL 4 = ICE PELLETS
TOTAL MONTH: M 5 = HAIL
GRTST 24HR M ON M 6 = FREEZING RAIN OR DRIZZLE
GRTST DEPTH: M ON M 7 = DUSTSTORM OR SANDSTORM:
VSBY 1/2 MILE OR LESS
8 = SMOKE OR HAZE
[NO. OF DAYS WITH] [WEATHER - DAYS WITH] 9 = BLOWING SNOW
X = TORNADO
MAX 32 OR BELOW: 0 0.01 INCH OR MORE: 6
MAX 90 OR ABOVE: 0 0.10 INCH OR MORE: 5
MIN 32 OR BELOW: 0 0.50 INCH OR MORE: 2
MIN 0 OR BELOW: 0 1.00 INCH OR MORE: 1
[HDD (BASE 65) ]
TOTAL THIS MO. 175 CLEAR (SCALE 0-3) 16
DPTR FM NORMAL -127 PTCLDY (SCALE 4-7) 12
TOTAL FM JUL 1 2164 CLOUDY (SCALE 8-10) 3
DPTR FM NORMAL -179
[CDD (BASE 65) ]
TOTAL THIS MO. 35
DPTR FM NORMAL 16 [PRESSURE DATA]
TOTAL FM JAN 1 35 HIGHEST SLP M ON M
DPTR FM NORMAL 12 LOWEST SLP M ON M
[REMARKS]
#FINAL-03-21#