000
CXUS56 KLOX 011630
CLMCQT
CLIMATE REPORT
NATIONAL WEATHER SERVICE LOS ANGELES/OXNARD
930 AM PDT MON APR 01 2024
...................................
...THE DOWNTOWN LOS ANGELES (USC) CA CLIMATE SUMMARY FOR THE MONTH OF MARCH 2024...
CLIMATE NORMAL PERIOD: 1991 TO 2020
CLIMATE RECORD PERIOD: 1877 TO 2024
WEATHER OBSERVED NORMAL DEPART LAST YEAR`S
VALUE DATE(S) VALUE FROM VALUE
NORMAL
..............................................................
TEMPERATURE (F)
HIGHEST 75 03/18
LOWEST 48 03/07
AVG. MAXIMUM 67.9 69.9 -2.0
AVG. MINIMUM 52.7 52.4 0.3
MEAN 60.3 61.1 -0.8
DAYS MAX >= 90 0
DAYS MAX <= 32 0
DAYS MIN <= 32 0
DAYS MIN <= 0 0
PRECIPITATION (INCHES)
TOTALS 3.50 2.23 1.27
DAILY AVG. 0.11
DAYS >= .01 10
DAYS >= .10 6
DAYS >= .50 2
DAYS >= 1.00 1
GREATEST
24 HR. TOTAL 1.73 03/30 TO 03/30
DEGREE DAYS
HEATING TOTAL 138 141 -3 238
SINCE 7/1 664 877 -213 MM
COOLING TOTAL 0 22 -22 0
SINCE 1/1 8 42 -34 MM
..............................................................
WIND (MPH)
AVERAGE WIND SPEED 2.0
HIGHEST WIND SPEED/DIRECTION 16/010 DATE 03/14
HIGHEST GUST SPEED/DIRECTION 31/360 DATE 03/14
SKY COVER
POSSIBLE SUNSHINE (PERCENT) MM
AVERAGE SKY COVER 0.31
NUMBER OF DAYS FAIR 18
NUMBER OF DAYS PC 10
NUMBER OF DAYS CLOUDY 3
AVERAGE RH (PERCENT) 65
WEATHER CONDITIONS. NUMBER OF DAYS WITH
THUNDERSTORM 0 MIXED PRECIP 0
HEAVY RAIN 3 RAIN 5
LIGHT RAIN 10 FREEZING RAIN 0
LT FREEZING RAIN 0 HAIL 0
HEAVY SNOW 0 SNOW 0
LIGHT SNOW 0 SLEET 0
FOG 11 FOG W/VIS <= 1/4 MILE 0
HAZE 8
- INDICATES NEGATIVE NUMBERS.
R INDICATES RECORD WAS SET OR TIED.
MM INDICATES DATA IS MISSING.
T INDICATES TRACE AMOUNT.
$$