000
CXUS54 KCRP 011210
CF6CRP
PRELIMINARY LOCAL CLIMATOLOGICAL DATA (WS FORM: F-6)
STATION: CORPUS CHRISTI
MONTH: JULY
YEAR: 2021
LATITUDE: 27 46 N
LONGITUDE: 97 30 W
TEMPERATURE IN F: :PCPN: SNOW: WIND :SUNSHINE: SKY :PK WND
================================================================================
1 2 3 4 5 6A 6B 7 8 9 10 11 12 13 14 15 16 17 18
12Z AVG MX 2MIN
DY MAX MIN AVG DEP HDD CDD WTR SNW DPTH SPD SPD DIR MIN PSBL S-S WX SPD DR
================================================================================
1 91 74 83 -1 0 18 0.95 0.0 0 4.2 15 100 M M 6 13 18 110
2 94 74 84 0 0 19 0.00 0.0 0 5.0 13 150 M M 6 16 160
3 94 73 84 0 0 19 0.00 0.0 0 5.1 15 130 M M 7 22 150
4 93 74 84 0 0 19 T 0.0 0 5.3 15 100 M M 7 19 110
5 91 76 84 0 0 19 0.11 0.0 0 5.3 17 140 M M 9 13 27 110
6 82 74 78 -6 0 13 0.66 0.0 0 7.9 20 130 M M 10 13 26 130
7 83 74 79 -5 0 14 1.00 0.0 0 9.8 22 110 M M 10 1 30 70
8 87 74 81 -3 0 16 5.63 0.0 0 11.0 22 120 M M 10 13 27 120
9 90 75 83 -1 0 18 0.13 0.0 0 10.5 22 200 M M 9 13 32 200
10 91 78 85 1 0 20 T 0.0 0 9.2 23 150 M M 9 18 29 150
11 91 79 85 1 0 20 T 0.0 0 10.9 21 160 M M 7 28 150
12 93 78 86 2 0 21 0.00 0.0 0 9.1 17 160 M M 7 1 23 160
13 90 77 84 0 0 19 0.21 0.0 0 7.2 16 100 M M 6 13 22 100
14 91 75 83 -1 0 18 0.49 0.0 0 5.7 17 120 M M 8 13 28 140
15 92 76 84 0 0 19 0.00 0.0 0 9.2 18 150 M M 6 25 170
16 92 77 85 1 0 20 0.00 0.0 0 11.6 22 150 M M 5 30 160
17 92 75 84 -1 0 19 0.00 0.0 0 8.7 17 140 M M 3 24 140
18 93 77 85 0 0 20 0.00 0.0 0 7.2 18 140 M M 3 23 150
19 96 76 86 1 0 21 0.00 0.0 0 6.2 15 160 M M 5 1 20 160
20 93 76 85 0 0 20 0.00 0.0 0 4.5 24 40 M M 8 13 31 40
21 93 73 83 -2 0 18 0.00 0.0 0 5.8 20 220 M M 8 1 26 220
22 91 73 82 -3 0 17 0.10 0.0 0 8.0 21 170 M M 8 13 26 140
23 92 78 85 0 0 20 0.00 0.0 0 11.6 22 170 M M 4 1 30 160
24 94 78 86 1 0 21 0.00 0.0 0 10.4 17 150 M M 4 25 140
25 93 74 84 -1 0 19 0.00 0.0 0 7.8 17 160 M M 2 22 150
26 94 74 84 -1 0 19 0.00 0.0 0 6.1 15 100 M M 5 1 20 80
27 94 71 83 -2 0 18 0.00 0.0 0 5.1 15 90 M M 4 1 19 90
28 94 74 84 -1 0 19 0.00 0.0 0 6.0 16 100 M M 5 3 22 60
29 94 74 84 -1 0 19 0.00 0.0 0 6.3 18 110 M M 7 1 23 110
30 97 75 86 1 0 21 0.00 0.0 0 6.6 17 160 M M 5 22 150
31 96 75 86 0 0 21 0.00 0.0 0 8.6 20 150 M M 2 26 140
================================================================================
SM 2851 2331 0 584 9.28 0.0 235.9 M 195
================================================================================
AV 92.0 75.2 7.6 FASTST M M 6 MAX(MPH)
MISC ----> 24 40 32 200
================================================================================
NOTES:
# LAST OF SEVERAL OCCURRENCES
COLUMN 17 PEAK WIND IN M.P.H.
PRELIMINARY LOCAL CLIMATOLOGICAL DATA (WS FORM: F-6) , PAGE 2
STATION: CORPUS CHRISTI
MONTH: JULY
YEAR: 2021
LATITUDE: 27 46 N
LONGITUDE: 97 30 W
[TEMPERATURE DATA] [PRECIPITATION DATA] SYMBOLS USED IN COLUMN 16
AVERAGE MONTHLY: 83.6 TOTAL FOR MONTH: 9.28 1 = FOG OR MIST
DPTR FM NORMAL: -1.0 DPTR FM NORMAL: 6.74 2 = FOG REDUCING VISIBILITY
HIGHEST: 97 ON 30 GRTST 24HR 5.80 ON 7- 8 TO 1/4 MILE OR LESS
LOWEST: 71 ON 27 3 = THUNDER
SNOW, ICE PELLETS, HAIL 4 = ICE PELLETS
TOTAL MONTH: 0.0 INCH 5 = HAIL
GRTST 24HR 0.0 6 = FREEZING RAIN OR DRIZZLE
GRTST DEPTH: 0 7 = DUSTSTORM OR SANDSTORM:
VSBY 1/2 MILE OR LESS
8 = SMOKE OR HAZE
[NO. OF DAYS WITH] [WEATHER - DAYS WITH] 9 = BLOWING SNOW
X = TORNADO
MAX 32 OR BELOW: 0 0.01 INCH OR MORE: 9
MAX 90 OR ABOVE: 28 0.10 INCH OR MORE: 9
MIN 32 OR BELOW: 0 0.50 INCH OR MORE: 4
MIN 0 OR BELOW: 0 1.00 INCH OR MORE: 2
[HDD (BASE 65) ]
TOTAL THIS MO. 0 CLEAR (SCALE 0-3) 4
DPTR FM NORMAL 0 PTCLDY (SCALE 4-7) 20
TOTAL FM JUL 1 0 CLOUDY (SCALE 8-10) 7
DPTR FM NORMAL 0
[CDD (BASE 65) ]
TOTAL THIS MO. 584
DPTR FM NORMAL -24 [PRESSURE DATA]
TOTAL FM JAN 1 2020 HIGHEST SLP 30.14 ON 22
DPTR FM NORMAL -69 LOWEST SLP 29.75 ON 8
[REMARKS]
#FINAL-07-21#