000
CXUS56 KSGX 011045
CF6CRQ
PRELIMINARY LOCAL CLIMATOLOGICAL DATA (WS FORM: F-6)
STATION: CARLSBAD PALOMAR AIRPORT CA
MONTH: AUGUST
YEAR: 2021
LATITUDE: 33 7 N
LONGITUDE: 117 17 W
TEMPERATURE IN F: :PCPN: SNOW: WIND :SUNSHINE: SKY :PK WND
================================================================================
1 2 3 4 5 6A 6B 7 8 9 10 11 12 13 14 15 16 17 18
12Z AVG MX 2MIN
DY MAX MIN AVG DEP HDD CDD WTR SNW DPTH SPD SPD DIR MIN PSBL S-S WX SPD DR
================================================================================
1 76 60 68 -2 0 3 0.00 M M 4.0 12 260 M M 3 12 15 260
2 80 63 72 2 0 7 0.00 M M 3.5 10 260 M M 0 15 260
3 74 63 69 -1 0 4 0.00 M M 3.5 10 260 M M 0 14 270
4 73 62 68 -2 0 3 0.00 M M 4.3 10 250 M M 4 1 22 260
5 75 64 70 0 0 5 0.00 M M 4.3 12 230 M M 6 1 15 260
6 72 63 68 -2 0 3 0.00 M M 5.8 14 230 M M 6 18 19 230
7 71 62 67 -3 0 2 0.00 M M 4.4 13 240 M M 4 1 17 230
8 74 63 69 -1 0 4 0.00 M M 4.7 12 250 M M 4 16 280
9 75 64 70 0 0 5 0.00 M M 4.0 13 250 M M 2 18 260
10 76 65 71 1 0 6 0.00 M M 4.4 12 260 M M 4 15 250
11 82 68 75 5 0 10 0.00 M M 4.0 13 260 M M 0 16 260
12 80 69 75 5 0 10 0.00 M M 3.8 12 240 M M 0 14 240
13 82 67 75 5 0 10 0.00 M M 4.2 12 250 M M 1 1 17 260
14 78 67 73 3 0 8 0.00 M M 4.0 12 250 M M 1 18 260
15 75 66 71 0 0 6 0.00 M M 3.9 13 240 M M 0 1 18 250
16 76 67 72 1 0 7 0.00 M M 4.4 14 200 M M 0 16 200
17 75 69 72 1 0 7 0.00 M M 6.0 13 220 M M 8 18 260
18 76 68 72 1 0 7 0.01 M M 5.2 17 220 M M 10 18 21 230
19 75 68 72 1 0 7 0.00 M M 5.2 14 250 M M 7 19 250
20 72 67 70 -1 0 5 T M M 5.9 14 240 M M 10 18 240
21 74 63 69 -2 0 4 0.07 M M 4.2 12 260 M M 10 1 16 250
22 71 64 68 -3 0 3 0.03 M M 3.1 14 250 M M 8 1 18 240
23 75 62 69 -2 0 4 0.00 M M 3.4 13 250 M M 4 19 260
24 74 60 67 -4 0 2 0.00 M M 2.9 12 250 M M 0 1 15 250
25 75 63 69 -2 0 4 0.00 M M 3.5 12 260 M M 0 1 16 260
26 79 65 72 1 0 7 0.00 M M 2.7 10 260 M M 0 1 15 260
27 77 64 71 0 0 6 0.00 M M 3.9 10 250 M M 0 18 15 250
28 73 63 68 -3 0 3 0.00 M M 3.8 12 230 M M 3 12 16 220
29 73 62 68 -3 0 3 T M M 2.9 10 240 M M 3 138 15 230
30 74 67 71 0 0 6 0.00 M M 4.2 13 250 M M 9 18 16 250
31 70 66 68 -3 0 3 0.04 M M 4.8 12 240 M M 10 138 14 220
================================================================================
SM 2332 2004 0 164 0.15 M 128.9 M 117
================================================================================
AV 75.2 64.6 4.2 FASTST M M 4 MAX(MPH)
MISC ----> 17 220 22 260
================================================================================
NOTES:
# LAST OF SEVERAL OCCURRENCES
COLUMN 17 PEAK WIND IN M.P.H.
PRELIMINARY LOCAL CLIMATOLOGICAL DATA (WS FORM: F-6) , PAGE 2
STATION: CARLSBAD PALOMAR AIRPORT CA
MONTH: AUGUST
YEAR: 2021
LATITUDE: 33 7 N
LONGITUDE: 117 17 W
[TEMPERATURE DATA] [PRECIPITATION DATA] SYMBOLS USED IN COLUMN 16
AVERAGE MONTHLY: 69.9 TOTAL FOR MONTH: 0.15 1 = FOG OR MIST
DPTR FM NORMAL: -0.6 DPTR FM NORMAL: 0.12 2 = FOG REDUCING VISIBILITY
HIGHEST: 82 ON 13,11 GRTST 24HR 0.07 ON 20-21 TO 1/4 MILE OR LESS
LOWEST: 60 ON 24, 1 3 = THUNDER
SNOW, ICE PELLETS, HAIL 4 = ICE PELLETS
TOTAL MONTH: M 5 = HAIL
GRTST 24HR M ON M 6 = FREEZING RAIN OR DRIZZLE
GRTST DEPTH: M ON M 7 = DUSTSTORM OR SANDSTORM:
VSBY 1/2 MILE OR LESS
8 = SMOKE OR HAZE
[NO. OF DAYS WITH] [WEATHER - DAYS WITH] 9 = BLOWING SNOW
X = TORNADO
MAX 32 OR BELOW: 0 0.01 INCH OR MORE: 4
MAX 90 OR ABOVE: 0 0.10 INCH OR MORE: 0
MIN 32 OR BELOW: 0 0.50 INCH OR MORE: 0
MIN 0 OR BELOW: 0 1.00 INCH OR MORE: 0
[HDD (BASE 65) ]
TOTAL THIS MO. 0 CLEAR (SCALE 0-3) 14
DPTR FM NORMAL 0 PTCLDY (SCALE 4-7) 11
TOTAL FM JUL 1 0 CLOUDY (SCALE 8-10) 6
DPTR FM NORMAL -2
[CDD (BASE 65) ]
TOTAL THIS MO. 164
DPTR FM NORMAL -8 [PRESSURE DATA]
TOTAL FM JAN 1 348 HIGHEST SLP 30.08 ON 14
DPTR FM NORMAL -21 LOWEST SLP 29.67 ON 27
[REMARKS]
#FINAL-08-21#