000
CXUS54 KFWD 010730
CF6CRS
PRELIMINARY LOCAL CLIMATOLOGICAL DATA (WS FORM: F-6)
STATION: CORSICANA
MONTH: APRIL
YEAR: 2021
LATITUDE: 32 1 N
LONGITUDE: 96 24 W
TEMPERATURE IN F: :PCPN: SNOW: WIND :SUNSHINE: SKY :PK WND
================================================================================
1 2 3 4 5 6A 6B 7 8 9 10 11 12 13 14 15 16 17 18
12Z AVG MX 2MIN
DY MAX MIN AVG DEP HDD CDD WTR SNW DPTH SPD SPD DIR MIN PSBL S-S WX SPD DR
================================================================================
1 68 40 54 -8 11 0 0.00 M M 6.2 16 110 M M 0 23 100
2 69 43 56 -6 9 0 0.00 M M 9.3 21 140 M M 1 27 130
3 67 54 61 -1 4 0 0.00 M M 9.5 18 160 M M 10 25 160
4 75 50 63 0 2 0 0.00 M M 7.1 17 230 M M 4 25 190
5 78 53 66 3 0 1 0.00 M M 10.6 20 160 M M 4 12 26 190
6 82 64 73 10 0 8 0.00 M M 18.5 29 160 M M 6 40 190
7 80 55 68 5 0 3 0.03 M M 13.2 24 300 M M 5 1 33 300
8 83 46 65 1 0 0 T M M 6.1 17 150 M M 1 3 22 160
9 84 65 75 11 0 10 0.01 M M 13.4 26 180 M M 5 138 36 330
10 74 51 63 -1 2 0 0.00 M M 10.5 21 310 M M 0 32 360
11 85 47 66 2 0 1 0.00 M M 7.6 15 160 M M 0 20 160
12 85 55 70 5 0 5 0.00 0.0 M 7.2 16 150 M M 0 8 22 160
13 82 60 71 6 0 6 0.00 M M 7.8 18 340 M M 5 24 340
14 73 58 66 1 0 1 T M M 9.9 18 160 M M 10 13 25 150
15 67 57 62 -3 3 0 1.14 M M 9.1 20 120 M M 9 13 32 50
16 63 56 60 -6 5 0 0.31 M M 7.8 24 310 M M 9 13 33 300
17 59 50 55 -11 10 0 T M M 9.3 21 350 M M 6 29 350
18 68 43 56 -10 9 0 0.00 M M 7.0 18 340 M M 1 27 10
19 71 43 57 -9 8 0 0.00 M M 4.9 10 220 M M 0 8 16 230
20 71 42 57 -10 8 0 0.00 M M 12.9 22 360 M M 0 8 35 10
21 62 36 49 -18 16 0 0.00 M M 6.1 14 50 M M 5 22 60
22 67 47 57 -10 8 0 0.00 M M 6.8 16 110 M M 9 22 110
23 71 62 67 -1 0 2 0.23 M M 9.6 20 150 M M 10 138 24 150
24 76 56 66 -2 0 1 0.01 M M 8.1 20 360 M M 5 12 30 360
25 81 51 66 -2 0 1 0.00 M M 8.6 18 160 M M 0 1 23 170
26 82 62 72 4 0 7 0.00 M M 13.3 22 170 M M 2 28 170
27 77 68 73 4 0 8 T M M 13.9 24 150 M M 6 31 150
28 86 74 80 11 0 15 T M M 14.8 30 160 M M 8 1 40 170
29 83 68 76 7 0 11 0.10 M M 9.0 18 350 M M 9 138 27 30
30 72 67 70 0 0 5 0.24 M M 9.4 23 130 M M 10 13 31 130
================================================================================
SM 2241 1623 95 85 2.07 0.0 287.5 M 140
================================================================================
AV 74.7 54.1 9.6 FASTST M M 5 MAX(MPH)
MISC ----> 30 160 # 40 190
================================================================================
NOTES:
# LAST OF SEVERAL OCCURRENCES
COLUMN 17 PEAK WIND IN M.P.H.
PRELIMINARY LOCAL CLIMATOLOGICAL DATA (WS FORM: F-6) , PAGE 2
STATION: CORSICANA
MONTH: APRIL
YEAR: 2021
LATITUDE: 32 1 N
LONGITUDE: 96 24 W
[TEMPERATURE DATA] [PRECIPITATION DATA] SYMBOLS USED IN COLUMN 16
AVERAGE MONTHLY: 64.4 TOTAL FOR MONTH: 2.07 1 = FOG OR MIST
DPTR FM NORMAL: -1.3 DPTR FM NORMAL: -0.87 2 = FOG REDUCING VISIBILITY
HIGHEST: 86 ON 28 GRTST 24HR 1.45 ON 15-16 TO 1/4 MILE OR LESS
LOWEST: 36 ON 21 3 = THUNDER
SNOW, ICE PELLETS, HAIL 4 = ICE PELLETS
TOTAL MONTH: 0.0 INCH 5 = HAIL
GRTST 24HR 0.0 6 = FREEZING RAIN OR DRIZZLE
GRTST DEPTH: M ON M 7 = DUSTSTORM OR SANDSTORM:
VSBY 1/2 MILE OR LESS
8 = SMOKE OR HAZE
[NO. OF DAYS WITH] [WEATHER - DAYS WITH] 9 = BLOWING SNOW
X = TORNADO
MAX 32 OR BELOW: 0 0.01 INCH OR MORE: 8
MAX 90 OR ABOVE: 0 0.10 INCH OR MORE: 5
MIN 32 OR BELOW: 0 0.50 INCH OR MORE: 1
MIN 0 OR BELOW: 0 1.00 INCH OR MORE: 1
[HDD (BASE 65) ]
TOTAL THIS MO. 95 CLEAR (SCALE 0-3) 11
DPTR FM NORMAL 18 PTCLDY (SCALE 4-7) 10
TOTAL FM JUL 1 2021 CLOUDY (SCALE 8-10) 9
DPTR FM NORMAL -66
[CDD (BASE 65) ]
TOTAL THIS MO. 85
DPTR FM NORMAL -11 [PRESSURE DATA]
TOTAL FM JAN 1 129 HIGHEST SLP M ON M
DPTR FM NORMAL -11 LOWEST SLP 29.54 ON 9
[REMARKS]
#FINAL-04-21#