000
CXUS51 KRLX 011315
CF6CRW
PRELIMINARY LOCAL CLIMATOLOGICAL DATA (WS FORM: F-6)
STATION: CHARLESTON WV
MONTH: DECEMBER
YEAR: 2023
LATITUDE: 38 22 N
LONGITUDE: 81 36 W
TEMPERATURE IN F: :PCPN: SNOW: WIND :SUNSHINE: SKY :PK WND
================================================================================
1 2 3 4 5 6A 6B 7 8 9 10 11 12 13 14 15 16 17 18
12Z AVG MX 2MIN
DY MAX MIN AVG DEP HDD CDD WTR SNW DPTH SPD SPD DIR MIN PSBL S-S WX SPD DR
================================================================================
1 56 35 46 4 19 0 0.08 0.0 0 1.6 12 100 M M 9 1 17 110
2 63 49 56 14 9 0 0.09 0.0 0 1.4 7 130 M M 9 1 9 240
3 63 45 54 12 11 0 0.02 0.0 0 7.4 24 240 M M 7 1 33 240
4 52 34 43 2 22 0 0.00 0.0 0 2.8 10 340 M M 6 1 16 340
5 47 37 42 1 23 0 0.08 0.0 0 1.0 12 330 M M 10 1 16 330
6 41 32 37 -4 28 0 0.04 T 0 6.0 16 330 M M 9 1 21 310
7 54 27 41 1 24 0 0.00 0.0 0 5.2 16 230 M M 2 20 220
8 65 31 48 8 17 0 0.00 0.0 0 3.5 16 210 M M 1 20 220
9 68 43 56 16 9 0 0.23 0.0 0 5.9 18 190 M M 8 13 23 190
10 65 36 51 11 14 0 0.85 0.0 0 5.8 21 210 M M 10 1 29 210
11 37 29 33 -7 32 0 T T 0 5.5 15 320 M M 9 21 310
12 51 24 38 -1 27 0 0.00 0.0 0 4.1 15 220 M M 0 20 250
13 47 26 37 -2 28 0 0.00 0.0 0 1.0 8 260 M M 1 11 260
14 51 21 36 -3 29 0 0.00 0.0 0 0.1 6 200 M M 1 8 230
15 56 22 39 0 26 0 0.00 0.0 0 1.5 7 40 M M 0 9 60
16 63 25 44 5 21 0 T 0.0 0 4.7 15 150 M M 4 21 150
17 55 47 51 13 14 0 0.05 0.0 0 4.9 20 110 M M 10 1 26 110
18 47 30 39 1 26 0 0.15 0.5 0 10.1 16 240 M M 10 148 36 250
19 33 23 28 -10 37 0 T T T 5.4 17 280 M M 7 28 290
20 48 19 34 -4 31 0 0.00 0.0 0 0.4 3 130 M M 1 5 40
21 53 22 38 0 27 0 0.00 0.0 0 0.3 6 200 M M 3 6 230
22 55 27 41 4 24 0 0.00 0.0 0 0.5 6 80 M M 6 6 80
23 61 34 48 11 17 0 T 0.0 0 2.1 13 220 M M 8 17 210
24 67 44 56 19 9 0 T 0.0 0 1.0 8 150 M M 7 10 170
25 64 37 51 14 14 0 0.21 0.0 0 6.4 21 150 M M 6 27 160
26 62 52 57 20 8 0 0.06 0.0 0 7.0 16 140 M M 8 1 28 130
27 53 46 50 14 15 0 0.18 0.0 0 3.5 10 270 M M 10 1 16 260
28 48 38 43 7 22 0 0.00 0.0 0 3.0 12 230 M M 9 12 18 250
29 40 27 34 -2 31 0 0.02 T 0 4.3 12 240 M M 8 1 16 230
30 42 34 38 2 27 0 0.10 T 0 8.0 14 260 M M 10 1 20 250
31 50 37 44 8 21 0 T 0.0 0 7.9 16 210 M M 9 23 310
================================================================================
SM 1657 1033 662 0 2.16 0.5 122.3 M 198
================================================================================
AV 53.5 33.3 3.9 FASTST M M 6 MAX(MPH)
MISC ----> 24 240 36 250
================================================================================
NOTES:
# LAST OF SEVERAL OCCURRENCES
COLUMN 17 PEAK WIND IN M.P.H.
PRELIMINARY LOCAL CLIMATOLOGICAL DATA (WS FORM: F-6) , PAGE 2
STATION: CHARLESTON WV
MONTH: DECEMBER
YEAR: 2023
LATITUDE: 38 22 N
LONGITUDE: 81 36 W
[TEMPERATURE DATA] [PRECIPITATION DATA] SYMBOLS USED IN COLUMN 16
AVERAGE MONTHLY: 43.4 TOTAL FOR MONTH: 2.16 1 = FOG OR MIST
DPTR FM NORMAL: 4.7 DPTR FM NORMAL: -1.40 2 = FOG REDUCING VISIBILITY
HIGHEST: 68 ON 9 GRTST 24HR 0.97 ON 9-10 TO 1/4 MILE OR LESS
LOWEST: 19 ON 20 3 = THUNDER
SNOW, ICE PELLETS, HAIL 4 = ICE PELLETS
TOTAL MONTH: 0.5 INCH 5 = HAIL
GRTST 24HR 0.5 ON 18-18 6 = FREEZING RAIN OR DRIZZLE
GRTST DEPTH: T 7 = DUSTSTORM OR SANDSTORM:
VSBY 1/2 MILE OR LESS
8 = SMOKE OR HAZE
[NO. OF DAYS WITH] [WEATHER - DAYS WITH] 9 = BLOWING SNOW
X = TORNADO
MAX 32 OR BELOW: 0 0.01 INCH OR MORE: 14
MAX 90 OR ABOVE: 0 0.10 INCH OR MORE: 6
MIN 32 OR BELOW: 15 0.50 INCH OR MORE: 1
MIN 0 OR BELOW: 0 1.00 INCH OR MORE: 0
[HDD (BASE 65) ]
TOTAL THIS MO. 662 CLEAR (SCALE 0-3) 7
DPTR FM NORMAL -154 PTCLDY (SCALE 4-7) 12
TOTAL FM JUL 1 1465 CLOUDY (SCALE 8-10) 12
DPTR FM NORMAL -225
[CDD (BASE 65) ]
TOTAL THIS MO. 0
DPTR FM NORMAL 0 [PRESSURE DATA]
TOTAL FM JAN 1 968 HIGHEST SLP 30.79 ON 14
DPTR FM NORMAL -192 LOWEST SLP 29.63 ON 18
[REMARKS]
#FINAL-12-23#