000
CXUS52 KFFC 011010
CF6CSG
PRELIMINARY LOCAL CLIMATOLOGICAL DATA (WS FORM: F-6)
STATION: COLUMBUS
MONTH: JUNE
YEAR: 2020
LATITUDE: 32 31 N
LONGITUDE: 84 56 W
TEMPERATURE IN F: :PCPN: SNOW: WIND :SUNSHINE: SKY :PK WND
================================================================================
1 2 3 4 5 6A 6B 7 8 9 10 11 12 13 14 15 16 17 18
12Z AVG MX 2MIN
DY MAX MIN AVG DEP HDD CDD WTR SNW DPTH SPD SPD DIR MIN PSBL S-S WX SPD DR
================================================================================
1 88 70 79 2 0 14 0.00 0.0 M 9.2 20 90 M M 4 25 90
2 87 67 77 0 0 12 0.00 0.0 M 6.0 14 200 M M 2 18 210
3 89 67 78 0 0 13 0.00 0.0 M 3.9 15 240 M M 5 3 21 240
4 90 72 81 3 0 16 T M M 4.0 14 140 M M 3 3 16 150
5 90 70 80 2 0 15 1.98 M M 4.5 30 10 M M 4 138 41 10
6 86 70 78 0 0 13 T M M 3.3 16 220 M M 4 123 21 210
7 86 71 79 1 0 14 0.00 M M 8.3 18 130 M M 6 28 120
8 92 75 84 5 0 19 0.04 M M 8.8 22 200 M M 5 1 29 200
9 89 73 81 2 0 16 0.03 M M 6.2 30 210 M M 5 3 39 200
10 89 74 82 3 0 17 1.12 M M 6.0 30 290 M M 7 123 39 300
11 89 71 80 1 0 15 0.00 0.0 M 6.1 13 320 M M 1 19 10
12 93 67 80 1 0 15 0.00 0.0 M 5.7 13 40 M M 1 18 40
13 90 69 80 0 0 15 0.00 M M 7.1 17 90 M M 1 23 80
14 88 67 78 -2 0 13 0.02 M M 5.8 25 20 M M 1 3 40 350
15 87 65 76 -4 0 11 0.00 0.0 M 5.6 17 80 M M 2 22 80
16 78 63 71 -9 0 6 0.00 0.0 M 8.6 16 90 M M 3 20 90
17 82 59 71 -9 0 6 0.00 0.0 M 3.6 13 320 M M 4 17 50
18 87 67 77 -3 0 12 0.00 M M 2.5 10 350 M M 7 17 280
19 91 71 81 0 0 16 T M M 3.9 13 320 M M 4 15 290
20 94 70 82 1 0 17 0.00 0.0 M 3.1 13 330 M M 0 8 16 30
21 93 71 82 1 0 17 0.11 0.0 M 3.9 22 260 M M 3 3 32 250
22 91 70 81 0 0 16 0.11 0.0 M 4.2 28 280 M M 2 13 38 270
23 89 71 80 -1 0 15 0.37 0.0 M 8.5 29 290 M M 6 13 35 300
24 89 70 80 -1 0 15 0.52 0.0 M 5.6 15 330 M M 5 13 19 320
25 84 71 78 -3 0 13 0.11 0.0 M 4.8 10 240 M M 6 13 14 270
26 89 69 79 -3 0 14 0.07 0.0 M 4.2 17 340 M M 1 1 23 330
27 89 73 81 -1 0 16 0.00 0.0 M 4.3 15 250 M M 0 8 20 230
28 93 73 83 1 0 18 T 0.0 M 7.2 31 280 M M 2 3 36 270
29 94 71 83 1 0 18 0.00 M M 4.7 13 310 M M 3 3 16 290
30 92 74 83 1 0 18 0.35 0.0 M 4.8 22 360 M M 1 13 30 350
================================================================================
SM 2668 2091 0 435 4.83 0.0 164.4 M 98
================================================================================
AV 88.9 69.7 5.5 FASTST M M 3 MAX(MPH)
MISC ----> 31 280 41 10
================================================================================
NOTES:
# LAST OF SEVERAL OCCURRENCES
COLUMN 17 PEAK WIND IN M.P.H.
PRELIMINARY LOCAL CLIMATOLOGICAL DATA (WS FORM: F-6) , PAGE 2
STATION: COLUMBUS
MONTH: JUNE
YEAR: 2020
LATITUDE: 32 31 N
LONGITUDE: 84 56 W
[TEMPERATURE DATA] [PRECIPITATION DATA] SYMBOLS USED IN COLUMN 16
AVERAGE MONTHLY: 79.3 TOTAL FOR MONTH: 4.83 1 = FOG OR MIST
DPTR FM NORMAL: -0.5 DPTR FM NORMAL: 1.11 2 = FOG REDUCING VISIBILITY
HIGHEST: 94 ON 29,20 GRTST 24HR 1.98 ON 5- 5 TO 1/4 MILE OR LESS
LOWEST: 59 ON 17 3 = THUNDER
SNOW, ICE PELLETS, HAIL 4 = ICE PELLETS
TOTAL MONTH: 0.0 INCH 5 = HAIL
GRTST 24HR 0.0 6 = FREEZING RAIN OR DRIZZLE
GRTST DEPTH: M ON M 7 = DUSTSTORM OR SANDSTORM:
VSBY 1/2 MILE OR LESS
8 = SMOKE OR HAZE
[NO. OF DAYS WITH] [WEATHER - DAYS WITH] 9 = BLOWING SNOW
X = TORNADO
MAX 32 OR BELOW: 0 0.01 INCH OR MORE: 12
MAX 90 OR ABOVE: 12 0.10 INCH OR MORE: 8
MIN 32 OR BELOW: 0 0.50 INCH OR MORE: 3
MIN 0 OR BELOW: 0 1.00 INCH OR MORE: 2
[HDD (BASE 65) ]
TOTAL THIS MO. 0 CLEAR (SCALE 0-3) 16
DPTR FM NORMAL 0 PTCLDY (SCALE 4-7) 14
TOTAL FM JUL 1 1590 CLOUDY (SCALE 8-10) 0
DPTR FM NORMAL -530
[CDD (BASE 65) ]
TOTAL THIS MO. 435
DPTR FM NORMAL -11 [PRESSURE DATA]
TOTAL FM JAN 1 875 HIGHEST SLP 30.22 ON 26
DPTR FM NORMAL 71 LOWEST SLP 29.83 ON 8
[REMARKS]
#FINAL-06-20#