000
CXUS56 KTFX 041700
CF6CTB
PRELIMINARY LOCAL CLIMATOLOGICAL DATA (WS FORM: F-6)
STATION: CUT BANK MT
MONTH: APRIL
YEAR: 2022
LATITUDE: 48 37 N
LONGITUDE: 112 23 W
TEMPERATURE IN F: :PCPN: SNOW: WIND :SUNSHINE: SKY :PK WND
================================================================================
1 2 3 4 5 6A 6B 7 8 9 10 11 12 13 14 15 16 17 18
12Z AVG MX 2MIN
DY MAX MIN AVG DEP HDD CDD WTR SNW DPTH SPD SPD DIR MIN PSBL S-S WX SPD DR
================================================================================
1 50 26 38 1 27 0 0.00 M 0 15.4 26 290 M M 3 34 280
2 50 28 39 2 26 0 0.00 M 0 18.6 39 260 M M 3 51 250
3 53 23 38 1 27 0 0.00 M 0 13.9 32 250 M M 1 42 320
4 54 30 42 5 23 0 0.01 M 0 22.6 52 250 M M 2 18 69 260
5 45 30 38 0 27 0 0.00 M 0 30.9 48 260 M M 2 60 260
6 51 26 39 1 26 0 0.00 M 0 17.6 28 270 M M 4 38 330
7 63 19 41 3 24 0 0.00 M 0 8.4 22 250 M M 0 8 28 260
8 72 35 54 16 11 0 0.00 M 0 18.9 44 250 M M 0 52 250
9 46 29 38 -1 27 0 T M 0 22.4 45 250 M M 4 54 250
10 35 18 27 -12 38 0 0.12 M 0 9.3 21 350 M M 7 12 28 340
11 30 9 20 -19 45 0 0.00 M 1 14.3 25 20 M M 7 32 20
12 20 13 17 -22 48 0 0.04 M M 18.1 28 20 M M 10 18 33 20
13 21 8 15 -25 50 0 0.03 M M 13.9 22 340 M M 10 18 28 350
14 21 8 15 -25 50 0 T M T 10.0 18 350 M M 9 18 22 350
15 28 15 22 -18 43 0 T M T 6.1 13 310 M M 7 8 18 320
16 31 9 20 -20 45 0 0.16 M 0 8.9 20 110 M M 5 128 27 110
17 41 14 28 -12 37 0 0.02 M 4 9.9 24 260 M M 5 12 30 250
18 51 17 34 -7 31 0 0.00 M 0 8.4 23 160 M M 1 29 150
19 48 25 37 -4 28 0 0.00 M 0 23.3 48 240 M M 2 59 230
20 43 24 34 -7 31 0 T M 0 15.9 36 330 M M 6 45 320
21 50 25 38 -3 27 0 T M 0 9.6 18 120 M M 8 23 120
22 51 34 43 1 22 0 T M 0 7.5 24 320 M M 8 31 330
23 49 27 38 -4 27 0 0.00 M 0 14.8 28 330 M M 8 36 340
24 59 21 40 -2 25 0 0.00 M 0 6.7 23 210 M M 3 32 220
25 66 25 46 4 19 0 0.00 M 0 6.8 26 260 M M 0 36 250
26 63 35 49 6 16 0 T M 0 14.9 39 240 M M 3 51 240
27 54 31 43 0 22 0 0.00 M 0 18.9 33 240 M M 0 45 230
28 55 27 41 -2 24 0 0.00 M 0 8.7 18 260 M M 2 24 250
29 53 35 44 0 21 0 0.00 M 0 6.2 16 330 M M 8 23 320
30 58 23 41 -3 24 0 0.00 M 0 10.5 25 130 M M 4 35 150
================================================================================
SM 1411 689 891 0 0.38 M 411.4 M 132
================================================================================
AV 47.0 23.0 13.7 FASTST M M 4 MAX(MPH)
MISC ----> 52 250 69 260
================================================================================
NOTES:
# LAST OF SEVERAL OCCURRENCES
COLUMN 17 PEAK WIND IN M.P.H.
PRELIMINARY LOCAL CLIMATOLOGICAL DATA (WS FORM: F-6) , PAGE 2
STATION: CUT BANK MT
MONTH: APRIL
YEAR: 2022
LATITUDE: 48 37 N
LONGITUDE: 112 23 W
[TEMPERATURE DATA] [PRECIPITATION DATA] SYMBOLS USED IN COLUMN 16
AVERAGE MONTHLY: 35.0 TOTAL FOR MONTH: 0.38 1 = FOG OR MIST
DPTR FM NORMAL: -5.2 DPTR FM NORMAL: -0.57 2 = FOG REDUCING VISIBILITY
HIGHEST: 72 ON 8 GRTST 24HR 0.16 ON 16-16 TO 1/4 MILE OR LESS
LOWEST: 8 ON 14,13 3 = THUNDER
SNOW, ICE PELLETS, HAIL 4 = ICE PELLETS
TOTAL MONTH: M 5 = HAIL
GRTST 24HR M ON M 6 = FREEZING RAIN OR DRIZZLE
GRTST DEPTH: 4 ON 17 7 = DUSTSTORM OR SANDSTORM:
VSBY 1/2 MILE OR LESS
8 = SMOKE OR HAZE
[NO. OF DAYS WITH] [WEATHER - DAYS WITH] 9 = BLOWING SNOW
X = TORNADO
MAX 32 OR BELOW: 6 0.01 INCH OR MORE: 6
MAX 90 OR ABOVE: 0 0.10 INCH OR MORE: 2
MIN 32 OR BELOW: 26 0.50 INCH OR MORE: 0
MIN 0 OR BELOW: 0 1.00 INCH OR MORE: 0
[HDD (BASE 65) ]
TOTAL THIS MO. 891 CLEAR (SCALE 0-3) 13
DPTR FM NORMAL 147 PTCLDY (SCALE 4-7) 14
TOTAL FM JUL 1 7694 CLOUDY (SCALE 8-10) 3
DPTR FM NORMAL -173
[CDD (BASE 65) ]
TOTAL THIS MO. 0
DPTR FM NORMAL 0 [PRESSURE DATA]
TOTAL FM JAN 1 0 HIGHEST SLP 30.53 ON 7
DPTR FM NORMAL 0 LOWEST SLP 29.16 ON 4
[REMARKS]
#FINAL-04-22#