000
CXUS56 KTFX 021808
CF6CTB
PRELIMINARY LOCAL CLIMATOLOGICAL DATA (WS FORM: F-6)
STATION: CUT BANK MT
MONTH: OCTOBER
YEAR: 2021
LATITUDE: 48 37 N
LONGITUDE: 112 23 W
TEMPERATURE IN F: :PCPN: SNOW: WIND :SUNSHINE: SKY :PK WND
================================================================================
1 2 3 4 5 6A 6B 7 8 9 10 11 12 13 14 15 16 17 18
12Z AVG MX 2MIN
DY MAX MIN AVG DEP HDD CDD WTR SNW DPTH SPD SPD DIR MIN PSBL S-S WX SPD DR
================================================================================
1 65 33 49 0 16 0 0.00 M 0 9.7 23 320 M M 0 32 250
2 71 28 50 2 15 0 0.00 M 0 16.0 35 250 M M 1 43 250
3 75 51 63 15 2 0 0.00 M 0 18.4 35 260 M M 0 43 280
4 82 42 62 15 3 0 0.00 M 0 6.9 20 250 M M 0 29 170
5 82 42 62 15 3 0 0.00 M 0 7.2 23 210 M M 0 31 240
6 73 43 58 12 7 0 0.00 M 0 16.1 35 250 M M 0 44 250
7 58 29 44 -2 21 0 0.00 M 0 10.6 21 260 M M 4 27 260
8 59 20 40 -6 25 0 0.00 M 0 7.0 17 140 M M 1 24 140
9 61 34 48 3 17 0 0.00 M 0 21.5 37 260 M M 0 50 260
10 59 28 44 -1 21 0 0.00 M 0 26.9 43 250 M M 2 56 260
11 45 18 32 -12 33 0 0.00 M 0 6.9 15 360 M M 2 20 350
12 44 14 29 -15 36 0 0.00 M 0 7.3 17 170 M M 0 23 180
13 47 9 28 -15 37 0 0.00 M 0 9.9 28 260 M M 4 36 260
14 49 30 40 -3 25 0 0.00 M 0 17.4 26 270 M M 5 35 270
15 55 29 42 0 23 0 0.00 M 0 21.3 43 250 M M 0 55 250
16 66 46 56 14 9 0 0.00 M 0 20.8 39 240 M M 0 52 250
17 77 39 58 16 7 0 0.00 M 0 9.8 24 250 M M 0 31 250
18 52 30 41 0 24 0 0.00 M 0 12.8 24 340 M M 2 30 340
19 44 30 37 -4 28 0 0.00 M 0 8.1 17 130 M M 5 22 140
20 54 23 39 -1 26 0 0.00 M 0 10.9 23 190 M M 1 30 220
21 62 35 49 9 16 0 0.00 M 0 11.2 23 260 M M 0 31 230
22 59 30 45 6 20 0 0.00 M 0 8.2 20 110 M M M 27 90
23 52 34 43 4 22 0 0.27 M 0 18.2 36 240 M M 0 1 44 240
24 54 27 41 3 24 0 0.00 M 0 9.2 20 150 M M 3 27 160
25 50 39 45 7 20 0 0.00 M 0 11.5 26 240 M M 4 33 240
26 53 33 43 5 22 0 0.00 M 0 19.8 37 250 M M 0 47 260
27 50 34 42 5 23 0 0.00 M 0 24.2 47 240 M M 0 58 250
28 57 30 44 7 21 0 T M 0 11.0 33 240 M M 4 43 240
29 56 31 44 8 21 0 0.27 M 0 15.5 29 260 M M 7 1 39 250
30 31 9 20 -16 45 0 0.03 M 3 9.5 25 20 M M 6 1 31 20
31 29 2 16 -20 49 0 0.00 M 1 5.2 10 280 M M 0 12 280
================================================================================
SM 1771 922 661 0 0.57 M 409.0 M 51
================================================================================
AV 57.1 29.7 13.2 FASTST M M 2 MAX(MPH)
MISC ----> 47 240 58 250
================================================================================
NOTES:
# LAST OF SEVERAL OCCURRENCES
COLUMN 17 PEAK WIND IN M.P.H.
PRELIMINARY LOCAL CLIMATOLOGICAL DATA (WS FORM: F-6) , PAGE 2
STATION: CUT BANK MT
MONTH: OCTOBER
YEAR: 2021
LATITUDE: 48 37 N
LONGITUDE: 112 23 W
[TEMPERATURE DATA] [PRECIPITATION DATA] SYMBOLS USED IN COLUMN 16
AVERAGE MONTHLY: 43.4 TOTAL FOR MONTH: 0.57 1 = FOG OR MIST
DPTR FM NORMAL: 1.4 DPTR FM NORMAL: 0.00 2 = FOG REDUCING VISIBILITY
HIGHEST: 82 ON 5, 4 GRTST 24HR 0.30 ON 29-30 TO 1/4 MILE OR LESS
LOWEST: 2 ON 31 3 = THUNDER
SNOW, ICE PELLETS, HAIL 4 = ICE PELLETS
TOTAL MONTH: M 5 = HAIL
GRTST 24HR M ON M 6 = FREEZING RAIN OR DRIZZLE
GRTST DEPTH: 3 ON 30 7 = DUSTSTORM OR SANDSTORM:
VSBY 1/2 MILE OR LESS
8 = SMOKE OR HAZE
[NO. OF DAYS WITH] [WEATHER - DAYS WITH] 9 = BLOWING SNOW
X = TORNADO
MAX 32 OR BELOW: 2 0.01 INCH OR MORE: 3
MAX 90 OR ABOVE: 0 0.10 INCH OR MORE: 2
MIN 32 OR BELOW: 18 0.50 INCH OR MORE: 0
MIN 0 OR BELOW: 0 1.00 INCH OR MORE: 0
[HDD (BASE 65) ]
TOTAL THIS MO. 661 CLEAR (SCALE 0-3) 22
DPTR FM NORMAL -51 PTCLDY (SCALE 4-7) 8
TOTAL FM JUL 1 1030 CLOUDY (SCALE 8-10) 1
DPTR FM NORMAL -189
[CDD (BASE 65) ]
TOTAL THIS MO. 0
DPTR FM NORMAL -1 [PRESSURE DATA]
TOTAL FM JAN 1 365 HIGHEST SLP 30.56 ON 31
DPTR FM NORMAL 202 LOWEST SLP 29.38 ON 25
[REMARKS]
#FINAL-10-21#
UPDATE PCPN VALUE FOR THE 23RD.