000
CXUS56 KTFX 171830
CF6CTB
PRELIMINARY LOCAL CLIMATOLOGICAL DATA (WS FORM: F-6)
STATION: CUT BANK MT
MONTH: MARCH
YEAR: 2020
LATITUDE: 48 37 N
LONGITUDE: 112 23 W
TEMPERATURE IN F: :PCPN: SNOW: WIND :SUNSHINE: SKY :PK WND
================================================================================
1 2 3 4 5 6A 6B 7 8 9 10 11 12 13 14 15 16 17 18
12Z AVG MX 2MIN
DY MAX MIN AVG DEP HDD CDD WTR SNW DPTH SPD SPD DIR MIN PSBL S-S WX SPD DR
================================================================================
1 40 21 31 4 34 0 T M T 20.7 53 260 M M 5 1 60 260
2 43 31 37 10 28 0 0.00 M 0 35.9 54 260 M M 0 8 65 260
3 52 32 42 15 23 0 T M 0 27.5 45 250 M M 1 56 250
4 41 19 30 2 35 0 0.04 M 0 19.0 45 270 M M 3 12 53 270
5 54 15 35 7 30 0 0.00 M 0 10.1 23 240 M M 0 30 240
6 62 25 44 16 21 0 0.00 M 0 10.0 28 260 M M 0 38 250
7 32 14 23 -5 42 0 0.08 M 0 15.6 26 360 M M 9 18 29 360
8 43 5 24 -5 41 0 T M 0 9.9 28 240 M M 3 32 240
9 40 17 29 0 36 0 0.00 M 0 9.8 22 280 M M 0 29 270
10 41 19 30 0 35 0 0.00 M 0 31.6 59 250 M M 0 8 71 250
11 48 20 34 4 31 0 0.14 M 0 18.3 39 260 M M 6 128 48 260
12 33 19 26 -4 39 0 0.02 M 1 7.1 29 310 M M 7 18 35 300
13 21 4 13 -17 52 0 0.18 M T 20.9 33 10 M M 9 12 38 10
14 4 -4 0 -31 65 0 0.04 M 4 28.3 38 350 M M 10 189 42 350
15 7 -3 2 -29 63 0 0.00 M 3 7.0 22 330 M M 5 24 330
16 28 -4 12 -20 53 0 0.00 M 2 5.6 12 310 M M 1 13 350
17 33 2 18 -14 47 0 0.00 M 2 15.1 36 330 M M 2 18 40 330
18 22 13 18 -14 47 0 0.00 M 2 6.9 18 160 M M 10 18 22 160
19 21 12 17 -15 48 0 0.03 M 2 10.0 18 330 M M 10 18 22 120
20 28 11 20 -13 45 0 0.00 M 2 6.8 15 150 M M 6 12 17 150
21 44 13 29 -4 36 0 0.08 M 1 9.8 20 10 M M 3 8 23 10
22 43 15 29 -5 36 0 0.08 M T 11.0 25 260 M M 3 18 29 250
23 50 32 41 7 24 0 0.00 M T 13.2 32 230 M M 0 37 240
24 36 22 29 -5 36 0 T M 0 8.5 20 290 M M 4 18 23 290
25 38 23 31 -3 34 0 0.00 M T 8.4 20 360 M M 7 12 23 350
26 42 22 32 -3 33 0 0.00 M 0 27.7 44 250 M M 0 53 240
27 47 28 38 3 27 0 0.00 M 0 19.6 30 250 M M 0 36 260
28 51 30 41 5 24 0 0.00 M 0 21.1 33 250 M M 0 39 250
29 53 31 42 6 23 0 0.00 M 0 15.0 30 240 M M 0 35 240
30 54 31 43 7 22 0 T M 0 15.3 33 230 M M 2 42 230
31 34 12 23 -13 42 0 0.04 M 0 16.1 24 10 M M 7 128 28 10
================================================================================
SM 1185 527 1152 0 0.73 M 481.8 M 113
================================================================================
AV 38.2 17.0 15.5 FASTST M M 4 MAX(MPH)
MISC ----> 59 250 71 250
================================================================================
NOTES:
# LAST OF SEVERAL OCCURRENCES
COLUMN 17 PEAK WIND IN M.P.H.
PRELIMINARY LOCAL CLIMATOLOGICAL DATA (WS FORM: F-6) , PAGE 2
STATION: CUT BANK MT
MONTH: MARCH
YEAR: 2020
LATITUDE: 48 37 N
LONGITUDE: 112 23 W
[TEMPERATURE DATA] [PRECIPITATION DATA] SYMBOLS USED IN COLUMN 16
AVERAGE MONTHLY: 27.6 TOTAL FOR MONTH: 0.73 1 = FOG OR MIST
DPTR FM NORMAL: -3.9 DPTR FM NORMAL: 0.23 2 = FOG REDUCING VISIBILITY
HIGHEST: 62 ON 6 GRTST 24HR 0.18 ON 13-13 TO 1/4 MILE OR LESS
LOWEST: -4 ON 16,14 3 = THUNDER
SNOW, ICE PELLETS, HAIL 4 = ICE PELLETS
TOTAL MONTH: M 5 = HAIL
GRTST 24HR M ON M 6 = FREEZING RAIN OR DRIZZLE
GRTST DEPTH: 4 ON 14 7 = DUSTSTORM OR SANDSTORM:
VSBY 1/2 MILE OR LESS
8 = SMOKE OR HAZE
[NO. OF DAYS WITH] [WEATHER - DAYS WITH] 9 = BLOWING SNOW
X = TORNADO
MAX 32 OR BELOW: 8 0.01 INCH OR MORE: 10
MAX 90 OR ABOVE: 0 0.10 INCH OR MORE: 2
MIN 32 OR BELOW: 31 0.50 INCH OR MORE: 0
MIN 0 OR BELOW: 3 1.00 INCH OR MORE: 0
[HDD (BASE 65) ]
TOTAL THIS MO. 1152 CLEAR (SCALE 0-3) 18
DPTR FM NORMAL 114 PTCLDY (SCALE 4-7) 8
TOTAL FM JUL 1 7392 CLOUDY (SCALE 8-10) 5
DPTR FM NORMAL 290
[CDD (BASE 65) ]
TOTAL THIS MO. 0
DPTR FM NORMAL 0 [PRESSURE DATA]
TOTAL FM JAN 1 0 HIGHEST SLP 30.69 ON 14
DPTR FM NORMAL 0 LOWEST SLP 29.54 ON 3
[REMARKS]
#FINAL-03-20#