000
CXUS52 KCAE 011400
CF6CUB
PRELIMINARY LOCAL CLIMATOLOGICAL DATA (WS FORM: F-6)
STATION: HAMILTON - OWENS AIRPORT SC
MONTH: AUGUST
YEAR: 2022
LATITUDE: 33 58 N
LONGITUDE: 80 59 W
TEMPERATURE IN F: :PCPN: SNOW: WIND :SUNSHINE: SKY :PK WND
================================================================================
1 2 3 4 5 6A 6B 7 8 9 10 11 12 13 14 15 16 17 18
12Z AVG MX 2MIN
DY MAX MIN AVG DEP HDD CDD WTR SNW DPTH SPD SPD DIR MIN PSBL S-S WX SPD DR
================================================================================
1 97 73 85 2 0 20 0.01 M M 6.5 21 270 M M 2 3 29 300
2 97 76 87 4 0 22 0.00 M M 4.9 13 310 M M 0 18 280
3 95 74 85 2 0 20 0.02 M M 3.0 15 160 M M 1 3 21 170
4 95 72 84 1 0 19 0.00 M M 3.6 15 150 M M 0 23 160
5 95 74 85 2 0 20 0.00 M M 3.9 20 180 M M 0 1 25 180
6 96 76 86 3 0 21 0.00 M M 2.2 14 120 M M 2 3 23 130
7 88 74 81 -2 0 16 0.00 M M 2.3 13 190 M M 1 3 15 190
8 95 72 84 1 0 19 T M M 2.7 21 190 M M 2 3 27 190
9 94 74 84 1 0 19 0.54 M M 3.4 30 170 M M 2 18 38 170
10 94 73 84 2 0 19 0.06 M M 5.6 24 180 M M 2 13 35 230
11 90 72 81 -1 0 16 0.06 M M 5.4 22 220 M M 3 1 30 210
12 85 71 78 -4 0 13 0.33 M M 3.2 12 160 M M 5 13 15 160
13 89 67 78 -4 0 13 0.00 M M 2.6 10 70 M M 0 1 17 50
14 91 64 78 -4 0 13 0.00 M M 1.7 10 270 M M 0 13 270
15 92 71 82 0 0 17 0.71 M M 5.8 17 290 M M 4 13 27 300
16 81 72 77 -5 0 12 T M M 2.6 9 60 M M 9 1 14 20
17 77 69 73 -9 0 8 0.28 M M 1.5 7 20 M M 8 18 13 10
18 87 69 78 -4 0 13 T M M 1.5 13 140 M M 5 1 20 120
19 79 71 75 -7 0 10 0.12 M M 1.4 8 80 M M 7 18 13 70
20 90 72 81 -1 0 16 0.00 M M 1.0 8 180 M M 5 1 11 160
21 88 73 81 0 0 16 0.54 M M 3.1 20 150 M M 4 18 27 160
22 87 74 81 0 0 16 0.00 M M 4.5 13 220 M M 4 16 230
23 85 74 80 -1 0 15 0.00 M M 1.7 8 180 M M 4 18 10 200
24 86 74 80 -1 0 15 0.01 M M 0.8 7 220 M M 4 138 10 220
25 82 73 78 -3 0 13 0.62 M M 1.2 9 180 M M 9 18 13 190
26 90 74 82 1 0 17 0.00 M M 2.0 9 170 M M 4 1 11 180
27 92 73 83 2 0 18 0.00 M M 1.2 10 160 M M 2 12 14 160
28 92 75 84 4 0 19 0.00 M M 2.1 9 140 M M 2 1 15 160
29 85 72 79 -1 0 14 0.16 M M 2.4 12 180 M M 4 18 16 150
30 89 71 80 0 0 15 0.00 M M 2.4 10 250 M M 7 12 14 170
31 92 75 84 4 0 19 0.00 M M 2.5 9 170 M M 1 14 200
================================================================================
SM 2775 2244 0 503 3.46 M 88.7 M 103
================================================================================
AV 89.5 72.4 2.9 FASTST M M 3 MAX(MPH)
MISC ----> 30 170 38 170
================================================================================
NOTES:
# LAST OF SEVERAL OCCURRENCES
COLUMN 17 PEAK WIND IN M.P.H.
PRELIMINARY LOCAL CLIMATOLOGICAL DATA (WS FORM: F-6) , PAGE 2
STATION: HAMILTON - OWENS AIRPORT SC
MONTH: AUGUST
YEAR: 2022
LATITUDE: 33 58 N
LONGITUDE: 80 59 W
[TEMPERATURE DATA] [PRECIPITATION DATA] SYMBOLS USED IN COLUMN 16
AVERAGE MONTHLY: 81.0 TOTAL FOR MONTH: 3.46 1 = FOG OR MIST
DPTR FM NORMAL: -0.8 DPTR FM NORMAL: -1.19 2 = FOG REDUCING VISIBILITY
HIGHEST: 97 ON 2, 1 GRTST 24HR 0.71 ON 15-15 TO 1/4 MILE OR LESS
LOWEST: 64 ON 14 3 = THUNDER
SNOW, ICE PELLETS, HAIL 4 = ICE PELLETS
TOTAL MONTH: M 5 = HAIL
GRTST 24HR M ON M 6 = FREEZING RAIN OR DRIZZLE
GRTST DEPTH: M ON M 7 = DUSTSTORM OR SANDSTORM:
VSBY 1/2 MILE OR LESS
8 = SMOKE OR HAZE
[NO. OF DAYS WITH] [WEATHER - DAYS WITH] 9 = BLOWING SNOW
X = TORNADO
MAX 32 OR BELOW: 0 0.01 INCH OR MORE: 13
MAX 90 OR ABOVE: 17 0.10 INCH OR MORE: 8
MIN 32 OR BELOW: 0 0.50 INCH OR MORE: 4
MIN 0 OR BELOW: 0 1.00 INCH OR MORE: 0
[HDD (BASE 65) ]
TOTAL THIS MO. 0 CLEAR (SCALE 0-3) 16
DPTR FM NORMAL 0 PTCLDY (SCALE 4-7) 13
TOTAL FM JUL 1 0 CLOUDY (SCALE 8-10) 2
DPTR FM NORMAL 0
[CDD (BASE 65) ]
TOTAL THIS MO. 503
DPTR FM NORMAL -18 [PRESSURE DATA]
TOTAL FM JAN 1 2071 HIGHEST SLP 30.26 ON 6
DPTR FM NORMAL 143 LOWEST SLP 29.79 ON 15
[REMARKS]
#FINAL-08-22#