000
CXUS52 KCHS 010815
CF6CXM
PRELIMINARY LOCAL CLIMATOLOGICAL DATA (WS FORM: F-6)
STATION: DOWNTOWN CHARLESTON SC
MONTH: JUNE
YEAR: 2023
LATITUDE: 32 46 N
LONGITUDE: 79 56 W
TEMPERATURE IN F: :PCPN: SNOW: WIND :SUNSHINE: SKY :PK WND
================================================================================
1 2 3 4 5 6A 6B 7 8 9 10 11 12 13 14 15 16 17 18
12Z AVG MX 2MIN
DY MAX MIN AVG DEP HDD CDD WTR SNW DPTH SPD SPD DIR MIN PSBL S-S WX SPD DR
================================================================================
1 77 68 73 -4 0 8 0.00 M M 4.2 7 30 M M M 9 30
2 76 69 73 -4 0 8 0.00 M M 4.5 7 120 M M M 9 10
3 79 69 74 -3 0 9 0.00 M M 5.1 8 100 M M M 10 80
4 74 67 71 -6 0 6 0.00 M M 7.5 11 40 M M M 13 40
5 73 63 68 -10 0 3 0.00 M M 4.6 8 30 M M M 10 30
6 80 68 74 -4 0 9 0.43 M M 4.2 8 220 M M M 12 220
7 85 71 78 0 0 13 0.11 M M 4.5 9 230 M M M 13 210
8 79 69 74 -4 0 9 0.01 M M 2.8 6 130 M M M 7 130
9 79 71 75 -3 0 10 0.00 M M 3.3 6 360 M M M 7 30
10 79 68 74 -4 0 9 0.00 M M 3.6 7 120 M M M 8 130
11 80 69 75 -4 0 10 0.47 M M 3.5 8 270 M M M 13 280
12 83 74 79 0 0 14 0.29 M M 5.1 10 200 M M M 14 210
13 86 73 80 1 0 15 0.00 M M 3.3 7 240 M M M 10 270
14 82 70 76 -3 0 11 0.40 M M 4.2 11 180 M M M 14 180
15 81 70 76 -3 0 11 0.00 M M 4.1 8 250 M M M 13 230
16 87 70 79 0 0 14 0.00 M M 3.2 6 270 M M M 9 250
17 81 74 78 -2 0 13 0.00 M M 3.7 7 140 M M M 7 140
18 82 76 79 -1 0 14 0.00 M M 4.0 7 150 M M M 9 160
19 82 72 77 -3 0 12 0.98 M M 4.2 7 190 M M M 10 280
20 79 74 77 -3 0 12 0.07 M M 5.6 M M M M M M M
21 84 72 78 -2 0 13 0.19 M M 3.9 8 180 M M M 13 260
22 82 73 78 -2 0 13 0.01 M M 7.3 13 210 M M M 16 210
23 81 71 76 -4 0 11 1.48 M M 4.2 9 190 M M M 13 210
24 86 76 81 0 0 16 0.00 M M 3.5 6 270 M M M 9 240
25 88 75 82 1 0 17 0.00 M M 3.7 8 190 M M M 9 200
26 84 78 81 0 0 16 0.00 M M 5.3 10 220 M M M 14 210
27 92 80 86 5 0 21 0.00 M M 4.1 9 220 M M M 14 220
28 87 78 83 2 0 18 0.00 M M 3.0 7 110 M M M 8 130
29 88 78 83 2 0 18 0.00 M M 3.0 8 120 M M M 8 120
30 86 79 83 2 0 18 0.00 M M 3.5 14 0 M M M 7 140
================================================================================
SM 2462 2165 0 371 4.44 M 126.7 M M
================================================================================
AV 82.1 72.2 4.2 FASTST M M M MAX(MPH)
MISC ----> 14 0 16 210
================================================================================
NOTES:
# LAST OF SEVERAL OCCURRENCES
COLUMN 17 PEAK WIND IN M.P.H.
PRELIMINARY LOCAL CLIMATOLOGICAL DATA (WS FORM: F-6) , PAGE 2
STATION: DOWNTOWN CHARLESTON SC
MONTH: JUNE
YEAR: 2023
LATITUDE: 32 46 N
LONGITUDE: 79 56 W
[TEMPERATURE DATA] [PRECIPITATION DATA] SYMBOLS USED IN COLUMN 16
AVERAGE MONTHLY: 77.1 TOTAL FOR MONTH: 4.44 1 = FOG OR MIST
DPTR FM NORMAL: -2.1 DPTR FM NORMAL: -0.41 2 = FOG REDUCING VISIBILITY
HIGHEST: 92 ON 27 GRTST 24HR 1.48 ON 23-23 TO 1/4 MILE OR LESS
LOWEST: 63 ON 5 3 = THUNDER
SNOW, ICE PELLETS, HAIL 4 = ICE PELLETS
TOTAL MONTH: M 5 = HAIL
GRTST 24HR M ON M 6 = FREEZING RAIN OR DRIZZLE
GRTST DEPTH: M ON M 7 = DUSTSTORM OR SANDSTORM:
VSBY 1/2 MILE OR LESS
8 = SMOKE OR HAZE
[NO. OF DAYS WITH] [WEATHER - DAYS WITH] 9 = BLOWING SNOW
X = TORNADO
MAX 32 OR BELOW: 0 0.01 INCH OR MORE: 11
MAX 90 OR ABOVE: 1 0.10 INCH OR MORE: 8
MIN 32 OR BELOW: 0 0.50 INCH OR MORE: 2
MIN 0 OR BELOW: 0 1.00 INCH OR MORE: 1
[HDD (BASE 65) ]
TOTAL THIS MO. 0 CLEAR (SCALE 0-3) 0
DPTR FM NORMAL 0 PTCLDY (SCALE 4-7) 0
TOTAL FM JUL 1 1145 CLOUDY (SCALE 8-10) 30
DPTR FM NORMAL -480
[CDD (BASE 65) ]
TOTAL THIS MO. 371
DPTR FM NORMAL -57 [PRESSURE DATA]
TOTAL FM JAN 1 785 HIGHEST SLP M ON M
DPTR FM NORMAL -30 LOWEST SLP 29.50 ON 7
[REMARKS]
#FINAL-06-23#