000
CXUS52 KCHS 010915
CF6CXM
PRELIMINARY LOCAL CLIMATOLOGICAL DATA (WS FORM: F-6)
STATION: DOWNTOWN CHARLESTON SC
MONTH: JANUARY
YEAR: 2024
LATITUDE: 32 46 N
LONGITUDE: 79 56 W
TEMPERATURE IN F: :PCPN: SNOW: WIND :SUNSHINE: SKY :PK WND
================================================================================
1 2 3 4 5 6A 6B 7 8 9 10 11 12 13 14 15 16 17 18
12Z AVG MX 2MIN
DY MAX MIN AVG DEP HDD CDD WTR SNW DPTH SPD SPD DIR MIN PSBL S-S WX SPD DR
================================================================================
1 61 46 54 2 11 0 0.00 M M 7.3 21 10 M M M 25 10
2 54 41 48 -3 17 0 0.00 M M 9.0 19 360 M M M 25 10
3 54 40 47 -4 18 0 0.05 M M 3.6 9 340 M M M 16 340
4 55 42 49 -2 16 0 0.01 M M 8.5 20 30 M M M 23 350
5 51 40 46 -5 19 0 0.00 M M 14.0 21 50 M M M 26 60
6 66 50 58 7 7 0 0.30 M M 10.4 30 160 M M M 38 160
7 58 46 52 1 13 0 0.00 M M 7.3 14 270 M M M 21 280
8 57 44 51 0 14 0 0.00 M M 12.9 23 50 M M M 31 60
9 68 56 62 11 3 0 1.06 M M 20.0 50 180 M M M 61 180
10 56 44 50 -1 15 0 0.00 M M 9.2 20 270 M M M 34 270
11 56 44 50 -1 15 0 0.00 M M 4.0 11 210 M M M 13 210
12 66 46 56 5 9 0 0.03 M M 10.5 25 170 M M M 32 220
13 67 46 57 6 8 0 0.00 M M 9.1 22 210 M M M 28 210
14 55 42 49 -2 16 0 0.00 M M 6.3 13 190 M M M 16 330
15 62 45 54 4 11 0 0.00 M M 2.0 8 140 M M M 9 140
16 61 45 53 3 12 0 0.00 M M 4.6 12 300 M M M 17 300
17 47 35 41 -9 24 0 0.00 M M 7.8 17 360 M M M 21 360
18 62 40 51 1 14 0 0.00 M M 3.3 10 20 M M M 12 20
19 62 43 53 3 12 0 0.00 M M 9.0 19 290 M M M 29 310
20 43 33 38 -12 27 0 0.00 M M 8.9 19 20 M M M 23 360
21 43 26 35 -15 30 0 0.00 M M 11.8 23 10 M M M 30 360
22 52 37 45 -5 20 0 0.00 M M 10.5 16 70 M M M 19 70
23 61 49 55 4 10 0 0.00 M M 6.6 13 60 M M M 19 40
24 66 56 61 10 4 0 0.00 M M 5.1 13 160 M M M 16 130
25 71 56 64 13 1 0 0.01 M M 5.6 15 200 M M M 20 190
26 67 58 63 12 2 0 0.00 M M 7.8 19 180 M M M 23 180
27 67 56 62 11 3 0 0.00 M M 5.6 22 190 M M M 30 210
28 66 51 59 8 6 0 0.00 M M 11.3 21 200 M M M 30 280
29 61 45 53 2 12 0 0.00 M M 8.1 18 360 M M M 26 360
30 60 46 53 2 12 0 0.00 M M 6.6 16 170 M M M 20 190
31 54 47 51 0 14 0 0.04 M M 8.7 20 360 M M M 26 360
================================================================================
SM 1829 1395 395 0 1.50 M 255.4 M M
================================================================================
AV 59.0 45.0 8.2 FASTST M M M MAX(MPH)
MISC ----> 50 180 61 180
================================================================================
NOTES:
# LAST OF SEVERAL OCCURRENCES
COLUMN 17 PEAK WIND IN M.P.H.
PRELIMINARY LOCAL CLIMATOLOGICAL DATA (WS FORM: F-6) , PAGE 2
STATION: DOWNTOWN CHARLESTON SC
MONTH: JANUARY
YEAR: 2024
LATITUDE: 32 46 N
LONGITUDE: 79 56 W
[TEMPERATURE DATA] [PRECIPITATION DATA] SYMBOLS USED IN COLUMN 16
AVERAGE MONTHLY: 52.0 TOTAL FOR MONTH: 1.50 1 = FOG OR MIST
DPTR FM NORMAL: 1.2 DPTR FM NORMAL: -1.06 2 = FOG REDUCING VISIBILITY
HIGHEST: 71 ON 25 GRTST 24HR 1.06 ON 9- 9 TO 1/4 MILE OR LESS
LOWEST: 26 ON 21 3 = THUNDER
SNOW, ICE PELLETS, HAIL 4 = ICE PELLETS
TOTAL MONTH: M 5 = HAIL
GRTST 24HR M ON M 6 = FREEZING RAIN OR DRIZZLE
GRTST DEPTH: M ON M 7 = DUSTSTORM OR SANDSTORM:
VSBY 1/2 MILE OR LESS
8 = SMOKE OR HAZE
[NO. OF DAYS WITH] [WEATHER - DAYS WITH] 9 = BLOWING SNOW
X = TORNADO
MAX 32 OR BELOW: 0 0.01 INCH OR MORE: 7
MAX 90 OR ABOVE: 0 0.10 INCH OR MORE: 2
MIN 32 OR BELOW: 1 0.50 INCH OR MORE: 1
MIN 0 OR BELOW: 0 1.00 INCH OR MORE: 1
[HDD (BASE 65) ]
TOTAL THIS MO. 395 CLEAR (SCALE 0-3) 0
DPTR FM NORMAL -47 PTCLDY (SCALE 4-7) 0
TOTAL FM JUL 1 867 CLOUDY (SCALE 8-10) 31
DPTR FM NORMAL -136
[CDD (BASE 65) ]
TOTAL THIS MO. 0
DPTR FM NORMAL -2 [PRESSURE DATA]
TOTAL FM JAN 1 0 HIGHEST SLP M ON M
DPTR FM NORMAL -2 LOWEST SLP 29.26 ON 9
[REMARKS]
#FINAL-01-24#