000
CXUS53 KUNR 010945
CF6D07
PRELIMINARY LOCAL CLIMATOLOGICAL DATA (WS FORM: F-6)
STATION: FAITH SD
MONTH: MAY
YEAR: 2020
LATITUDE: 45 1 N
LONGITUDE: 102 1 W
TEMPERATURE IN F: :PCPN: SNOW: WIND :SUNSHINE: SKY :PK WND
================================================================================
1 2 3 4 5 6A 6B 7 8 9 10 11 12 13 14 15 16 17 18
12Z AVG MX 2MIN
DY MAX MIN AVG DEP HDD CDD WTR SNW DPTH SPD SPD DIR MIN PSBL S-S WX SPD DR
================================================================================
1 69 44 57 6 8 0 0.00 M M 19.3 33 310 M M M 45 300
2 71 42 57 6 8 0 0.00 M M 8.1 16 190 M M M 24 250
3 72 42 57 6 8 0 0.37 M M 11.0 25 100 M M M 36 90
4 60 38 49 -3 16 0 0.69 M M 17.5 32 330 M M M 44 330
5 61 33 47 -5 18 0 0.05 M M 12.2 32 330 M M M 41 330
6 61 36 49 -3 16 0 0.00 M M 8.0 22 130 M M M 29 130
7 48 35 42 -11 23 0 0.55 M M 13.7 29 90 M M M 37 90
8 60 32 46 -7 19 0 0.00 M M 6.4 14 180 M M M 17 170
9 46 31 39 -14 26 0 0.00 M M 21.7 47 310 M M M 62 310
10 48 28 38 -15 27 0 0.00 M M 10.1 18 340 M M M 25 10
11 48 24 36 -18 29 0 0.00 M M 8.5 16 190 M M M 20 180
12 43 37 40 -14 25 0 0.25 M M 19.1 35 150 M M M 46 150
13 62 39 51 -3 14 0 0.13 M M 8.7 28 140 M M M 39 140
14 66 42 54 0 11 0 0.00 M M 10.8 22 330 M M M 34 310
15 58 36 47 -8 18 0 0.08 M M 11.3 30 170 M M M 36 170
16 54 42 48 -7 17 0 0.36 M M 10.6 25 50 M M M 33 50
17 65 37 51 -4 14 0 0.00 M M 9.4 18 130 M M M 26 140
18 66 45 56 0 9 0 0.00 M M 22.6 31 150 M M M 43 150
19 77 50 64 8 1 0 0.00 M M 23.9 36 160 M M M 45 160
20 76 52 64 8 1 0 0.00 M M 24.3 35 140 M M M 50 140
21 78 51 65 9 0 0 0.00 M M 14.5 28 190 M M M 35 200
22 79 49 64 7 1 0 0.00 M M 11.9 18 140 M M M 26 130
23 75 51 63 6 2 0 0.19 M M 12.5 44 30 M M M 51 30
24 58 43 51 -6 14 0 0.00 M M 15.1 24 300 M M M 32 320
25 65 40 53 -5 12 0 0.00 M M 6.7 16 320 M M M 26 330
26 73 44 59 1 6 0 0.00 M M 6.3 13 240 M M M 18 180
27 74 50 62 4 3 0 0.11 M M 7.7 20 10 M M M 27 10
28 69 46 58 0 7 0 0.00 M M 12.0 25 320 M M M 33 320
29 68 41 55 -4 10 0 M M M 7.4 12 120 M M M 17 110
30 67 53 60 1 5 0 M M M 12.1 21 120 M M M 30 160
31 76 51 64 5 1 0 0.00 M M 17.8 31 150 M M M 41 140
================================================================================
SM 1993 1284 369 0 2.78 M 401.2 M M
================================================================================
AV 64.3 41.4 12.9 FASTST M M 4 MAX(MPH)
MISC ----> # 47 310 # 62 310
================================================================================
NOTES:
# LAST OF SEVERAL OCCURRENCES
COLUMN 17 PEAK WIND IN M.P.H.
PRELIMINARY LOCAL CLIMATOLOGICAL DATA (WS FORM: F-6) , PAGE 2
STATION: FAITH SD
MONTH: MAY
YEAR: 2020
LATITUDE: 45 1 N
LONGITUDE: 102 1 W
[TEMPERATURE DATA] [PRECIPITATION DATA] SYMBOLS USED IN COLUMN 16
AVERAGE MONTHLY: 52.9 TOTAL FOR MONTH: 2.78 1 = FOG OR MIST
DPTR FM NORMAL: -2.1 DPTR FM NORMAL: -0.29 2 = FOG REDUCING VISIBILITY
HIGHEST: 79 ON 22 GRTST 24HR 0.69 ON 4- 4 TO 1/4 MILE OR LESS
LOWEST: 24 ON 11 3 = THUNDER
SNOW, ICE PELLETS, HAIL 4 = ICE PELLETS
TOTAL MONTH: M 5 = HAIL
GRTST 24HR M ON M 6 = FREEZING RAIN OR DRIZZLE
GRTST DEPTH: M ON M 7 = DUSTSTORM OR SANDSTORM:
VSBY 1/2 MILE OR LESS
8 = SMOKE OR HAZE
[NO. OF DAYS WITH] [WEATHER - DAYS WITH] 9 = BLOWING SNOW
X = TORNADO
MAX 32 OR BELOW: 0 0.01 INCH OR MORE: 10
MAX 90 OR ABOVE: 0 0.10 INCH OR MORE: 8
MIN 32 OR BELOW: 4 0.50 INCH OR MORE: 2
MIN 0 OR BELOW: 0 1.00 INCH OR MORE: 0
[HDD (BASE 65) ]
TOTAL THIS MO. 369 CLEAR (SCALE 0-3) 0
DPTR FM NORMAL 49 PTCLDY (SCALE 4-7) 0
TOTAL FM JUL 1 7814 CLOUDY (SCALE 8-10) 0
DPTR FM NORMAL 195
[CDD (BASE 65) ]
TOTAL THIS MO. 0
DPTR FM NORMAL -11 [PRESSURE DATA]
TOTAL FM JAN 1 0 HIGHEST SLP M ON M
DPTR FM NORMAL -12 LOWEST SLP 29.32 ON 20
[REMARKS]
#FINAL-05-20#