000
CXUS52 KMLB 010626
CF6DAB
PRELIMINARY LOCAL CLIMATOLOGICAL DATA (WS FORM: F-6)
STATION: DAYTONA BEACH
MONTH: OCTOBER
YEAR: 2021
LATITUDE: 29 10 N
LONGITUDE: 81 3 W
TEMPERATURE IN F: :PCPN: SNOW: WIND :SUNSHINE: SKY :PK WND
================================================================================
1 2 3 4 5 6A 6B 7 8 9 10 11 12 13 14 15 16 17 18
12Z AVG MX 2MIN
DY MAX MIN AVG DEP HDD CDD WTR SNW DPTH SPD SPD DIR MIN PSBL S-S WX SPD DR
================================================================================
1 88 70 79 1 0 14 0.00 0.0 0 7.6 14 70 M M 5 M M
2 87 74 81 3 0 16 T 0.0 0 5.4 15 70 M M 5 20 60
3 85 72 79 1 0 14 0.19 0.0 0 3.4 12 70 M M 6 13 15 60
4 88 70 79 1 0 14 0.00 0.0 0 5.2 17 40 M M 6 22 40
5 87 72 80 3 0 15 0.02 0.0 0 3.9 16 80 M M 5 1 21 80
6 88 75 82 5 0 17 T 0.0 0 3.9 10 70 M M 7 1 14 80
7 90 74 82 5 0 17 0.00 0.0 0 3.5 14 60 M M 5 1 17 60
8 91 72 82 5 0 17 0.87 0.0 0 4.0 33 70 M M 5 13X 40 70
9 85 70 78 2 0 13 0.00 0.0 0 5.3 15 20 M M 5 12 19 10
10 84 70 77 1 0 12 T 0.0 0 9.9 22 30 M M 4 24 40
11 87 70 79 3 0 14 0.06 0.0 0 5.1 15 60 M M 5 1 20 70
12 87 71 79 3 0 14 0.11 0.0 0 6.6 18 30 M M 4 8 22 30
13 87 74 81 6 0 16 0.00 0.0 0 6.7 14 30 M M 4 21 30
14 87 73 80 5 0 15 0.15 0.0 0 5.2 14 60 M M 5 1 17 40
15 86 70 78 3 0 13 0.00 0.0 0 4.7 16 20 M M 3 22 20
16 89 67 78 3 0 13 0.00 0.0 0 3.1 9 90 M M 3 1 12 280
17 81 65 73 -1 0 8 0.00 0.0 0 11.0 20 40 M M 4 25 20
18 81 57 69 -5 0 4 0.00 0.0 0 6.9 17 70 M M 7 20 60
19 82 63 73 -1 0 8 0.00 0.0 0 6.1 16 70 M M 4 22 70
20 83 63 73 0 0 8 0.00 0.0 0 5.5 16 60 M M 6 21 50
21 84 65 75 2 0 10 0.00 0.0 0 M M 210 M M 5 M 210
22 87 67 77 4 0 12 0.00 0.0 0 2.8 13 70 M M 4 1 16 60
23 87 67 77 4 0 12 0.00 0.0 0 5.7 14 50 M M 5 18 40
24 85 72 79 7 0 14 0.20 0.0 0 5.3 16 60 M M 8 13 19 60
25 87 74 81 9 0 16 0.02 0.0 0 7.0 17 260 M M 6 3 23 270
26 87 63 75 3 0 10 0.00 0.0 0 10.2 23 260 M M 3 28 280
27 82 58 70 -1 0 5 0.00 0.0 0 3.7 10 70 M M 4 1 13 270
28 80 61 71 0 0 6 0.88 0.0 0 6.0 28 250 M M 7 13 33 280
29 83 64 74 3 0 9 T 0.0 0 8.9 25 240 M M 7 1 39 220
30 74 58 66 -5 0 1 0.01 0.0 0 7.7 24 270 M M 5 33 290
31 72 55 64 -6 1 0 0.00 0.0 0 6.5 18 270 M M 2 26 250
================================================================================
SM 2631 2096 1 357 2.51 0.0 176.8 M 154
================================================================================
AV 84.9 67.6 5.9 FASTST M M 5 MAX(MPH)
MISC ----> 33 70 40 70
================================================================================
NOTES:
# LAST OF SEVERAL OCCURRENCES
COLUMN 17 PEAK WIND IN M.P.H.
PRELIMINARY LOCAL CLIMATOLOGICAL DATA (WS FORM: F-6) , PAGE 2
STATION: DAYTONA BEACH
MONTH: OCTOBER
YEAR: 2021
LATITUDE: 29 10 N
LONGITUDE: 81 3 W
[TEMPERATURE DATA] [PRECIPITATION DATA] SYMBOLS USED IN COLUMN 16
AVERAGE MONTHLY: 76.2 TOTAL FOR MONTH: 2.51 1 = FOG OR MIST
DPTR FM NORMAL: 1.8 DPTR FM NORMAL: -2.34 2 = FOG REDUCING VISIBILITY
HIGHEST: 91 ON 8 GRTST 24HR 0.88 ON 28-28 TO 1/4 MILE OR LESS
LOWEST: 55 ON 31 3 = THUNDER
SNOW, ICE PELLETS, HAIL 4 = ICE PELLETS
TOTAL MONTH: 0.0 INCH 5 = HAIL
GRTST 24HR 0.0 6 = FREEZING RAIN OR DRIZZLE
GRTST DEPTH: 0 7 = DUSTSTORM OR SANDSTORM:
VSBY 1/2 MILE OR LESS
8 = SMOKE OR HAZE
[NO. OF DAYS WITH] [WEATHER - DAYS WITH] 9 = BLOWING SNOW
X = TORNADO
MAX 32 OR BELOW: 0 0.01 INCH OR MORE: 10
MAX 90 OR ABOVE: 2 0.10 INCH OR MORE: 6
MIN 32 OR BELOW: 0 0.50 INCH OR MORE: 2
MIN 0 OR BELOW: 0 1.00 INCH OR MORE: 0
[HDD (BASE 65) ]
TOTAL THIS MO. 1 CLEAR (SCALE 0-3) 4
DPTR FM NORMAL -7 PTCLDY (SCALE 4-7) 27
TOTAL FM JUL 1 1 CLOUDY (SCALE 8-10) 0
DPTR FM NORMAL -5
[CDD (BASE 65) ]
TOTAL THIS MO. 357
DPTR FM NORMAL 56 [PRESSURE DATA]
TOTAL FM JAN 1 3180 HIGHEST SLP M ON M
DPTR FM NORMAL 252 LOWEST SLP 29.64 ON 29
[REMARKS]
#FINAL-10-21#