000
CXUS52 KMLB 011250
CF6DAB
PRELIMINARY LOCAL CLIMATOLOGICAL DATA (WS FORM: F-6)
STATION: DAYTONA BEACH
MONTH: APRIL
YEAR: 2020
LATITUDE: 29 10 N
LONGITUDE: 81 3 W
TEMPERATURE IN F: :PCPN: SNOW: WIND :SUNSHINE: SKY :PK WND
================================================================================
1 2 3 4 5 6A 6B 7 8 9 10 11 12 13 14 15 16 17 18
12Z AVG MX 2MIN
DY MAX MIN AVG DEP HDD CDD WTR SNW DPTH SPD SPD DIR MIN PSBL S-S WX SPD DR
================================================================================
1 77 56 67 0 0 2 0.00 0.0 0 10.2 18 310 M M 3 23 30
2 73 49 61 -6 4 0 0.00 0.0 0 4.6 14 70 M M 2 24 50
3 76 52 64 -3 1 0 0.00 0.0 0 4.0 14 50 M M 3 1 17 50
4 82 55 69 2 0 4 0.00 0.0 0 4.7 15 60 M M 5 1 18 60
5 73 62 68 1 0 3 0.30 0.0 0 3.9 15 70 M M 9 1 20 70
6 79 63 71 4 0 6 T 0.0 0 5.0 18 50 M M 6 24 80
7 82 59 71 3 0 6 0.00 0.0 0 4.2 13 70 M M 2 1 16 80
8 87 65 76 8 0 11 0.00 0.0 0 8.4 20 250 M M 4 26 250
9 91 71 81 13 0 16 0.00 0.0 0 12.7 25 250 M M 4 30 250
10 78 62 70 2 0 5 T 0.0 0 10.3 18 10 M M 6 26 10
11 79 54 67 -1 0 2 0.00 0.0 0 5.7 17 80 M M 5 22 70
12 85 69 77 9 0 12 0.00 0.0 0 9.1 20 160 M M 7 29 160
13 94 70 82 14 0 17 0.00 0.0 0 11.5 23 250 M M 7 1 35 200
14 89 71 80 11 0 15 0.00 0.0 0 5.3 14 220 M M 9 1 19 220
15 87 64 76 7 0 11 0.66 0.0 0 9.8 33 230 M M 9 138 45 230
16 73 59 66 -3 0 1 0.70 0.0 0 14.5 23 40 M M 8 13 31 30
17 78 65 72 3 0 7 0.00 0.0 0 8.9 16 80 M M 7 24 70
18 84 70 77 8 0 12 T 0.0 0 8.2 16 260 M M 8 13 23 250
19 91 68 80 11 0 15 0.00 0.0 0 7.8 20 250 M M 7 1 26 210
20 87 66 77 7 0 12 0.42 0.0 0 11.8 25 240 M M 7 13 35 210
21 84 61 73 3 0 8 0.00 0.0 0 4.5 13 50 M M 5 20 320
22 79 62 71 1 0 6 0.00 0.0 0 8.5 16 30 M M 7 20 30
23 91 67 79 9 0 14 0.00 0.0 0 9.4 22 210 M M 7 32 190
24 77 67 72 2 0 7 0.92 0.0 0 9.3 21 310 M M 10 13 30 300
25 85 65 75 4 0 10 0.00 0.0 0 5.6 13 220 M M 8 1 17 190
26 89 65 77 6 0 12 0.00 0.0 0 9.4 18 260 M M 6 1 25 270
27 72 56 64 -7 1 0 0.00 0.0 0 7.8 16 70 M M 1 8 22 50
28 78 53 66 -5 0 1 0.00 0.0 0 4.7 18 70 M M 3 21 70
29 83 58 71 0 0 6 T 0.0 0 7.4 17 160 M M 4 24 130
30 81 57 69 -3 0 4 0.32 0.0 0 11.4 24 270 M M 6 13 33 260
================================================================================
SM 2464 1861 6 225 3.32 0.0 238.6 M 175
================================================================================
AV 82.1 62.0 8.0 FASTST M M 6 MAX(MPH)
MISC ----> 33 230 45 230
================================================================================
NOTES:
# LAST OF SEVERAL OCCURRENCES
COLUMN 17 PEAK WIND IN M.P.H.
PRELIMINARY LOCAL CLIMATOLOGICAL DATA (WS FORM: F-6) , PAGE 2
STATION: DAYTONA BEACH
MONTH: APRIL
YEAR: 2020
LATITUDE: 29 10 N
LONGITUDE: 81 3 W
[TEMPERATURE DATA] [PRECIPITATION DATA] SYMBOLS USED IN COLUMN 16
AVERAGE MONTHLY: 72.1 TOTAL FOR MONTH: 3.32 1 = FOG OR MIST
DPTR FM NORMAL: 3.2 DPTR FM NORMAL: 1.14 2 = FOG REDUCING VISIBILITY
HIGHEST: 94 ON 13 GRTST 24HR 1.36 ON 15-16 TO 1/4 MILE OR LESS
LOWEST: 49 ON 2 3 = THUNDER
SNOW, ICE PELLETS, HAIL 4 = ICE PELLETS
TOTAL MONTH: 0.0 INCH 5 = HAIL
GRTST 24HR 0.0 6 = FREEZING RAIN OR DRIZZLE
GRTST DEPTH: 0 7 = DUSTSTORM OR SANDSTORM:
VSBY 1/2 MILE OR LESS
8 = SMOKE OR HAZE
[NO. OF DAYS WITH] [WEATHER - DAYS WITH] 9 = BLOWING SNOW
X = TORNADO
MAX 32 OR BELOW: 0 0.01 INCH OR MORE: 6
MAX 90 OR ABOVE: 4 0.10 INCH OR MORE: 6
MIN 32 OR BELOW: 0 0.50 INCH OR MORE: 3
MIN 0 OR BELOW: 0 1.00 INCH OR MORE: 0
[HDD (BASE 65) ]
TOTAL THIS MO. 6 CLEAR (SCALE 0-3) 4
DPTR FM NORMAL -22 PTCLDY (SCALE 4-7) 21
TOTAL FM JUL 1 455 CLOUDY (SCALE 8-10) 5
DPTR FM NORMAL -351
[CDD (BASE 65) ]
TOTAL THIS MO. 225
DPTR FM NORMAL 80 [PRESSURE DATA]
TOTAL FM JAN 1 611 HIGHEST SLP 30.23 ON 28
DPTR FM NORMAL 324 LOWEST SLP 29.69 ON 20
[REMARKS]
#FINAL-04-20#