000
CXUS52 KMLB 011600
CF6DAB
PRELIMINARY LOCAL CLIMATOLOGICAL DATA (WS FORM: F-6)
STATION: DAYTONA BEACH
MONTH: NOVEMBER
YEAR: 2023
LATITUDE: 29 10 N
LONGITUDE: 81 3 W
TEMPERATURE IN F: :PCPN: SNOW: WIND :SUNSHINE: SKY :PK WND
================================================================================
1 2 3 4 5 6A 6B 7 8 9 10 11 12 13 14 15 16 17 18
12Z AVG MX 2MIN
DY MAX MIN AVG DEP HDD CDD WTR SNW DPTH SPD SPD DIR MIN PSBL S-S WX SPD DR
================================================================================
1 69 60 65 -5 0 0 T 0.0 0 15.0 26 10 M M 7 36 10
2 76 62 69 -1 0 4 T 0.0 0 16.3 24 60 M M 5 32 50
3 79 67 73 3 0 8 T 0.0 0 12.2 23 10 M M 6 36 20
4 75 57 66 -3 0 1 T 0.0 0 10.5 23 10 M M 6 33 20
5 78 52 65 -4 0 0 0.00 0.0 0 7.3 17 20 M M 1 23 10
6 79 50 65 -4 0 0 0.00 0.0 0 5.9 17 10 M M 1 1 22 30
7 81 58 70 1 0 5 0.00 0.0 0 3.3 10 50 M M 2 1 16 60
8 82 55 69 1 0 4 0.00 0.0 0 2.5 10 70 M M 1 1 14 100
9 83 58 71 3 0 6 0.00 0.0 0 2.7 12 60 M M 3 1 17 40
10 84 64 74 6 0 9 0.00 0.0 0 2.5 10 70 M M 4 1 16 110
11 82 72 77 9 0 12 0.00 0.0 0 5.3 15 70 M M 7 19 60
12 73 67 70 2 0 5 T 0.0 0 10.3 17 350 M M 10 1 26 350
13 74 68 71 4 0 6 0.20 0.0 0 14.4 24 10 M M 10 1 33 10
14 76 68 72 5 0 7 0.41 0.0 0 11.2 23 70 M M 10 1 32 70
15 75 67 71 4 0 6 0.19 0.0 0 11.5 21 80 M M 10 1 31 120
16 73 67 70 3 0 5 6.69 0.0 0 16.3 33 60 M M 10 1 44 60
17 73 69 71 4 0 6 1.51 0.0 0 10.0 22 60 M M 10 1 29 360
18 78 64 71 5 0 6 0.00 0.0 0 8.9 22 10 M M 6 1 29 10
19 78 61 70 4 0 5 0.00 0.0 0 5.2 14 30 M M 1 1 17 40
20 79 61 70 4 0 5 0.00 0.0 0 5.3 17 70 M M 5 12 25 110
21 80 68 74 8 0 9 T 0.0 0 5.6 16 150 M M 7 27 150
22 81 60 71 5 0 6 T 0.0 0 8.9 22 200 M M 7 1 31 190
23 69 52 61 -5 4 0 0.00 0.0 0 5.6 12 310 M M 5 16 320
24 61 55 58 -7 7 0 0.02 0.0 0 5.3 13 290 M M 8 1 16 310
25 73 56 65 0 0 0 T 0.0 0 6.9 16 30 M M 8 1 22 40
26 75 66 71 6 0 6 0.15 0.0 0 5.0 12 200 M M 8 1 17 210
27 72 54 63 -2 2 0 T 0.0 0 8.0 17 310 M M 8 25 310
28 57 45 51 -14 14 0 0.00 0.0 0 6.8 12 350 M M 6 17 320
29 65 44 55 -10 10 0 0.00 0.0 0 7.5 13 30 M M 3 18 20
30 74 44 59 -5 6 0 0.00 0.0 0 3.0 12 80 M M 6 1 18 60
================================================================================
SM 2254 1791 43 121 9.17 0.0 239.2 M 181
================================================================================
AV 75.1 59.7 8.0 FASTST M M 6 MAX(MPH)
MISC ----> 33 60 44 60
================================================================================
NOTES:
# LAST OF SEVERAL OCCURRENCES
COLUMN 17 PEAK WIND IN M.P.H.
PRELIMINARY LOCAL CLIMATOLOGICAL DATA (WS FORM: F-6) , PAGE 2
STATION: DAYTONA BEACH
MONTH: NOVEMBER
YEAR: 2023
LATITUDE: 29 10 N
LONGITUDE: 81 3 W
[TEMPERATURE DATA] [PRECIPITATION DATA] SYMBOLS USED IN COLUMN 16
AVERAGE MONTHLY: 67.4 TOTAL FOR MONTH: 9.17 1 = FOG OR MIST
DPTR FM NORMAL: 0.4 DPTR FM NORMAL: 6.41 2 = FOG REDUCING VISIBILITY
HIGHEST: 84 ON 10 GRTST 24HR 7.67 ON 16-17 TO 1/4 MILE OR LESS
LOWEST: 44 ON 30,29 3 = THUNDER
SNOW, ICE PELLETS, HAIL 4 = ICE PELLETS
TOTAL MONTH: 0.0 INCH 5 = HAIL
GRTST 24HR 0.0 6 = FREEZING RAIN OR DRIZZLE
GRTST DEPTH: 0 7 = DUSTSTORM OR SANDSTORM:
VSBY 1/2 MILE OR LESS
8 = SMOKE OR HAZE
[NO. OF DAYS WITH] [WEATHER - DAYS WITH] 9 = BLOWING SNOW
X = TORNADO
MAX 32 OR BELOW: 0 0.01 INCH OR MORE: 7
MAX 90 OR ABOVE: 0 0.10 INCH OR MORE: 6
MIN 32 OR BELOW: 0 0.50 INCH OR MORE: 2
MIN 0 OR BELOW: 0 1.00 INCH OR MORE: 2
[HDD (BASE 65) ]
TOTAL THIS MO. 43 CLEAR (SCALE 0-3) 6
DPTR FM NORMAL -18 PTCLDY (SCALE 4-7) 16
TOTAL FM JUL 1 47 CLOUDY (SCALE 8-10) 8
DPTR FM NORMAL -21
[CDD (BASE 65) ]
TOTAL THIS MO. 121
DPTR FM NORMAL 0 [PRESSURE DATA]
TOTAL FM JAN 1 3573 HIGHEST SLP 30.29 ON 2
DPTR FM NORMAL 524 LOWEST SLP 29.71 ON 17
[REMARKS]
#FINAL-11-23#