000
CXUS54 KFWD 070050
CF6DAL
PRELIMINARY LOCAL CLIMATOLOGICAL DATA (WS FORM: F-6)
STATION: DALLAS LOVE FIELD
MONTH: JANUARY
YEAR: 2023
LATITUDE: 32 50 N
LONGITUDE: 96 51 W
TEMPERATURE IN F: :PCPN: SNOW: WIND :SUNSHINE: SKY :PK WND
================================================================================
1 2 3 4 5 6A 6B 7 8 9 10 11 12 13 14 15 16 17 18
12Z AVG MX 2MIN
DY MAX MIN AVG DEP HDD CDD WTR SNW DPTH SPD SPD DIR MIN PSBL S-S WX SPD DR
================================================================================
1 77 55 66 19 0 1 0.00 0.0 0 8.8 15 160 M M 7 24 160
2 78 64 71 24 0 6 T 0.0 0 8.4 20 310 M M 9 18 30 190
3 69 46 58 11 7 0 0.00 0.0 0 7.2 17 300 M M 7 25 280
4 59 39 49 2 16 0 0.00 0.0 0 3.0 12 300 M M 1 25 90
5 62 36 49 2 16 0 0.00 0.0 0 3.6 10 340 M M 2 20 20
6 70 46 58 11 7 0 0.00 0.0 0 10.1 20 180 M M 6 30 180
7 65 49 57 10 8 0 0.00 0.0 0 10.1 18 330 M M 5 31 20
8 63 40 52 5 13 0 0.00 0.0 0 4.6 13 320 M M 3 19 350
9 69 39 54 7 11 0 0.00 0.0 0 7.2 16 150 M M 2 23 150
10 82 45 64 17 1 0 0.00 0.0 0 5.8 16 200 M M 3 26 210
11 82 57 70 23 0 5 0.00 0.0 0 8.6 23 310 M M 7 31 310
12 69 40 55 8 10 0 0.00 0.0 0 17.4 32 320 M M 2 51 330
13 58 34 46 -1 19 0 0.00 0.0 0 5.6 13 330 M M 3 21 350
14 62 39 51 4 14 0 0.00 0.0 0 9.6 20 170 M M 4 29 150
15 70 47 59 11 6 0 0.00 0.0 0 14.9 28 180 M M 6 41 180
16 76 56 66 18 0 1 0.00 0.0 0 8.7 21 180 M M 8 33 160
17 80 51 66 18 0 1 0.00 0.0 0 6.1 16 140 M M 6 24 140
18 72 57 65 17 0 0 T 0.0 0 9.5 28 320 M M 5 18 35 310
19 61 43 52 4 13 0 0.00 0.0 0 10.1 23 310 M M 4 30 10
20 62 39 51 3 14 0 0.00 0.0 0 5.6 14 90 M M 7 20 100
21 57 45 51 3 14 0 T 0.0 0 7.7 17 310 M M 6 22 320
22 55 38 47 -1 18 0 0.00 0.0 0 11.3 21 330 M M 3 30 330
23 54 34 44 -4 21 0 0.00 0.0 0 5.8 13 60 M M 3 20 100
24 49 35 42 -6 23 0 0.85 T 0 11.2 24 310 M M 10 1 40 340
25 44 36 40 -8 25 0 T 0.0 0 9.2 21 320 M M 8 27 320
26 55 30 43 -6 22 0 0.00 0.0 0 4.6 15 290 M M 1 20 30
27 61 31 46 -3 19 0 0.00 0.0 0 7.2 17 160 M M 2 27 240
28 68 45 57 8 8 0 T 0.0 0 9.5 17 180 M M 9 18 26 170
29 64 30 47 -2 18 0 0.00 0.0 0 12.3 24 330 M M 9 1 35 350
30 31 26 29 -20 36 0 0.01 T 0 11.8 20 10 M M 10 1468 33 310
31 28 25 27 -22 38 0 0.56 1.0 T 10.9 18 330 M M 10 1346 26 250
================================================================================
SM 1952 1297 397 14 1.42 1.0 266.4 M 168
================================================================================
AV 63.0 41.8 8.6 FASTST M M 5 MAX(MPH)
MISC ----> 32 320 51 330
================================================================================
NOTES:
# LAST OF SEVERAL OCCURRENCES
COLUMN 17 PEAK WIND IN M.P.H.
PRELIMINARY LOCAL CLIMATOLOGICAL DATA (WS FORM: F-6) , PAGE 2
STATION: DALLAS LOVE FIELD
MONTH: JANUARY
YEAR: 2023
LATITUDE: 32 50 N
LONGITUDE: 96 51 W
[TEMPERATURE DATA] [PRECIPITATION DATA] SYMBOLS USED IN COLUMN 16
AVERAGE MONTHLY: 52.4 TOTAL FOR MONTH: 1.42 1 = FOG OR MIST
DPTR FM NORMAL: 4.6 DPTR FM NORMAL: -1.17 2 = FOG REDUCING VISIBILITY
HIGHEST: 82 ON 11,10 GRTST 24HR 0.85 ON 24-24 TO 1/4 MILE OR LESS
LOWEST: 25 ON 31 3 = THUNDER
SNOW, ICE PELLETS, HAIL 4 = ICE PELLETS
TOTAL MONTH: 1.0 INCH 5 = HAIL
GRTST 24HR 1.0 ON 31-31 6 = FREEZING RAIN OR DRIZZLE
GRTST DEPTH: T 7 = DUSTSTORM OR SANDSTORM:
VSBY 1/2 MILE OR LESS
8 = SMOKE OR HAZE
[NO. OF DAYS WITH] [WEATHER - DAYS WITH] 9 = BLOWING SNOW
X = TORNADO
MAX 32 OR BELOW: 2 0.01 INCH OR MORE: 3
MAX 90 OR ABOVE: 0 0.10 INCH OR MORE: 2
MIN 32 OR BELOW: 5 0.50 INCH OR MORE: 2
MIN 0 OR BELOW: 0 1.00 INCH OR MORE: 0
[HDD (BASE 65) ]
TOTAL THIS MO. 397 CLEAR (SCALE 0-3) 9
DPTR FM NORMAL -140 PTCLDY (SCALE 4-7) 16
TOTAL FM JUL 1 1238 CLOUDY (SCALE 8-10) 6
DPTR FM NORMAL -94
[CDD (BASE 65) ]
TOTAL THIS MO. 14
DPTR FM NORMAL 10 [PRESSURE DATA]
TOTAL FM JAN 1 14 HIGHEST SLP 30.47 ON 13
DPTR FM NORMAL 10 LOWEST SLP 29.60 ON 2
[REMARKS]
#FINAL-01-23#