000
CXUS51 KRNK 011501
CLMDAN
CLIMATE REPORT
NATIONAL WEATHER SERVICE BLACKSBURG, VA
1101 AM EDT WED NOV 01 2023
...................................
...THE DANVILLE VA CLIMATE SUMMARY FOR THE MONTH OF OCTOBER 2023...
CLIMATE NORMAL PERIOD: 1991 TO 2020
CLIMATE RECORD PERIOD: 1916 TO 2023
WEATHER OBSERVED NORMAL DEPART LAST YEAR`S
VALUE DATE(S) VALUE FROM VALUE
NORMAL
..............................................................
TEMPERATURE (F)
RECORD
HIGH 100 10/06/1941
LOW 22 10/27/1962
HIGHEST 85 10/28 80
LOWEST 33 10/24 28
AVG. MAXIMUM 73.2 71.3 1.9 68.8
AVG. MINIMUM 46.6 46.2 0.4 43.4
MEAN 59.9 58.8 1.1 56.1
DAYS MAX >= 90 0 0.4 -0.4 0
DAYS MAX <= 32 0 0.0 0.0 0
DAYS MIN <= 32 0 2.0 -2.0 4
DAYS MIN <= 0 0 0.0 0.0 0
PRECIPITATION (INCHES)
RECORD
MAXIMUM 10.87 1990
MINIMUM 0.12 2000
TOTALS 1.24 3.30 -2.06 1.83
DAYS >= .01 5 8.4 -3.4 7
DAYS >= .10 3 5.3 -2.3 5
DAYS >= .50 1 2.1 -1.1 1
DAYS >= 1.00 0 1.0 -1.0 1
GREATEST
24 HR. TOTAL 0.73 1.00
SNOWFALL (INCHES)
TOTALS 0.0 0.0 0.0 0.0
DAYS >= TRACE 0 0.0 0.0 0
DAYS >= 1.0 0 0.0 0.0 0
GREATEST
24 HR TOTAL 0.0 MM
DEGREE DAYS
HEATING TOTAL 183 224 -41 271
COOLING TOTAL 33 30 3 3
..............................................................
WIND (MPH)
AVERAGE WIND SPEED 3.7
RESULTANT WIND SPEED/DIRECTION 1/270
HIGHEST WIND SPEED/DIRECTION 22/240 DATE 10/30
HIGHEST GUST SPEED/DIRECTION 30/260 DATE 10/30
SKY COVER
AVERAGE SKY COVER 0.32
AVERAGE RH (PERCENT) 69
WEATHER CONDITIONS. NUMBER OF DAYS WITH
THUNDERSTORM 0 MIXED PRECIP 0
HEAVY RAIN 2 RAIN 3
LIGHT RAIN 8 FREEZING RAIN 0
LT FREEZING RAIN 0 HAIL 0
HEAVY SNOW 0 SNOW 0
LIGHT SNOW 0 SLEET 0
FOG 13 FOG W/VIS <= 1/4 MILE 0
HAZE 0
- INDICATES NEGATIVE NUMBERS.
R INDICATES RECORD WAS SET OR TIED.
MM INDICATES DATA IS MISSING.
T INDICATES TRACE AMOUNT.
$$