000
CXUS51 KRNK 010817
CLSDAN
CLIMATE REPORT
NATIONAL WEATHER SERVICE BLACKSBURG, VA
417 AM EDT TUE JUN 01 2021
...................................
...THE DANVILLE VA CLIMATE SUMMARY FOR THE SEASON, FROM
3/1/2021 TO 5/31/2021...
CLIMATE NORMAL PERIOD: 1991 TO 2020
CLIMATE RECORD PERIOD: 1916 TO 2021
WEATHER OBSERVED NORMAL DEPART LAST YEAR`S
VALUE DATE(S) VALUE FROM VALUE
NORMAL
..............................................................
TEMPERATURE (F)
RECORD
HIGH 101 05/22/1941
LOW 9 03/04/2014
HIGHEST 94 05/26 88
LOWEST 24 03/03 19
03/08
AVG. MAXIMUM 71.4 70.1 1.3 70.0
AVG. MINIMUM 44.4 45.3 -0.9 46.8
MEAN 57.9 57.7 0.2 58.4
DAYS MAX >= 90 4 1.8 2.2 0
DAYS MAX <= 32 0 0.0 0.0 0
DAYS MIN <= 32 15 13.8 1.2 11
DAYS MIN <= 0 0 0.0 0.0 0
PRECIPITATION (INCHES)
RECORD
MAXIMUM 18.38 1998
MINIMUM 3.07 1985
TOTALS 5.96 11.19 -5.23 12.26
DAYS >= .01 24 33.3 -9.3 36
DAYS >= .10 13 20.3 -7.3 20
DAYS >= .50 5 7.5 -2.5 8
DAYS >= 1.00 1 2.6 -1.6 5
GREATEST
24 HR. TOTAL 1.20 2.14
SNOWFALL (INCHES)
TOTALS 0.0 T
DAYS >= TRACE 0 1
DAYS >= 1.0 0 0
GREATEST
24 HR TOTAL 0.0 MM
DEGREE DAYS
HEATING TOTAL 770 817 -47 678
COOLING TOTAL 137 142 -5 145
..............................................................
WIND (MPH)
AVERAGE WIND SPEED 5.5
RESULTANT WIND SPEED/DIRECTION 1/310
HIGHEST WIND SPEED/DIRECTION 28/230 DATE 03/28
HIGHEST GUST SPEED/DIRECTION 42/230 DATE 03/28
SKY COVER
AVERAGE SKY COVER 0.32
AVERAGE RH (PERCENT) 61
WEATHER CONDITIONS. NUMBER OF DAYS WITH
THUNDERSTORM 6 MIXED PRECIP 0
HEAVY RAIN 4 RAIN 11
LIGHT RAIN 37 FREEZING RAIN 0
LT FREEZING RAIN 0 HAIL 0
HEAVY SNOW 0 SNOW 0
LIGHT SNOW 0 SLEET 0
FOG 28 FOG W/VIS <= 1/4 MILE 4
HAZE 0
- INDICATES NEGATIVE NUMBERS.
R INDICATES RECORD WAS SET OR TIED.
MM INDICATES DATA IS MISSING.
T INDICATES TRACE AMOUNT.
$$
RCS