000
CXUS54 KHUN 021357
CF6DCU
PRELIMINARY LOCAL CLIMATOLOGICAL DATA (WS FORM: F-6)
STATION: DECATUR
MONTH: SEPTEMBER
YEAR: 2022
LATITUDE: 34 39 N
LONGITUDE: 86 56 W
TEMPERATURE IN F: :PCPN: SNOW: WIND :SUNSHINE: SKY :PK WND
================================================================================
1 2 3 4 5 6A 6B 7 8 9 10 11 12 13 14 15 16 17 18
12Z AVG MX 2MIN
DY MAX MIN AVG DEP HDD CDD WTR SNW DPTH SPD SPD DIR MIN PSBL S-S WX SPD DR
================================================================================
1 91 57 74 -3 0 9 0.00 0.0 0 3.5 10 350 M M 0 16 350
2 94 62 78 1 0 13 0.00 0.0 0 4.2 15 170 M M 3 21 170
3 87 71 79 3 0 14 M 0.0 0 4.7 15 150 M M 4 1 21 150
4 82 70 76 0 0 11 M 0.0 0 5.0 13 140 M M 6 1 17 150
5 82 68 75 -1 0 10 0.11 0.0 0 3.7 12 240 M M 5 12 17 240
6 87 68 78 2 0 13 0.87 0.0 0 1.7 26 300 M M 6 128 38 300
7 84 65 75 -1 0 10 0.00 0.0 0 4.9 15 10 M M 4 12 20 350
8 85 61 73 -2 0 8 0.00 0.0 0 6.8 13 30 M M 1 20 40
9 83 66 75 0 0 10 0.04 0.0 0 6.7 16 130 M M 3 22 150
10 77 68 73 -2 0 8 0.10 0.0 0 4.7 13 130 M M 9 1 17 80
11 81 68 75 0 0 10 1.57 0.0 0 6.4 18 300 M M 7 1 25 300
12 77 56 67 -7 0 2 0.00 0.0 0 5.2 16 360 M M 3 20 10
13 83 51 67 -7 0 2 0.00 0.0 0 3.0 14 260 M M 0 1 19 260
14 83 55 69 -5 0 4 0.00 0.0 0 3.8 13 30 M M 0 20 30
15 85 57 71 -3 0 6 0.00 0.0 0 2.7 10 160 M M 1 14 70
16 84 59 72 -1 0 7 0.00 0.0 0 3.8 12 140 M M 2 16 150
17 85 60 73 0 0 8 0.00 0.0 0 3.3 10 160 M M 4 17 130
18 87 62 75 2 0 10 0.00 0.0 0 2.3 9 260 M M 1 12 290
19 90 59 75 3 0 10 0.00 0.0 0 1.2 9 200 M M 0 1 14 260
20 96 64 80 8 0 15 0.00 0.0 0 1.9 10 300 M M 0 1 14 310
21 95 66 81 9 0 16 0.00 0.0 0 1.2 8 250 M M 0 1 11 240
22 89 58 74 3 0 9 0.00 0.0 0 7.1 20 360 M M 1 1 26 360
23 79 54 67 -4 0 2 0.00 0.0 0 4.6 10 40 M M 0 8 15 40
24 85 55 70 -1 0 5 T 0.0 0 5.5 13 270 M M 1 16 270
25 80 60 70 0 0 5 0.74 0.0 0 5.0 17 230 M M 5 13 27 290
26 79 51 65 -5 0 0 0.00 0.0 0 5.5 18 290 M M 0 1 33 250
27 75 44 60 -10 5 0 0.00 0.0 0 6.8 21 330 M M 0 31 10
28 72 44 58 -11 7 0 0.00 0.0 0 9.7 21 10 M M 0 28 360
29 75 47 61 -8 4 0 0.00 0.0 0 9.1 21 40 M M 0 31 40
30 78 46 62 -6 3 0 0.00 0.0 0 7.4 21 360 M M 0 27 360
================================================================================
SM 2510 1772 19 217 3.43 0.0 141.4 M 66
================================================================================
AV 83.7 59.1 4.7 FASTST M M 2 MAX(MPH)
MISC ----> 26 300 38 300
================================================================================
NOTES:
# LAST OF SEVERAL OCCURRENCES
COLUMN 17 PEAK WIND IN M.P.H.
PRELIMINARY LOCAL CLIMATOLOGICAL DATA (WS FORM: F-6) , PAGE 2
STATION: DECATUR
MONTH: SEPTEMBER
YEAR: 2022
LATITUDE: 34 39 N
LONGITUDE: 86 56 W
[TEMPERATURE DATA] [PRECIPITATION DATA] SYMBOLS USED IN COLUMN 16
AVERAGE MONTHLY: 71.4 TOTAL FOR MONTH: 3.43 1 = FOG OR MIST
DPTR FM NORMAL: -1.7 DPTR FM NORMAL: 0.22 2 = FOG REDUCING VISIBILITY
HIGHEST: 96 ON 20 GRTST 24HR 1.57 ON 11-11 TO 1/4 MILE OR LESS
LOWEST: 44 ON 28,27 3 = THUNDER
SNOW, ICE PELLETS, HAIL 4 = ICE PELLETS
TOTAL MONTH: 0.0 INCH 5 = HAIL
GRTST 24HR 0.0 6 = FREEZING RAIN OR DRIZZLE
GRTST DEPTH: 0 7 = DUSTSTORM OR SANDSTORM:
VSBY 1/2 MILE OR LESS
8 = SMOKE OR HAZE
[NO. OF DAYS WITH] [WEATHER - DAYS WITH] 9 = BLOWING SNOW
X = TORNADO
MAX 32 OR BELOW: 0 0.01 INCH OR MORE: 6
MAX 90 OR ABOVE: 5 0.10 INCH OR MORE: 5
MIN 32 OR BELOW: 0 0.50 INCH OR MORE: 3
MIN 0 OR BELOW: 0 1.00 INCH OR MORE: 1
[HDD (BASE 65) ]
TOTAL THIS MO. 19 CLEAR (SCALE 0-3) 20
DPTR FM NORMAL 6 PTCLDY (SCALE 4-7) 9
TOTAL FM JUL 1 19 CLOUDY (SCALE 8-10) 1
DPTR FM NORMAL 9
[CDD (BASE 65) ]
TOTAL THIS MO. 217
DPTR FM NORMAL -41 [PRESSURE DATA]
TOTAL FM JAN 1 1898 HIGHEST SLP 30.31 ON 28
DPTR FM NORMAL 140 LOWEST SLP 29.77 ON 8
[REMARKS]
#FINAL-09-22#