000
CXUS53 KDDC 031709
CLSDDC
CLIMATE REPORT
NATIONAL WEATHER SERVICE DODGE CITY, KANSAS
1109 AM CST FRI DEC 03 2021
...................................
...THE DODGE CITY KS CLIMATE SUMMARY FOR THE SEASON, FROM
9/1/2021 TO 11/30/2021...
CLIMATE NORMAL PERIOD 1991 TO 2020
CLIMATE RECORD PERIOD 1875 TO 2021
WEATHER OBSERVED NORMAL DEPART LAST YEAR`S
VALUE DATE(S) VALUE FROM VALUE DATE(S)
NORMAL
................................................................
TEMPERATURE (F)
RECORD
HIGH 107 09/01/2011
LOW -13 11/27/1887
HIGHEST 105 09/11 MM MM 102 09/25
LOWEST 16 11/18 MM MM 14 11/30
AVG. MAXIMUM 74.8 70.6 4.2 71.4
AVG. MINIMUM 45.8 43.1 2.7 42.4
MEAN 60.3 56.8 3.5 56.9
DAYS MAX >= 90 17 10.5 6.5 12
DAYS MAX <= 32 0 1.5 -1.5 1
DAYS MIN <= 32 14 22.3 -8.3 20
DAYS MIN <= 0 0 0.0 0.0 0
PRECIPITATION (INCHES)
RECORD
MAXIMUM 12.72 1906
MINIMUM 0.25 1980
TOTALS 5.38 4.13 1.25 3.82
DAYS >= .01 13 15.4 -2.4 13
DAYS >= .10 10 7.6 2.4 8
DAYS >= .50 4 2.4 1.6 2
DAYS >= 1.00 1 1.2 -0.2 2
GREATEST
24 HR. TOTAL 1.78 10/12 TO 10/12 1.07
SNOWFALL (INCHES)
RECORDS
TOTAL 26.7 1992
24 HR TOTAL 12.1 11/24/1992 TO 11/24/1992
SNOW DEPTH 14 11/25/1992
11/26/1992
TOTALS T 2.0 -2.0 1.7
SINCE 7/1 T 2.0 -2.0 1.7
SNOWDEPTH AVG. 0 0
DAYS >= TRACE 1 1.6 -0.6 4
DAYS >= 1.0 0 0.6 -0.6 0
GREATEST
SNOW DEPTH 0 11/30 1 10/27
10/26
24 HR TOTAL T 11/02 TO 11/02 0.9
DEGREE DAYS
HEATING TOTAL 748 979 -231 947
SINCE 7/1 748 982 -234 947
COOLING TOTAL 341 236 105 231
SINCE 1/1 1747 1547 200 1583
................................................................
WIND (MPH)
AVERAGE WIND SPEED 11.9
RESULTANT WIND SPEED/DIRECTION 3/200
HIGHEST WIND SPEED/DIRECTION 41/010 DATE 09/20
HIGHEST GUST SPEED/DIRECTION 57/360 DATE 10/27
SKY COVER
POSSIBLE SUNSHINE (PERCENT) MM
AVERAGE SKY COVER 0.12
NUMBER OF DAYS FAIR 78
NUMBER OF DAYS PC 11
NUMBER OF DAYS CLOUDY 2
AVERAGE RH (PERCENT) 58
WEATHER CONDITIONS. NUMBER OF DAYS WITH
THUNDERSTORM 9 MIXED PRECIP 0
HEAVY RAIN 6 RAIN 5
LIGHT RAIN 18 FREEZING RAIN 0
LT FREEZING RAIN 0 HAIL 0
HEAVY SNOW 0 SNOW 0
LIGHT SNOW 1 SLEET 0
FOG 29 FOG W/VIS <= 1/4 MILE 2
HAZE 25
- INDICATES NEGATIVE NUMBERS.
R INDICATES RECORD WAS SET OR TIED.
MM INDICATES DATA IS MISSING.
T INDICATES TRACE AMOUNT.
$$