000
CXUS55 KALY 010710
CF6DDH
PRELIMINARY LOCAL CLIMATOLOGICAL DATA (WS FORM: F-6)
STATION: BENNINGTON VT
MONTH: FEBRUARY
YEAR: 2020
LATITUDE: 42 53 N
LONGITUDE: 73 15 W
TEMPERATURE IN F: :PCPN: SNOW: WIND :SUNSHINE: SKY :PK WND
================================================================================
1 2 3 4 5 6A 6B 7 8 9 10 11 12 13 14 15 16 17 18
12Z AVG MX 2MIN
DY MAX MIN AVG DEP HDD CDD WTR SNW DPTH SPD SPD DIR MIN PSBL S-S WX SPD DR
================================================================================
1 37 30 34 12 31 0 T M M 0.9 6 250 M M 10 18 9 290
2 33 28 31 9 34 0 T M M 1.2 8 310 M M 10 18 11 290
3 41 25 33 10 32 0 0.01 M M 2.2 13 280 M M 7 18 19 280
4 43 24 34 11 31 0 0.00 M M 2.5 9 350 M M 8 12 290
5 36 25 31 8 34 0 T M M 5.4 15 340 M M 5 22 350
6 38 27 33 10 32 0 0.43 M M 5.8 20 120 M M 10 16 29 110
7 42 17 30 7 35 0 0.75 M M 9.1 18 270 M M 10 128 35 280
8 20 3 12 -12 53 0 T M M 6.7 16 270 M M 6 24 240
9 34 1 18 -6 47 0 T M M 2.1 13 160 M M 8 18 16 150
10 40 27 34 10 31 0 0.25 M M 5.4 21 180 M M 9 1 28 170
11 40 28 34 10 31 0 T M M 2.5 16 260 M M 10 12 24 240
12 39 28 34 10 31 0 T M M 6.3 16 290 M M 4 26 300
13 38 32 35 10 30 0 0.38 M M 3.5 15 210 M M 10 12 23 220
14 32 -3 15 -10 50 0 T M M 6.5 15 350 M M 5 18 20 350
15 26 -9 9 -16 56 0 0.00 M M 2.8 12 170 M M 0 18 170
16 37 22 30 5 35 0 0.08 M M 2.4 12 210 M M 10 1 17 190
17 36 17 27 1 38 0 0.00 M M 5.9 15 280 M M 4 20 280
18 42 21 32 6 33 0 0.29 M M 9.7 29 140 M M 9 1 40 130
19 38 21 30 4 35 0 T M M 11.0 23 280 M M 5 34 280
20 26 9 18 -8 47 0 T M M 6.9 17 260 M M 8 24 280
21 26 -2 12 -14 53 0 0.00 M M 1.9 13 230 M M 0 19 230
22 37 7 22 -5 43 0 0.00 M M 4.2 17 270 M M 2 25 270
23 47 16 32 5 33 0 0.00 M M 1.6 10 290 M M 0 16 300
24 58 21 40 13 25 0 0.00 M M 1.5 10 290 M M 1 16 250
25 49 34 42 15 23 0 0.00 M M 0.8 8 230 M M 8 9 230
26 46 34 40 12 25 0 0.07 M M 4.8 26 120 M M 10 128 40 110
27 44 24 34 6 31 0 0.55 M M 13.4 32 110 M M 10 12 45 110
28 29 23 26 -2 39 0 T M M 11.0 21 240 M M 9 29 220
29 24 16 20 -8 45 0 T M M 8.9 20 280 M M 8 8 32 280
================================================================================
SM 1078 546 1063 0 2.81 M 146.9 M 196
================================================================================
AV 37.2 18.8 5.1 FASTST M M 7 MAX(MPH)
MISC ----> # 32 110 # 45 110
================================================================================
NOTES:
# LAST OF SEVERAL OCCURRENCES
COLUMN 17 PEAK WIND IN M.P.H.
PRELIMINARY LOCAL CLIMATOLOGICAL DATA (WS FORM: F-6) , PAGE 2
STATION: BENNINGTON VT
MONTH: FEBRUARY
YEAR: 2020
LATITUDE: 42 53 N
LONGITUDE: 73 15 W
[TEMPERATURE DATA] [PRECIPITATION DATA] SYMBOLS USED IN COLUMN 16
AVERAGE MONTHLY: 28.0 TOTAL FOR MONTH: 2.81 1 = FOG OR MIST
DPTR FM NORMAL: 3.0 DPTR FM NORMAL: 0.57 2 = FOG REDUCING VISIBILITY
HIGHEST: 58 ON 24 GRTST 24HR 0.75 ON 7- 7 TO 1/4 MILE OR LESS
LOWEST: -9 ON 15 3 = THUNDER
SNOW, ICE PELLETS, HAIL 4 = ICE PELLETS
TOTAL MONTH: M 5 = HAIL
GRTST 24HR M ON M 6 = FREEZING RAIN OR DRIZZLE
GRTST DEPTH: M ON M 7 = DUSTSTORM OR SANDSTORM:
VSBY 1/2 MILE OR LESS
8 = SMOKE OR HAZE
[NO. OF DAYS WITH] [WEATHER - DAYS WITH] 9 = BLOWING SNOW
X = TORNADO
MAX 32 OR BELOW: 7 0.01 INCH OR MORE: 9
MAX 90 OR ABOVE: 0 0.10 INCH OR MORE: 6
MIN 32 OR BELOW: 27 0.50 INCH OR MORE: 2
MIN 0 OR BELOW: 3 1.00 INCH OR MORE: 0
[HDD (BASE 65) ]
TOTAL THIS MO. 1063 CLEAR (SCALE 0-3) 5
DPTR FM NORMAL -57 PTCLDY (SCALE 4-7) 10
TOTAL FM JUL 1 4888 CLOUDY (SCALE 8-10) 14
DPTR FM NORMAL -400
[CDD (BASE 65) ]
TOTAL THIS MO. 0
DPTR FM NORMAL 0 [PRESSURE DATA]
TOTAL FM JAN 1 0 HIGHEST SLP M ON M
DPTR FM NORMAL 0 LOWEST SLP 28.83 ON 7
[REMARKS]
#FINAL-02-20#