000
CXUS53 KILX 012108
CLADEC
CLIMATE REPORT
NATIONAL WEATHER SERVICE LINCOLN IL
308 PM CST MON JAN 01 2024
...................................
...THE DECATUR IL AIRPORT CLIMATE SUMMARY FOR THE YEAR OF 2023...
CLIMATE NORMAL PERIOD 1991 TO 2020
CLIMATE RECORD PERIOD 9999 TO 9999
WEATHER OBSERVED NORMAL DEPART LAST YEAR`S
VALUE DATE(S) VALUE FROM VALUE
NORMAL
..............................................................
TEMPERATURE (F)
RECORD
HIGH MM MM
LOW -9 02/17/2021
HIGHEST 99 08/24 MM MM 98
LOWEST 7 01/31 MM MM -9
02/03
AVG. MAXIMUM 68.0 62.8 5.2 62.9
AVG. MINIMUM 45.9 43.4 2.5 42.5
MEAN 56.9 53.1 3.8 52.7
DAYS MAX >= 90 26 27.0 -1.0 25
DAYS MAX <= 32 9 30.9 -21.9 35
DAYS MIN <= 32 83 112.6 -29.6 112
DAYS MIN <= 0 0 3.9 -3.9 5
PRECIPITATION (INCHES)
RECORD
MAXIMUM 44.01 2022
MINIMUM 36.85 2020
TOTALS 26.26R 36.36 -10.10 44.01
DAILY AVG. 0.08 0.12
DAYS >= .01 86 117.7 -31.7 110
DAYS >= .10 54 66.2 -12.2 63
DAYS >= .50 17 24.0 -7.0 26
DAYS >= 1.00 7 9.1 -2.1 15
GREATEST
24 HR. TOTAL 1.94 3.80
DEGREE DAYS
HEATING TOTAL 3695 5393 -1698 5586
COOLING TOTAL 1135 1105 30 1231
FREEZE DATES
RECORD
EARLIEST MM
LATEST MM
EARLIEST 10/30
LATEST 04/24
..............................................................
SKY COVER
POSSIBLE SUNSHINE (PERCENT) MM
- INDICATES NEGATIVE NUMBERS.
R INDICATES RECORD WAS SET OR TIED.
MM INDICATES DATA IS MISSING.
T INDICATES TRACE AMOUNT.
$$