000
CXUS53 KARX 010900
CF6DEH
PRELIMINARY LOCAL CLIMATOLOGICAL DATA (WS FORM: F-6)
STATION: DECORAH IA
MONTH: MARCH
YEAR: 2022
LATITUDE: 43 16 N
LONGITUDE: 91 44 W
TEMPERATURE IN F: :PCPN: SNOW: WIND :SUNSHINE: SKY :PK WND
================================================================================
1 2 3 4 5 6A 6B 7 8 9 10 11 12 13 14 15 16 17 18
12Z AVG MX 2MIN
DY MAX MIN AVG DEP HDD CDD WTR SNW DPTH SPD SPD DIR MIN PSBL S-S WX SPD DR
================================================================================
1 43 32 38 M 27 0 0.00 0.0 M 4.4 12 10 M M 7 M M
2 45 28 37 M 28 0 0.00 0.0 M 5.7 17 340 M M 7 23 330
3 30 25 28 M 37 0 0.00 0.0 M 5.3 8 60 M M 6 14 60
4 37 27 32 M 33 0 M M M 9.6 16 120 M M 5 25 140
5 52 34 43 M 22 0 0.85 M M 8.1 15 180 M M 8 2 31 180
6 45 28 37 M 28 0 M M M 11.7 16 340 M M 10 1 31 270
7 32 23 28 M 37 0 M M M 9.4 17 330 M M 6 25 330
8 37 19 28 M 37 0 M M M 8.0 14 210 M M 3 23 200
9 30 14 22 M 43 0 M M M 11.3 17 320 M M 9 28 320
10 25 10 18 M 47 0 M M M 6.5 12 340 M M 3 18 340
11 19 7 13 M 52 0 M M M 13.6 21 320 M M 4 36 310
12 25 1 13 M 52 0 M M M 9.4 13 200 M M 4 24 200
13 52 21 37 M 28 0 M M M 6.8 14 200 M M 3 27 200
14 52 34 43 M 22 0 M M M 6.6 12 50 M M 5 16 30
15 54 28 41 M 24 0 M M M 4.4 8 180 M M 2 1 15 99
16 66 39 53 M 12 0 M M M 8.9 16 220 M M 2 30 220
17 52 41 47 M 18 0 0.00 0.0 0 7.2 13 340 M M 6 18 340
18 43 32 38 M 27 0 0.66 M 0 8.1 15 20 M M 10 1 20 20
19 50 30 40 M 25 0 0.00 0.0 0 8.2 15 340 M M 3 21 330
20 61 32 47 M 18 0 0.00 0.0 0 3.6 10 140 M M 1 18 140
21 70 48 59 M 6 0 0.00 0.0 0 10.5 17 210 M M 4 25 220
22 50 45 48 M 17 0 0.76 0.0 0 10.5 17 90 M M 9 1 25 90
23 45 34 40 M 25 0 0.10 M M 12.1 17 350 M M 10 1 26 350
24 37 32 35 M 30 0 0.01 M M 6.9 13 340 M M 10 1 18 340
25 55 28 42 M 23 0 0.01 M M 13.7 29 320 M M 8 1 44 320
26 32 21 27 M 38 0 0.00 0.0 M 17.5 25 340 M M 4 38 350
27 30 18 24 M 41 0 0.00 0.0 M 10.1 15 340 M M 1 22 330
28 37 18 28 M 37 0 M M M 4.3 8 140 M M 5 17 99
29 39 32 36 M 29 0 0.01 0.0 0 14.8 23 130 M M 10 37 130
30 41 34 38 M 27 0 0.08 0.0 0 9.8 17 360 M M 10 12 30 150
31 34 30 32 M 33 0 M M M 15.1 22 330 M M 10 31 330
================================================================================
SM 1320 845 923 0 2.48 0.0 282.1 M 185
================================================================================
AV 42.6 27.3 9.1 FASTST M M 6 MAX(MPH)
MISC ----> 29 320 44 320
================================================================================
NOTES:
# LAST OF SEVERAL OCCURRENCES
COLUMN 17 PEAK WIND IN M.P.H.
PRELIMINARY LOCAL CLIMATOLOGICAL DATA (WS FORM: F-6) , PAGE 2
STATION: DECORAH IA
MONTH: MARCH
YEAR: 2022
LATITUDE: 43 16 N
LONGITUDE: 91 44 W
[TEMPERATURE DATA] [PRECIPITATION DATA] SYMBOLS USED IN COLUMN 16
AVERAGE MONTHLY: 34.9 TOTAL FOR MONTH: 2.48 1 = FOG OR MIST
DPTR FM NORMAL: 0.0 DPTR FM NORMAL: M 2 = FOG REDUCING VISIBILITY
HIGHEST: 70 ON 21 GRTST 24HR 0.85 ON 5- 5 TO 1/4 MILE OR LESS
LOWEST: 1 ON 12 3 = THUNDER
SNOW, ICE PELLETS, HAIL 4 = ICE PELLETS
TOTAL MONTH: 0.0 INCH 5 = HAIL
GRTST 24HR 0.0 6 = FREEZING RAIN OR DRIZZLE
GRTST DEPTH: 0 7 = DUSTSTORM OR SANDSTORM:
VSBY 1/2 MILE OR LESS
8 = SMOKE OR HAZE
[NO. OF DAYS WITH] [WEATHER - DAYS WITH] 9 = BLOWING SNOW
X = TORNADO
MAX 32 OR BELOW: 8 0.01 INCH OR MORE: 8
MAX 90 OR ABOVE: 0 0.10 INCH OR MORE: 4
MIN 32 OR BELOW: 23 0.50 INCH OR MORE: 3
MIN 0 OR BELOW: 0 1.00 INCH OR MORE: 0
[HDD (BASE 65) ]
TOTAL THIS MO. 923 CLEAR (SCALE 0-3) 7
DPTR FM NORMAL M PTCLDY (SCALE 4-7) 14
TOTAL FM JUL 1 6148 CLOUDY (SCALE 8-10) 10
DPTR FM NORMAL M
[CDD (BASE 65) ]
TOTAL THIS MO. 0
DPTR FM NORMAL M [PRESSURE DATA]
TOTAL FM JAN 1 0 HIGHEST SLP M ON M
DPTR FM NORMAL M LOWEST SLP M ON M
[REMARKS]
#FINAL-03-22#