000
CXUS53 KARX 012354
CF6DEH
PRELIMINARY LOCAL CLIMATOLOGICAL DATA (WS FORM: F-6)
STATION: DECORAH IA
MONTH: AUGUST
YEAR: 2023
LATITUDE: 43 16 N
LONGITUDE: 91 44 W
TEMPERATURE IN F: :PCPN: SNOW: WIND :SUNSHINE: SKY :PK WND
================================================================================
1 2 3 4 5 6A 6B 7 8 9 10 11 12 13 14 15 16 17 18
12Z AVG MX 2MIN
DY MAX MIN AVG DEP HDD CDD WTR SNW DPTH SPD SPD DIR MIN PSBL S-S WX SPD DR
================================================================================
1 81 57 69 M 0 4 0.00 0.0 0 3.3 6 99 M M 4 12 99
2 81 64 73 M 0 8 0.00 0.0 0 3.6 7 99 M M 5 1 14 99
3 86 64 75 M 0 10 0.00 0.0 0 1.0 5 99 M M 5 12 M M
4 86 66 76 M 0 11 0.00 0.0 0 3.8 8 150 M M 2 1 16 99
5 82 64 73 M 0 8 0.00 0.0 0 6.1 12 70 M M 4 18 70
6 75 64 70 M 0 5 0.00 0.0 0 6.1 9 100 M M 9 18 18 120
7 79 63 71 M 0 6 0.00 0.0 0 5.7 10 330 M M 5 1 15 350
8 81 57 69 M 0 4 0.00 0.0 0 2.4 9 350 M M 3 1 17 350
9 81 57 69 M 0 4 0.00 0.0 0 2.2 7 99 M M 4 1 13 99
10 81 59 70 M 0 5 0.00 0.0 0 1.5 6 170 M M 4 1 12 0
11 84 63 74 M 0 9 M 0.0 0 4.9 10 230 M M 5 21 0
12 82 61 72 M 0 7 0.00 0.0 0 4.6 15 310 M M 1 23 290
13 68 57 63 M 2 0 T 0.0 0 1.7 8 130 M M 7 14 130
14 70 57 64 M 1 0 T 0.0 0 6.2 10 10 M M 9 1 18 30
15 77 54 66 M 0 1 0.00 0.0 0 4.1 10 10 M M 2 17 10
16 81 59 70 M 0 5 0.00 0.0 0 8.0 14 210 M M 3 29 180
17 73 57 65 M 0 0 0.00 0.0 0 8.6 16 330 M M 5 29 330
18 75 50 63 M 2 0 0.00 0.0 0 4.7 10 200 M M 2 1 16 200
19 88 63 76 M 0 11 0.00 0.0 0 7.3 14 170 M M 4 1 23 170
20 90 70 80 M 0 15 0.00 0.0 0 4.7 9 20 M M 3 1 15 99
21 84 70 77 M 0 12 0.00 0.0 0 5.5 9 160 M M 6 14 140
22 91 66 79 M 0 14 0.00 0.0 0 7.3 10 210 M M 3 1 18 190
23 100 79 90 M 0 25 0.00 0.0 0 7.0 9 220 M M 2 1 18 240
24 93 75 84 M 0 19 0.00 0.0 0 6.5 14 340 M M 2 18 320
25 86 70 78 M 0 13 M 0.0 0 3.7 8 340 M M 4 13 0
26 75 61 68 M 0 3 0.00 0.0 0 6.7 12 20 M M 7 17 30
27 75 55 65 M 0 0 0.00 0.0 0 2.2 7 99 M M 3 14 99
28 81 54 68 M 0 3 0.00 0.0 0 4.0 8 230 M M 2 15 99
29 79 59 69 M 0 4 0.00 0.0 0 6.5 16 340 M M 4 24 340
30 75 54 65 M 0 0 0.00 0.0 0 4.3 9 60 M M 4 13 350
31 77 50 64 M 1 0 0.00 0.0 0 5.4 10 150 M M 0 16 150
================================================================================
SM 2517 1899 6 206 T 0.0 149.6 M 123
================================================================================
AV 81.2 61.3 4.8 FASTST M M 4 MAX(MPH)
MISC ----> # 16 330 # 29 180
================================================================================
NOTES:
# LAST OF SEVERAL OCCURRENCES
COLUMN 17 PEAK WIND IN M.P.H.
PRELIMINARY LOCAL CLIMATOLOGICAL DATA (WS FORM: F-6) , PAGE 2
STATION: DECORAH IA
MONTH: AUGUST
YEAR: 2023
LATITUDE: 43 16 N
LONGITUDE: 91 44 W
[TEMPERATURE DATA] [PRECIPITATION DATA] SYMBOLS USED IN COLUMN 16
AVERAGE MONTHLY: 71.2 TOTAL FOR MONTH: T 1 = FOG OR MIST
DPTR FM NORMAL: 0.0 DPTR FM NORMAL: M 2 = FOG REDUCING VISIBILITY
HIGHEST: 100 ON 23 GRTST 24HR T ON 13-13 TO 1/4 MILE OR LESS
LOWEST: 50 ON 31,18 3 = THUNDER
SNOW, ICE PELLETS, HAIL 4 = ICE PELLETS
TOTAL MONTH: 0.0 INCH 5 = HAIL
GRTST 24HR 0.0 6 = FREEZING RAIN OR DRIZZLE
GRTST DEPTH: 0 7 = DUSTSTORM OR SANDSTORM:
VSBY 1/2 MILE OR LESS
8 = SMOKE OR HAZE
[NO. OF DAYS WITH] [WEATHER - DAYS WITH] 9 = BLOWING SNOW
X = TORNADO
MAX 32 OR BELOW: 0 0.01 INCH OR MORE: 0
MAX 90 OR ABOVE: 4 0.10 INCH OR MORE: 0
MIN 32 OR BELOW: 0 0.50 INCH OR MORE: 0
MIN 0 OR BELOW: 0 1.00 INCH OR MORE: 0
[HDD (BASE 65) ]
TOTAL THIS MO. 6 CLEAR (SCALE 0-3) 10
DPTR FM NORMAL M PTCLDY (SCALE 4-7) 19
TOTAL FM JUL 1 19 CLOUDY (SCALE 8-10) 2
DPTR FM NORMAL M
[CDD (BASE 65) ]
TOTAL THIS MO. 206
DPTR FM NORMAL M [PRESSURE DATA]
TOTAL FM JAN 1 581 HIGHEST SLP M ON M
DPTR FM NORMAL M LOWEST SLP M ON M
[REMARKS]
#FINAL-08-23#