000
CXUS54 KSHV 011500
CF6DEQ
PRELIMINARY LOCAL CLIMATOLOGICAL DATA (WS FORM: F-6)
STATION: DE QUEEN
MONTH: MAY
YEAR: 2020
LATITUDE: 34 2 N
LONGITUDE: 94 24 W
TEMPERATURE IN F: :PCPN: SNOW: WIND :SUNSHINE: SKY :PK WND
================================================================================
1 2 3 4 5 6A 6B 7 8 9 10 11 12 13 14 15 16 17 18
12Z AVG MX 2MIN
DY MAX MIN AVG DEP HDD CDD WTR SNW DPTH SPD SPD DIR MIN PSBL S-S WX SPD DR
================================================================================
1 84 50 67 1 0 2 0.00 0.0 0 4.4 16 200 M M 0 12 20 190
2 84 56 70 4 0 5 0.00 0.0 0 5.9 16 180 M M 1 1 20 170
3 86 66 76 10 0 11 0.00 0.0 0 3.8 13 230 M M 6 1 19 210
4 88 69 79 12 0 14 0.00 0.0 0 6.5 16 170 M M 5 1 21 190
5 78 53 66 -1 0 1 0.53 0.0 0 4.6 16 20 M M 3 13 24 20
6 79 48 64 -3 1 0 0.00 0.0 0 4.1 15 50 M M 2 12 22 40
7 74 49 62 -5 3 0 0.00 0.0 0 6.2 15 130 M M 2 21 110
8 73 49 61 -7 4 0 0.39 0.0 0 6.3 32 320 M M 6 13 45 310
9 71 43 57 -11 8 0 0.00 0.0 0 3.5 15 110 M M 0 1 21 90
10 76 44 60 -8 5 0 0.00 0.0 0 1.4 9 40 M M 3 1 12 40
11 72 52 62 -6 3 0 0.00 0.0 0 7.0 14 90 M M 5 21 80
12 59 52 56 -13 9 0 0.59 0.0 0 7.0 15 80 M M 8 1 22 70
13 84 55 70 1 0 5 0.00 0.0 0 5.7 14 200 M M 6 20 140
14 86 66 76 7 0 11 T 0.0 0 5.0 13 170 M M 4 19 160
15 82 61 72 2 0 7 0.38 0.0 0 4.6 18 360 M M 7 138 28 350
16 78 60 69 -1 0 4 1.23 0.0 0 5.7 15 50 M M 7 13 22 60
17 83 57 70 0 0 5 0.42 0.0 0 3.1 16 320 M M 6 1 24 330
18 85 52 69 -1 0 4 0.00 0.0 0 4.6 17 310 M M 1 1 23 300
19 84 60 72 1 0 7 0.00 0.0 0 3.4 10 80 M M 2 14 90
20 82 56 69 -2 0 4 0.00 0.0 0 4.0 13 80 M M 0 1 19 90
21 79 65 72 1 0 7 T 0.0 0 4.8 12 90 M M 7 17 80
22 89 68 79 8 0 14 T 0.0 0 5.7 13 180 M M 5 13 17 150
23 81 67 74 2 0 9 1.45 0.0 0 6.1 23 270 M M 4 13 29 330
24 88 65 77 5 0 12 0.68 0.0 0 5.9 26 250 M M 4 13 38 230
25 85 66 76 4 0 11 1.24 0.0 0 5.9 18 160 M M 9 13 25 150
26 79 65 72 0 0 7 0.01 0.0 0 5.5 14 250 M M 7 13 19 240
27 76 62 69 -4 0 4 0.50 0.0 0 1.2 15 300 M M 4 123 21 280
28 80 63 72 -1 0 7 0.51 0.0 0 3.1 15 250 M M 5 138 19 240
29 87 60 74 1 0 9 0.00 0.0 0 3.5 15 50 M M 0 1 21 30
30 87 57 72 -2 0 7 0.00 0.0 0 2.3 13 70 M M 0 1 17 80
31 86 57 72 -2 0 7 0.00 0.0 0 4.1 13 90 M M 0 1 17 70
================================================================================
SM 2505 1793 33 174 7.93 0.0 144.9 M 119
================================================================================
AV 80.8 57.8 4.7 FASTST M M 4 MAX(MPH)
MISC ----> # 32 320 # 45 310
================================================================================
NOTES:
# LAST OF SEVERAL OCCURRENCES
COLUMN 17 PEAK WIND IN M.P.H.
PRELIMINARY LOCAL CLIMATOLOGICAL DATA (WS FORM: F-6) , PAGE 2
STATION: DE QUEEN
MONTH: MAY
YEAR: 2020
LATITUDE: 34 2 N
LONGITUDE: 94 24 W
[TEMPERATURE DATA] [PRECIPITATION DATA] SYMBOLS USED IN COLUMN 16
AVERAGE MONTHLY: 69.3 TOTAL FOR MONTH: 7.93 1 = FOG OR MIST
DPTR FM NORMAL: -0.5 DPTR FM NORMAL: 2.37 2 = FOG REDUCING VISIBILITY
HIGHEST: 89 ON 22 GRTST 24HR 1.45 ON 23-23 TO 1/4 MILE OR LESS
LOWEST: 43 ON 9 3 = THUNDER
SNOW, ICE PELLETS, HAIL 4 = ICE PELLETS
TOTAL MONTH: 0.0 INCH 5 = HAIL
GRTST 24HR 0.0 6 = FREEZING RAIN OR DRIZZLE
GRTST DEPTH: 0 7 = DUSTSTORM OR SANDSTORM:
VSBY 1/2 MILE OR LESS
8 = SMOKE OR HAZE
[NO. OF DAYS WITH] [WEATHER - DAYS WITH] 9 = BLOWING SNOW
X = TORNADO
MAX 32 OR BELOW: 0 0.01 INCH OR MORE: 12
MAX 90 OR ABOVE: 0 0.10 INCH OR MORE: 11
MIN 32 OR BELOW: 0 0.50 INCH OR MORE: 8
MIN 0 OR BELOW: 0 1.00 INCH OR MORE: 3
[HDD (BASE 65) ]
TOTAL THIS MO. 33 CLEAR (SCALE 0-3) 13
DPTR FM NORMAL 12 PTCLDY (SCALE 4-7) 17
TOTAL FM JUL 1 2666 CLOUDY (SCALE 8-10) 1
DPTR FM NORMAL -376
[CDD (BASE 65) ]
TOTAL THIS MO. 174
DPTR FM NORMAL 4 [PRESSURE DATA]
TOTAL FM JAN 1 241 HIGHEST SLP 30.30 ON 11
DPTR FM NORMAL 24 LOWEST SLP 29.62 ON 16
[REMARKS]
#FINAL-05-20#