000
CXUS53 KIWX 010910
CF6DFI
PRELIMINARY LOCAL CLIMATOLOGICAL DATA (WS FORM: F-6)
STATION: DEFIANCE MEMORIAL
MONTH: OCTOBER
YEAR: 2020
LATITUDE: 41 20 N
LONGITUDE: 84 26 W
TEMPERATURE IN F: :PCPN: SNOW: WIND :SUNSHINE: SKY :PK WND
================================================================================
1 2 3 4 5 6A 6B 7 8 9 10 11 12 13 14 15 16 17 18
12Z AVG MX 2MIN
DY MAX MIN AVG DEP HDD CDD WTR SNW DPTH SPD SPD DIR MIN PSBL S-S WX SPD DR
================================================================================
1 66 42 54 -3 11 0 T 0.0 0 8.0 24 310 M M 3 34 310
2 59 38 49 -8 16 0 0.00 0.0 0 5.2 13 300 M M 3 17 310
3 60 34 47 -9 18 0 0.00 0.0 0 3.7 9 100 M M 6 13 100
4 57 41 49 -7 16 0 0.24 0.0 0 3.5 13 320 M M 8 1 19 300
5 60 34 47 -9 18 0 0.00 0.0 0 4.1 15 170 M M 4 12 22 150
6 75 43 59 4 6 0 0.00 0.0 0 8.5 21 210 M M 1 32 190
7 78 46 62 7 3 0 0.00 0.0 0 9.3 24 300 M M 0 35 320
8 73 40 57 3 8 0 0.00 0.0 0 2.8 15 310 M M 0 21 310
9 85 40 63 9 2 0 0.00 0.0 0 7.4 21 190 M M 0 29 190
10 76 61 69 15 0 4 0.00 0.0 0 8.8 18 70 M M 2 27 220
11 74 57 66 12 0 1 0.00 0.0 0 10.4 18 70 M M 7 24 70
12 73 51 62 9 3 0 0.47 0.0 0 9.5 26 300 M M 8 13 36 280
13 69 41 55 2 10 0 0.00 0.0 0 5.9 20 200 M M 0 1 26 200
14 73 40 57 5 8 0 0.00 0.0 0 7.6 23 180 M M 1 36 190
15 66 M M M M M 0.03 0.0 0 7.3 20 210 M M 7 32 260
16 57 32 45 -7 20 0 0.00 0.0 0 5.6 16 230 M M 2 1 26 220
17 60 35 48 -4 17 0 0.00 0.0 0 9.2 20 170 M M 3 29 190
18 65 47 56 5 9 0 T 0.0 0 9.8 22 200 M M 9 35 190
19 50 43 47 -4 18 0 0.08 0.0 0 7.2 13 20 M M 10 18 20 40
20 53 43 48 -3 17 0 0.34 0.0 0 8.1 16 90 M M 10 13 24 100
21 63 50 57 7 8 0 0.47 0.0 0 7.0 20 200 M M 7 13 27 200
22 78 52 65 15 0 0 0.16 0.0 0 6.6 14 180 M M 6 18 21 180
23 80 46 63 13 2 0 0.18 0.0 0 12.1 23 300 M M 6 13 38 270
24 50 34 42 -7 23 0 0.00 M M 6.1 18 330 M M 4 24 340
25 48 33 41 -8 24 0 0.00 M M 8.5 15 30 M M 10 20 40
26 50 43 47 -2 18 0 0.00 M M 6.0 12 350 M M 9 18 16 330
27 44 41 43 -5 22 0 0.03 M M 2.3 8 350 M M 10 18 10 40
28 53 42 48 0 17 0 0.01 M M 4.6 13 210 M M 5 1 20 220
29 54 43 49 1 16 0 0.10 M M 9.2 22 360 M M 9 1 31 360
30 46 33 40 -8 25 0 0.00 M M 6.9 16 350 M M 10 22 350
31 54 29 42 -5 23 0 0.00 M M 8.2 17 190 M M 1 25 210
================================================================================
SM 1949 1254 378 5 2.11 0.0 219.4 M 161
================================================================================
AV 62.9 41.8 7.1 FASTST M M 5 MAX(MPH)
MISC ----> 26 300 38 270
================================================================================
NOTES:
# LAST OF SEVERAL OCCURRENCES
COLUMN 17 PEAK WIND IN M.P.H.
PRELIMINARY LOCAL CLIMATOLOGICAL DATA (WS FORM: F-6) , PAGE 2
STATION: DEFIANCE MEMORIAL
MONTH: OCTOBER
YEAR: 2020
LATITUDE: 41 20 N
LONGITUDE: 84 26 W
[TEMPERATURE DATA] [PRECIPITATION DATA] SYMBOLS USED IN COLUMN 16
AVERAGE MONTHLY: 52.3 TOTAL FOR MONTH: 2.11 1 = FOG OR MIST
DPTR FM NORMAL: 0.3 DPTR FM NORMAL: -0.25 2 = FOG REDUCING VISIBILITY
HIGHEST: 85 ON 9 GRTST 24HR 0.69 ON 20-21 TO 1/4 MILE OR LESS
LOWEST: 29 ON 31 3 = THUNDER
SNOW, ICE PELLETS, HAIL 4 = ICE PELLETS
TOTAL MONTH: 0.0 INCH 5 = HAIL
GRTST 24HR 0.0 6 = FREEZING RAIN OR DRIZZLE
GRTST DEPTH: 0 7 = DUSTSTORM OR SANDSTORM:
VSBY 1/2 MILE OR LESS
8 = SMOKE OR HAZE
[NO. OF DAYS WITH] [WEATHER - DAYS WITH] 9 = BLOWING SNOW
X = TORNADO
MAX 32 OR BELOW: 0 0.01 INCH OR MORE: 11
MAX 90 OR ABOVE: 0 0.10 INCH OR MORE: 7
MIN 32 OR BELOW: 2 0.50 INCH OR MORE: 0
MIN 0 OR BELOW: 0 1.00 INCH OR MORE: 0
[HDD (BASE 65) ]
TOTAL THIS MO. 378 CLEAR (SCALE 0-3) 12
DPTR FM NORMAL -35 PTCLDY (SCALE 4-7) 11
TOTAL FM JUL 1 456 CLOUDY (SCALE 8-10) 8
DPTR FM NORMAL -79
[CDD (BASE 65) ]
TOTAL THIS MO. 5
DPTR FM NORMAL -5 [PRESSURE DATA]
TOTAL FM JAN 1 1051 HIGHEST SLP 30.42 ON 31
DPTR FM NORMAL 352 LOWEST SLP 29.63 ON 15
[REMARKS]
#FINAL-10-20#