000
CXUS54 KFWD 010900
CLMDFW
CLIMATE REPORT
NATIONAL WEATHER SERVICE FORT WORTH TX
400 AM CDT THU JUN 01 2023
...................................
...THE DALLAS/FORT WORTH CLIMATE SUMMARY FOR THE MONTH OF MAY 2023...
CLIMATE NORMAL PERIOD 1991 TO 2020
CLIMATE RECORD PERIOD 1898 TO 2023
WEATHER OBSERVED NORMAL DEPART LAST YEAR`S
VALUE DATE(S) VALUE FROM VALUE DATE(S)
NORMAL
................................................................
TEMPERATURE (F)
RECORD
HIGH 107 05/28/1927
LOW 34 05/01/1903
HIGHEST 96 05/05 94 2 97 05/15
LOWEST 53 05/01 50 3 54 05/03
05/02
05/26
AVG. MAXIMUM 85.4 83.6 1.8 88.8
AVG. MINIMUM 65.9 64.5 1.4 67.0
MEAN 75.6 74.0 1.6 77.9
DAYS MAX >= 90 6 6.9 -0.9 20
DAYS MAX <= 32 0 0.0 0.0 0
DAYS MAX >= 100 0 0
DAYS MIN <= 32 0 0.0 0.0 0
DAYS MIN <= 0 0 0.0 0.0 0
DAYS MIN >= 80 0 0
PRECIPITATION (INCHES)
RECORD
MAXIMUM 16.96 2015
MINIMUM 0.22 1911
TOTALS 2.35 4.78 -2.43 3.00
DAILY AVG. 0.08 0.15 -0.07 0.10
DAYS >= .01 10 9.1 0.9 7
DAYS >= .10 7 6.4 0.6 5
DAYS >= .50 1 3.5 -2.5 3
DAYS >= 1.00 0 1.5 -1.5 1
GREATEST
24 HR. TOTAL 0.94 05/19 TO 05/19 1.33
DEGREE DAYS
HEATING TOTAL 0 10 -10 0
SINCE 7/1 1839 2216 -377 MM
COOLING TOTAL 338 290 48 408
SINCE 1/1 504 437 67 MM
................................................................
WIND (MPH)
AVERAGE WIND SPEED 8.3
HIGHEST WIND SPEED/DIRECTION 35/300 DATE 05/06
HIGHEST GUST SPEED/DIRECTION 42/310 DATE 05/06
SKY COVER
POSSIBLE SUNSHINE (PERCENT) MM
AVERAGE SKY COVER 0.70
NUMBER OF DAYS FAIR 0
NUMBER OF DAYS PC 17
NUMBER OF DAYS CLOUDY 14
AVERAGE RH (PERCENT) 66
WEATHER CONDITIONS. NUMBER OF DAYS WITH
THUNDERSTORM 10 MIXED PRECIP 0
HEAVY RAIN 4 RAIN 8
LIGHT RAIN 12 FREEZING RAIN 0
LT FREEZING RAIN 0 HAIL 0
HEAVY SNOW 0 SNOW 0
LIGHT SNOW 0 SLEET 0
FOG 9 FOG W/VIS <= 1/4 MILE 0
HAZE 3
- INDICATES NEGATIVE NUMBERS.
R INDICATES RECORD WAS SET OR TIED.
MM INDICATES DATA IS MISSING.
T INDICATES TRACE AMOUNT.
$$