333
CXUS55 KCYS 031512
CF6DGW
PRELIMINARY LOCAL CLIMATOLOGICAL DATA (WS FORM: F-6) ...CORRECTED...
STATION: CONVERSE CO (DOUGLAS) WY ARPT
MONTH: SEPTEMBER
YEAR: 2020
LATITUDE: 42 46 N
LONGITUDE: 105 22 W
TEMPERATURE IN F: :PCPN: SNOW: WIND :SUNSHINE: SKY :PK WND
================================================================================
1 2 3 4 5 6A 6B 7 8 9 10 11 12 13 14 15 16 17 18
12Z AVG MX 2MIN
DY MAX MIN AVG DEP HDD CDD WTR SNW DPTH SPD SPD DIR MIN PSBL S-S WX SPD DR
================================================================================
1 80 41 61 -4 4 0 0.00 M M 10.3 28 310 M M 0 37 310
2 92 41 67 2 0 2 0.00 M M 11.1 32 280 M M 0 8 46 280
3 83 41 62 -2 3 0 0.00 M M 3.5 16 310 M M 0 21 190
4 89 46 68 4 0 3 0.00 M M 5.0 13 90 M M 0 17 90
5 100 47 74 10 0 9 0.00 M M 5.4 26 270 M M 0 34 310
6 91 53 72 9 0 7 0.00 M M 8.6 22 10 M M 0 29 340
7 72 32 52 -10 13 0 0.16 M M 15.0 36 350 M M 4 1 45 10
8 34 31 33 -29 32 0 0.14 M M 8.9 21 70 M M 10 1 28 40
9 44 29 37 -25 28 0 0.00 M M 4.7 12 160 M M 2 17 180
10 54 27 41 -20 24 0 0.00 M M 4.0 14 190 M M 5 12 17 180
11 58 41 50 -11 15 0 T M M 5.8 18 310 M M 9 1 24 290
12 79 41 60 0 5 0 0.00 M M 10.0 21 310 M M 0 29 320
13 84 39 62 2 3 0 0.00 M M 5.1 14 300 M M 0 19 300
14 88 41 65 6 0 0 0.00 M M 3.4 15 290 M M 0 8 20 290
15 89 41 65 6 0 0 0.00 M M 6.4 18 270 M M 0 24 290
16 76 41 59 1 6 0 0.00 M M 9.9 28 140 M M 0 8 37 130
17 79 42 61 3 4 0 0.00 M M 8.2 15 110 M M 2 18 19 300
18 80 49 65 8 0 0 0.00 M M 11.3 18 140 M M 0 8 25 140
19 85 44 65 8 0 0 0.00 M M 8.5 35 300 M M 1 1 44 280
20 M M M M M M M M M M M M M M 0 M M
21 81 35 58 2 7 0 0.00 M M 4.7 17 290 M M 0 26 300
22 87 38 63 8 2 0 0.00 M M 4.8 17 310 M M 0 8 23 320
23 82 45 64 9 1 0 0.00 M M 9.0 25 280 M M 1 32 290
24 89 39 64 10 1 0 0.00 M M 8.9 24 270 M M 0 34 270
25 85 39 62 8 3 0 0.00 M M 9.2 35 280 M M 0 8 44 280
26 77 46 62 9 3 0 0.00 M M 11.3 43 280 M M 3 60 280
27 56 35 46 -7 19 0 0.05 M M 13.1 29 10 M M 0 43 360
28 62 31 47 -5 18 0 0.00 M M 12.1 25 310 M M 1 33 300
29 80 38 59 7 6 0 0.00 M M 11.1 29 290 M M 0 36 290
30 66 37 52 0 13 0 0.00 M M 10.3 20 360 M M 1 28 320
================================================================================
SM 2222 1150 210 21 0.35 M 239.6 M 39
================================================================================
AV 76.6 39.7 8.3 FASTST M M 1 MAX(MPH)
MISC ----> # 43 280 # 60 280
================================================================================
NOTES:
# LAST OF SEVERAL OCCURRENCES
COLUMN 17 PEAK WIND IN M.P.H.
PRELIMINARY LOCAL CLIMATOLOGICAL DATA (WS FORM: F-6) , PAGE 2
STATION: CONVERSE CO (DOUGLAS) WY ARPT
MONTH: SEPTEMBER
YEAR: 2020
LATITUDE: 42 46 N
LONGITUDE: 105 22 W
[TEMPERATURE DATA] [PRECIPITATION DATA] SYMBOLS USED IN COLUMN 16
AVERAGE MONTHLY: 58.1 TOTAL FOR MONTH: 0.35 1 = FOG OR MIST
DPTR FM NORMAL: -0.3 DPTR FM NORMAL: -0.88 2 = FOG REDUCING VISIBILITY
HIGHEST: 100 ON 5 GRTST 24HR 0.16 ON 7- 7 TO 1/4 MILE OR LESS
LOWEST: 27 ON 10 3 = THUNDER
SNOW, ICE PELLETS, HAIL 4 = ICE PELLETS
TOTAL MONTH: M 5 = HAIL
GRTST 24HR M ON M 6 = FREEZING RAIN OR DRIZZLE
GRTST DEPTH: M ON M 7 = DUSTSTORM OR SANDSTORM:
VSBY 1/2 MILE OR LESS
8 = SMOKE OR HAZE
[NO. OF DAYS WITH] [WEATHER - DAYS WITH] 9 = BLOWING SNOW
X = TORNADO
MAX 32 OR BELOW: 0 0.01 INCH OR MORE: 3
MAX 90 OR ABOVE: 3 0.10 INCH OR MORE: 2
MIN 32 OR BELOW: 5 0.50 INCH OR MORE: 0
MIN 0 OR BELOW: 0 1.00 INCH OR MORE: 0
[HDD (BASE 65) ]
TOTAL THIS MO. 210 CLEAR (SCALE 0-3) 26
DPTR FM NORMAL -18 PTCLDY (SCALE 4-7) 2
TOTAL FM JUL 1 221 CLOUDY (SCALE 8-10) 2
DPTR FM NORMAL -48
[CDD (BASE 65) ]
TOTAL THIS MO. 21
DPTR FM NORMAL -7 [PRESSURE DATA]
TOTAL FM JAN 1 624 HIGHEST SLP 30.53 ON 8
DPTR FM NORMAL 138 LOWEST SLP 29.55 ON 26
[REMARKS]
SEPTEMBER 20TH...MISSING DATA.
#FINAL-09-20#