000
CXUS55 KCYS 011710
CF6DGW
PRELIMINARY LOCAL CLIMATOLOGICAL DATA (WS FORM: F-6)
STATION: CONVERSE CO (DOUGLAS) WY ARPT
MONTH: DECEMBER
YEAR: 2023
LATITUDE: 42 46 N
LONGITUDE: 105 22 W
TEMPERATURE IN F: :PCPN: SNOW: WIND :SUNSHINE: SKY :PK WND
================================================================================
1 2 3 4 5 6A 6B 7 8 9 10 11 12 13 14 15 16 17 18
12Z AVG MX 2MIN
DY MAX MIN AVG DEP HDD CDD WTR SNW DPTH SPD SPD DIR MIN PSBL S-S WX SPD DR
================================================================================
1 39 11 25 -3 40 0 0.00 M M 5.4 15 240 M M 1 12 23 250
2 37 22 30 3 35 0 0.00 M M 16.4 37 260 M M 1 52 260
3 36 20 28 1 37 0 T M M 13.4 29 300 M M 4 1 39 280
4 45 20 33 6 32 0 T M M 10.7 36 270 M M 3 46 260
5 57 22 40 14 25 0 0.00 M M 7.1 25 280 M M 3 34 280
6 63 32 48 22 17 0 0.00 M M 10.3 29 280 M M 0 35 280
7 54 34 44 18 21 0 0.00 M M 25.1 46 270 M M 1 58 280
8 37 23 30 4 35 0 0.00 M M 12.9 28 290 M M 2 38 290
9 32 14 23 -2 42 0 0.06 M M 9.5 21 320 M M 6 12 27 320
10 44 24 34 9 31 0 0.00 M M 12.6 31 300 M M 2 43 300
11 47 18 33 8 32 0 T M M 5.8 17 310 M M 4 22 320
12 31 27 29 4 36 0 T M M 9.1 21 150 M M 10 1 28 160
13 33 27 30 6 35 0 0.00 M M 7.6 17 140 M M 7 22 140
14 43 19 31 7 34 0 0.00 M M 6.5 15 150 M M 3 12 19 150
15 47 17 32 8 33 0 0.00 M M 9.0 26 300 M M 0 34 300
16 56 16 36 12 29 0 0.00 M M 7.0 26 300 M M 0 35 310
17 49 17 33 9 32 0 0.00 M M 7.4 23 340 M M 0 31 360
18 48 11 30 6 35 0 0.00 M M 3.0 17 330 M M 0 30 330
19 60 28 44 20 21 0 0.00 M M 9.2 23 290 M M 1 30 290
20 59 23 41 17 24 0 0.00 M M 3.5 14 310 M M 0 18 280
21 56 23 40 16 25 0 0.00 M M 6.8 18 290 M M 0 25 280
22 54 18 36 12 29 0 0.00 M M 3.5 21 260 M M 0 29 270
23 51 22 37 13 28 0 0.02 M M 10.6 35 10 M M 5 1 60 10
24 27 5 16 -8 49 0 0.01 M M 13.1 25 320 M M 6 1 35 330
25 25 3 14 -10 51 0 0.00 M M 15.8 28 300 M M 3 35 300
26 35 20 28 4 37 0 0.03 M M 18.8 35 340 M M 10 1 55 300
27 39 12 26 2 39 0 0.00 M M 11.1 22 310 M M 2 27 300
28 44 6 25 1 40 0 0.00 M M 7.3 17 310 M M 0 21 310
29 47 12 30 6 35 0 0.00 M M 4.3 15 300 M M 0 8 19 300
30 51 20 36 12 29 0 0.00 M M 3.9 13 310 M M 2 16 310
31 37 13 25 0 40 0 0.00 M M 4.6 12 140 M M 0 15 130
================================================================================
SM 1383 579 1028 0 0.12 M 291.3 M 76
================================================================================
AV 44.6 18.7 9.4 FASTST M M 2 MAX(MPH)
MISC ----> 46 270 60 10
================================================================================
NOTES:
# LAST OF SEVERAL OCCURRENCES
COLUMN 17 PEAK WIND IN M.P.H.
PRELIMINARY LOCAL CLIMATOLOGICAL DATA (WS FORM: F-6) , PAGE 2
STATION: CONVERSE CO (DOUGLAS) WY ARPT
MONTH: DECEMBER
YEAR: 2023
LATITUDE: 42 46 N
LONGITUDE: 105 22 W
[TEMPERATURE DATA] [PRECIPITATION DATA] SYMBOLS USED IN COLUMN 16
AVERAGE MONTHLY: 31.6 TOTAL FOR MONTH: 0.12 1 = FOG OR MIST
DPTR FM NORMAL: 6.7 DPTR FM NORMAL: -0.15 2 = FOG REDUCING VISIBILITY
HIGHEST: 63 ON 6 GRTST 24HR 0.06 ON 9- 9 TO 1/4 MILE OR LESS
LOWEST: 3 ON 25 3 = THUNDER
SNOW, ICE PELLETS, HAIL 4 = ICE PELLETS
TOTAL MONTH: M 5 = HAIL
GRTST 24HR M ON M 6 = FREEZING RAIN OR DRIZZLE
GRTST DEPTH: M ON M 7 = DUSTSTORM OR SANDSTORM:
VSBY 1/2 MILE OR LESS
8 = SMOKE OR HAZE
[NO. OF DAYS WITH] [WEATHER - DAYS WITH] 9 = BLOWING SNOW
X = TORNADO
MAX 32 OR BELOW: 4 0.01 INCH OR MORE: 4
MAX 90 OR ABOVE: 0 0.10 INCH OR MORE: 0
MIN 32 OR BELOW: 30 0.50 INCH OR MORE: 0
MIN 0 OR BELOW: 0 1.00 INCH OR MORE: 0
[HDD (BASE 65) ]
TOTAL THIS MO. 1028 CLEAR (SCALE 0-3) 20
DPTR FM NORMAL -215 PTCLDY (SCALE 4-7) 9
TOTAL FM JUL 1 2640 CLOUDY (SCALE 8-10) 2
DPTR FM NORMAL -369
[CDD (BASE 65) ]
TOTAL THIS MO. 0
DPTR FM NORMAL 0 [PRESSURE DATA]
TOTAL FM JAN 1 414 HIGHEST SLP 30.49 ON 13
DPTR FM NORMAL -98 LOWEST SLP 29.41 ON 7
[REMARKS]
#FINAL-12-23#