000
CXUS54 KAMA 011547
CLMDHT
CLIMATE REPORT
NATIONAL WEATHER SERVICE AMARILLO
947 AM CST FRI DEC 01 2023
...................................
...THE DALHART CLIMATE SUMMARY FOR THE MONTH OF NOVEMBER 2023...
CLIMATE NORMAL PERIOD: 1991 TO 2020
CLIMATE RECORD PERIOD: 1948 TO 2023
WEATHER OBSERVED NORMAL DEPART LAST YEAR`S
VALUE DATE(S) VALUE FROM VALUE DATE(S)
NORMAL
................................................................
TEMPERATURE (F)
RECORD
HIGH 89 11/08/1980
LOW -5 11/28/1976
HIGHEST 84 11/05 76 11/02
11/07
11/09
LOWEST 13 11/26 8 11/30
AVG. MAXIMUM 62.9 60.7 2.2 54.5
AVG. MINIMUM 29.0 29.6 -0.6 26.2
MEAN 46.0 45.1 0.9 40.3
DAYS MAX >= 90 0 0.0 0.0 0
DAYS MAX <= 32 1 0.7 0.3 1
DAYS MIN <= 32 19 19.5 -0.5 21
DAYS MIN <= 0 0 0.0 0.0 0
PRECIPITATION (INCHES)
TOTALS 0.16 0.53 -0.37 0.08
DAILY AVG. 0.01 0.02 -0.01 0.00
DAYS >= .01 2 3.4 -1.4 2
DAYS >= .10 1 1.2 -0.2 0
DAYS >= .50 0 0.3 -0.3 0
DAYS >= 1.00 0 0.1 -0.1 0
GREATEST
24 HR. TOTAL 0.15 11/25 TO 11/25
SNOWFALL (INCHES)
TOTALS MM 1.9 MM MM
SINCE 7/1 MM 3.2 MM MM
DAYS >= TRACE 0 1.1 -1.1
DAYS >= 1.0 0 0.6 -0.6 0
GREATEST
SNOW DEPTH MM
24 HR TOTAL MM
DEGREE DAYS
HEATING TOTAL 566 596 -30 732
SINCE 7/1 798 900 -102 MM
COOLING TOTAL 0 1 -1 2
SINCE 1/1 1347 1404 -57 MM
................................................................
WIND (MPH)
AVERAGE WIND SPEED 10.2
HIGHEST WIND SPEED/DIRECTION 39/360 DATE 11/20
HIGHEST GUST SPEED/DIRECTION 61/010 DATE 11/20
SKY COVER
POSSIBLE SUNSHINE (PERCENT) MM
NUMBER OF DAYS FAIR 20
NUMBER OF DAYS PC 2
NUMBER OF DAYS CLOUDY 3
AVERAGE RH (PERCENT) 51
WEATHER CONDITIONS. NUMBER OF DAYS WITH
THUNDERSTORM 0 MIXED PRECIP 0
HEAVY RAIN 0 RAIN 0
LIGHT RAIN 3 FREEZING RAIN 0
LT FREEZING RAIN 0 HEAVY SNOW 1
SNOW 2 LIGHT SNOW 2
SLEET 0 FOG 6
FOG W/VIS <= 1/4 MILE 1 HAZE 6
- INDICATES NEGATIVE NUMBERS.
R INDICATES RECORD WAS SET OR TIED.
MM INDICATES DATA IS MISSING.
T INDICATES TRACE AMOUNT.
$$