000
CXUS53 KBIS 010930
CF6DIK
PRELIMINARY LOCAL CLIMATOLOGICAL DATA (WS FORM: F-6)
STATION: DICKINSON ND
MONTH: NOVEMBER
YEAR: 2021
LATITUDE: 46 47 N
LONGITUDE: 102 48 W
TEMPERATURE IN F: :PCPN: SNOW: WIND :SUNSHINE: SKY :PK WND
================================================================================
1 2 3 4 5 6A 6B 7 8 9 10 11 12 13 14 15 16 17 18
12Z AVG MX 2MIN
DY MAX MIN AVG DEP HDD CDD WTR SNW DPTH SPD SPD DIR MIN PSBL S-S WX SPD DR
================================================================================
1 39 15 27 -9 38 0 0.00 M M 8.1 17 320 M M 2 26 330
2 45 14 30 -6 35 0 0.00 M M 7.4 12 190 M M 0 15 140
3 57 22 40 5 25 0 0.00 M M 7.1 18 280 M M 0 22 280
4 68 27 48 13 17 0 0.00 M M 9.5 15 200 M M 0 21 190
5 64 34 49 15 16 0 T M M 15.8 31 280 M M 1 43 310
6 69 34 52 18 13 0 0.00 M M 8.3 22 190 M M 0 28 180
7 58 29 44 10 21 0 0.00 M M 7.1 23 330 M M 3 30 330
8 54 27 41 8 24 0 0.00 M M 8.9 18 230 M M 0 24 240
9 53 19 36 3 29 0 0.00 M M 10.4 18 130 M M 1 25 120
10 50 34 42 10 23 0 T M M 17.5 35 290 M M 3 8 46 280
11 35 24 30 -2 35 0 T M M 28.6 46 300 M M 8 18 59 310
12 29 18 24 -8 41 0 0.00 M M 14.7 33 320 M M 7 45 320
13 53 26 40 9 25 0 0.02 M M 18.2 47 280 M M 6 1 63 280
14 45 30 38 7 27 0 0.02 M M 8.9 15 250 M M 6 1 19 240
15 62 34 48 18 17 0 0.00 M M 7.1 16 180 M M 3 20 170
16 59 30 45 15 20 0 0.00 M M 26.6 47 280 M M 2 8 63 280
17 30 19 25 -5 40 0 T M M 29.9 46 290 M M 5 8 57 290
18 37 12 25 -4 40 0 0.00 M M 12.6 22 290 M M 1 27 150
19 51 21 36 7 29 0 0.00 M M 8.1 18 270 M M 5 22 270
20 46 22 34 6 31 0 0.00 M M 8.9 18 250 M M 2 25 250
21 32 20 26 -2 39 0 0.00 M M 10.3 25 320 M M 3 37 320
22 51 25 38 10 27 0 0.00 M M 9.7 17 210 M M 0 23 210
23 50 24 37 10 28 0 0.00 M M 9.3 18 240 M M 0 23 240
24 31 1 16 -11 49 0 T M M 14.0 26 320 M M 6 18 35 320
25 40 1 21 -6 44 0 0.00 M M 12.0 22 180 M M 2 28 160
26 59 31 45 19 20 0 0.00 M M 12.6 25 280 M M 0 34 300
27 44 22 33 7 32 0 0.00 M M 9.8 23 290 M M 2 29 290
28 54 22 38 12 27 0 0.00 M M 9.6 15 250 M M 3 22 250
29 51 30 41 16 24 0 0.00 M M 9.9 21 300 M M 1 25 300
30 49 24 37 12 28 0 0.00 M M 10.9 22 280 M M 3 1 30 210
================================================================================
SM 1465 691 864 0 0.04 M 371.8 M 75
================================================================================
AV 48.8 23.0 12.4 FASTST M M 3 MAX(MPH)
MISC ----> # 47 280 # 63 280
================================================================================
NOTES:
# LAST OF SEVERAL OCCURRENCES
COLUMN 17 PEAK WIND IN M.P.H.
PRELIMINARY LOCAL CLIMATOLOGICAL DATA (WS FORM: F-6) , PAGE 2
STATION: DICKINSON ND
MONTH: NOVEMBER
YEAR: 2021
LATITUDE: 46 47 N
LONGITUDE: 102 48 W
[TEMPERATURE DATA] [PRECIPITATION DATA] SYMBOLS USED IN COLUMN 16
AVERAGE MONTHLY: 35.9 TOTAL FOR MONTH: 0.04 1 = FOG OR MIST
DPTR FM NORMAL: 5.6 DPTR FM NORMAL: -0.43 2 = FOG REDUCING VISIBILITY
HIGHEST: 69 ON 6 GRTST 24HR 0.02 ON 13-13 TO 1/4 MILE OR LESS
LOWEST: 1 ON 25,24 3 = THUNDER
SNOW, ICE PELLETS, HAIL 4 = ICE PELLETS
TOTAL MONTH: M 5 = HAIL
GRTST 24HR M ON M 6 = FREEZING RAIN OR DRIZZLE
GRTST DEPTH: M ON M 7 = DUSTSTORM OR SANDSTORM:
VSBY 1/2 MILE OR LESS
8 = SMOKE OR HAZE
[NO. OF DAYS WITH] [WEATHER - DAYS WITH] 9 = BLOWING SNOW
X = TORNADO
MAX 32 OR BELOW: 4 0.01 INCH OR MORE: 2
MAX 90 OR ABOVE: 0 0.10 INCH OR MORE: 0
MIN 32 OR BELOW: 26 0.50 INCH OR MORE: 0
MIN 0 OR BELOW: 0 1.00 INCH OR MORE: 0
[HDD (BASE 65) ]
TOTAL THIS MO. 864 CLEAR (SCALE 0-3) 21
DPTR FM NORMAL -177 PTCLDY (SCALE 4-7) 9
TOTAL FM JUL 1 1491 CLOUDY (SCALE 8-10) 0
DPTR FM NORMAL -520
[CDD (BASE 65) ]
TOTAL THIS MO. 0
DPTR FM NORMAL 0 [PRESSURE DATA]
TOTAL FM JAN 1 687 HIGHEST SLP 30.55 ON 24
DPTR FM NORMAL 269 LOWEST SLP 29.29 ON 16
[REMARKS]
#FINAL-11-21#