000
CXUS56 KTFX 011210
CF6DLN
PRELIMINARY LOCAL CLIMATOLOGICAL DATA (WS FORM: F-6)
STATION: DILLON AIRPORT MT
MONTH: NOVEMBER
YEAR: 2020
LATITUDE: 45 15 N
LONGITUDE: 112 33 W
TEMPERATURE IN F: :PCPN: SNOW: WIND :SUNSHINE: SKY :PK WND
================================================================================
1 2 3 4 5 6A 6B 7 8 9 10 11 12 13 14 15 16 17 18
12Z AVG MX 2MIN
DY MAX MIN AVG DEP HDD CDD WTR SNW DPTH SPD SPD DIR MIN PSBL S-S WX SPD DR
================================================================================
1 61 24 43 5 22 0 0.00 M 0 6.3 15 210 M M 0 8 16 210
2 70 34 52 15 13 0 0.00 M 0 9.5 15 200 M M 0 19 190
3 70 33 52 15 13 0 0.00 M 0 10.2 21 220 M M 0 8 25 230
4 66 36 51 15 14 0 0.00 M 0 11.7 23 220 M M 1 28 230
5 70 39 55 19 10 0 0.00 M 0 17.3 31 140 M M 0 8 39 200
6 67 35 51 16 14 0 0.00 M 0 8.1 23 160 M M 0 28 170
7 61 28 45 10 20 0 0.04 M 0 11.2 37 170 M M 4 1 47 170
8 27 9 18 -16 47 0 0.14 M 5 19.4 32 20 M M 10 129 39 10
9 18 0 9 -25 56 0 0.00 M 3 4.4 12 60 M M 4 13 60
10 29 3 16 -17 49 0 0.00 M 3 13.3 22 220 M M 5 28 220
11 26 6 16 -17 49 0 T M 2 8.7 18 220 M M 3 23 230
12 26 11 19 -13 46 0 0.00 M T 9.6 18 230 M M 1 23 230
13 36 9 23 -9 42 0 0.02 M 0 11.9 26 270 M M 4 1 43 270
14 31 19 25 -6 40 0 T M T 15.3 36 270 M M 3 44 270
15 41 19 30 -1 35 0 T M T 10.4 25 240 M M 4 18 30 240
16 41 21 31 1 34 0 0.00 M 0 6.9 16 220 M M 2 19 220
17 54 26 40 10 25 0 0.00 M 0 9.8 25 180 M M 0 32 170
18 51 33 42 13 23 0 0.01 M 0 11.9 32 230 M M 7 43 220
19 43 23 33 4 32 0 T M 0 10.4 28 250 M M 4 18 36 270
20 36 13 25 -3 40 0 0.00 M 0 8.7 18 210 M M 0 23 210
21 39 14 27 -1 38 0 0.00 M 0 8.5 17 230 M M 0 21 210
22 35 12 24 -3 41 0 0.00 M 0 8.9 14 190 M M 0 17 190
23 38 17 28 1 37 0 0.00 M 0 7.0 14 200 M M 2 16 200
24 39 19 29 3 36 0 0.00 M 0 11.1 22 210 M M 2 28 200
25 36 18 27 1 38 0 T M 0 6.6 16 30 M M 6 1 20 230
26 37 16 27 2 38 0 0.00 M 0 13.3 23 250 M M 1 27 260
27 39 16 28 3 37 0 0.00 M 0 8.7 21 210 M M 0 25 220
28 42 17 30 6 35 0 0.00 M 0 13.4 26 220 M M 1 32 220
29 36 11 24 0 41 0 0.00 M 0 7.9 15 190 M M 0 18 190
30 45 18 32 9 33 0 0.00 M 0 12.3 31 260 M M 3 37 250
================================================================================
SM 1310 579 998 0 0.21 M 312.7 M 67
================================================================================
AV 43.7 19.3 10.4 FASTST M M 2 MAX(MPH)
MISC ----> 37 170 47 170
================================================================================
NOTES:
# LAST OF SEVERAL OCCURRENCES
COLUMN 17 PEAK WIND IN M.P.H.
PRELIMINARY LOCAL CLIMATOLOGICAL DATA (WS FORM: F-6) , PAGE 2
STATION: DILLON AIRPORT MT
MONTH: NOVEMBER
YEAR: 2020
LATITUDE: 45 15 N
LONGITUDE: 112 33 W
[TEMPERATURE DATA] [PRECIPITATION DATA] SYMBOLS USED IN COLUMN 16
AVERAGE MONTHLY: 31.5 TOTAL FOR MONTH: 0.21 1 = FOG OR MIST
DPTR FM NORMAL: 1.0 DPTR FM NORMAL: -0.16 2 = FOG REDUCING VISIBILITY
HIGHEST: 70 ON 5, 3 GRTST 24HR 0.18 ON 7- 8 TO 1/4 MILE OR LESS
LOWEST: 0 ON 9 3 = THUNDER
SNOW, ICE PELLETS, HAIL 4 = ICE PELLETS
TOTAL MONTH: M 5 = HAIL
GRTST 24HR M ON M 6 = FREEZING RAIN OR DRIZZLE
GRTST DEPTH: 5 ON 8 7 = DUSTSTORM OR SANDSTORM:
VSBY 1/2 MILE OR LESS
8 = SMOKE OR HAZE
[NO. OF DAYS WITH] [WEATHER - DAYS WITH] 9 = BLOWING SNOW
X = TORNADO
MAX 32 OR BELOW: 6 0.01 INCH OR MORE: 4
MAX 90 OR ABOVE: 0 0.10 INCH OR MORE: 1
MIN 32 OR BELOW: 24 0.50 INCH OR MORE: 0
MIN 0 OR BELOW: 1 1.00 INCH OR MORE: 0
[HDD (BASE 65) ]
TOTAL THIS MO. 998 CLEAR (SCALE 0-3) 21
DPTR FM NORMAL -37 PTCLDY (SCALE 4-7) 8
TOTAL FM JUL 1 2061 CLOUDY (SCALE 8-10) 1
DPTR FM NORMAL -90
[CDD (BASE 65) ]
TOTAL THIS MO. 0
DPTR FM NORMAL 0 [PRESSURE DATA]
TOTAL FM JAN 1 163 HIGHEST SLP 30.64 ON 20
DPTR FM NORMAL 7 LOWEST SLP 29.17 ON 7
[REMARKS]
#FINAL-11-20#