000
CXUS53 KEAX 010836
CF6DMO
PRELIMINARY LOCAL CLIMATOLOGICAL DATA (WS FORM: F-6)
STATION: SEDALIA MO
MONTH: DECEMBER
YEAR: 2021
LATITUDE: 38 42 N
LONGITUDE: 93 6 W
TEMPERATURE IN F: :PCPN: SNOW: WIND :SUNSHINE: SKY :PK WND
================================================================================
1 2 3 4 5 6A 6B 7 8 9 10 11 12 13 14 15 16 17 18
12Z AVG MX 2MIN
DY MAX MIN AVG DEP HDD CDD WTR SNW DPTH SPD SPD DIR MIN PSBL S-S WX SPD DR
================================================================================
1 65 44 55 17 10 0 T M M 8.1 16 230 M M 2 24 220
2 71 50 61 23 4 0 0.00 M M 9.2 17 230 M M 0 27 220
3 70 48 59 21 6 0 0.00 M M 10.8 17 230 M M 0 26 210
4 53 37 45 7 20 0 0.00 M M 9.7 20 130 M M 1 28 130
5 67 46 57 20 8 0 0.00 M M 14.9 29 210 M M 6 40 210
6 47 29 38 1 27 0 0.00 M M 13.0 32 340 M M 1 46 320
7 39 26 33 -4 32 0 0.00 M M 9.0 21 180 M M 4 27 180
8 50 29 40 4 25 0 0.00 M M 7.6 16 160 M M 0 8 22 170
9 65 41 53 17 12 0 0.00 M M 11.8 28 220 M M 0 40 220
10 69 39 54 18 11 0 0.05 M M 12.7 32 290 M M 4 123 43 290
11 48 35 42 7 23 0 0.00 M M 15.0 29 290 M M 4 42 280
12 55 34 45 10 20 0 0.00 M M 13.0 22 200 M M 0 8 29 210
13 60 35 48 13 17 0 0.00 M M 9.1 16 220 M M 0 23 230
14 67 45 56 22 9 0 0.00 M M 13.9 23 170 M M 4 31 200
15 77 60 69 35 0 4 0.02 M M 21.0 40 240 M M 7 8 67 250
16 60 32 46 12 19 0 0.00 M M 7.7 18 260 M M 2 8 26 260
17 42 30 36 2 29 0 0.01 M M 10.4 22 120 M M 8 1 28 130
18 41 25 33 -1 32 0 0.00 M M 11.7 20 320 M M 6 1 26 320
19 37 19 28 -5 37 0 0.00 M M 5.6 12 190 M M 0 19 220
20 51 24 38 5 27 0 0.00 M M 9.3 18 210 M M 0 26 200
21 50 22 36 3 29 0 0.00 M M 7.7 18 280 M M 0 25 280
22 54 23 39 6 26 0 0.00 M M 8.6 17 180 M M 0 22 190
23 60 42 51 19 14 0 0.00 M M 12.7 30 230 M M 1 1 42 220
24 73 45 59 27 6 0 T M M 15.4 32 220 M M 0 46 220
25 64 42 53 21 12 0 0.00 M M 5.6 20 360 M M 1 18 24 310
26 65 36 51 19 14 0 0.00 M M 13.7 26 140 M M 1 1 37 150
27 65 40 53 21 12 0 0.00 M M 11.0 21 230 M M 0 30 280
28 54 36 45 14 20 0 0.93 M M 11.7 23 120 M M 7 1 34 110
29 36 29 33 2 32 0 0.00 M M 8.9 16 70 M M 9 1 22 80
30 40 31 36 5 29 0 0.00 M M 4.6 13 220 M M 7 12 17 230
31 62 33 48 17 17 0 0.00 M M 10.2 22 220 M M 0 1 32 230
================================================================================
SM 1757 1107 579 4 1.01 M 333.6 M 75
================================================================================
AV 56.7 35.7 10.8 FASTST M M 2 MAX(MPH)
MISC ----> 40 240 67 250
================================================================================
NOTES:
# LAST OF SEVERAL OCCURRENCES
COLUMN 17 PEAK WIND IN M.P.H.
PRELIMINARY LOCAL CLIMATOLOGICAL DATA (WS FORM: F-6) , PAGE 2
STATION: SEDALIA MO
MONTH: DECEMBER
YEAR: 2021
LATITUDE: 38 42 N
LONGITUDE: 93 6 W
[TEMPERATURE DATA] [PRECIPITATION DATA] SYMBOLS USED IN COLUMN 16
AVERAGE MONTHLY: 46.2 TOTAL FOR MONTH: 1.01 1 = FOG OR MIST
DPTR FM NORMAL: 11.9 DPTR FM NORMAL: -0.66 2 = FOG REDUCING VISIBILITY
HIGHEST: 77 ON 15 GRTST 24HR 0.93 ON 28-28 TO 1/4 MILE OR LESS
LOWEST: 19 ON 19 3 = THUNDER
SNOW, ICE PELLETS, HAIL 4 = ICE PELLETS
TOTAL MONTH: M 5 = HAIL
GRTST 24HR M ON M 6 = FREEZING RAIN OR DRIZZLE
GRTST DEPTH: M ON M 7 = DUSTSTORM OR SANDSTORM:
VSBY 1/2 MILE OR LESS
8 = SMOKE OR HAZE
[NO. OF DAYS WITH] [WEATHER - DAYS WITH] 9 = BLOWING SNOW
X = TORNADO
MAX 32 OR BELOW: 0 0.01 INCH OR MORE: 4
MAX 90 OR ABOVE: 0 0.10 INCH OR MORE: 1
MIN 32 OR BELOW: 12 0.50 INCH OR MORE: 1
MIN 0 OR BELOW: 0 1.00 INCH OR MORE: 0
[HDD (BASE 65) ]
TOTAL THIS MO. 579 CLEAR (SCALE 0-3) 20
DPTR FM NORMAL -374 PTCLDY (SCALE 4-7) 10
TOTAL FM JUL 1 1282 CLOUDY (SCALE 8-10) 1
DPTR FM NORMAL -647
[CDD (BASE 65) ]
TOTAL THIS MO. 4
DPTR FM NORMAL 4 [PRESSURE DATA]
TOTAL FM JAN 1 1644 HIGHEST SLP 30.45 ON 19
DPTR FM NORMAL 378 LOWEST SLP 29.34 ON 10
[REMARKS]
#FINAL-12-21#