000
CXUS55 KEAX 010736
CF6DMO
PRELIMINARY LOCAL CLIMATOLOGICAL DATA (WS FORM: F-6)
STATION: SEDALIA MO
MONTH: JULY
YEAR: 2020
LATITUDE: 38 42 N
LONGITUDE: 93 6 W
TEMPERATURE IN F: :PCPN: SNOW: WIND :SUNSHINE: SKY :PK WND
================================================================================
1 2 3 4 5 6A 6B 7 8 9 10 11 12 13 14 15 16 17 18
12Z AVG MX 2MIN
DY MAX MIN AVG DEP HDD CDD WTR SNW DPTH SPD SPD DIR MIN PSBL S-S WX SPD DR
================================================================================
1 82 70 76 -2 0 11 0.20 M M 6.6 36 320 M M 3 13 53 330
2 89 70 80 2 0 15 0.00 M M 4.3 12 70 M M 2 1 15 60
3 91 71 81 3 0 16 0.00 M M 4.1 15 70 M M 1 1 20 70
4 87 72 80 2 0 15 0.55 M M 5.0 17 40 M M 2 13 22 30
5 91 69 80 1 0 15 0.00 M M 3.6 10 70 M M 2 18 15 50
6 93 70 82 3 0 17 0.00 M M 3.3 8 80 M M 1 1 12 70
7 93 71 82 3 0 17 T M M 4.7 15 350 M M 1 3 22 340
8 92 72 82 3 0 17 0.00 M M 6.2 10 150 M M 1 17 150
9 90 73 82 3 0 17 0.00 M M 8.1 15 220 M M 1 21 220
10 92 67 80 1 0 15 0.00 M M 4.1 8 120 M M 0 12 120
11 93 69 81 2 0 16 0.00 M M 6.2 15 220 M M 0 22 220
12 87 68 78 -1 0 13 0.00 M M 7.3 20 330 M M 0 27 350
13 90 67 79 0 0 14 0.00 M M 7.2 12 160 M M 0 20 130
14 90 68 79 0 0 14 0.00 M M 8.3 16 120 M M 1 23 150
15 84 68 76 -3 0 11 0.09 M M 6.8 17 330 M M 5 13 26 340
16 88 64 76 -3 0 11 0.00 M M 3.7 15 100 M M 0 1 22 100
17 93 72 83 4 0 18 0.00 M M 8.2 18 160 M M 1 3 24 150
18 95 76 86 7 0 21 0.00 M M 13.3 22 210 M M 0 32 180
19 92 71 82 3 0 17 0.72 M M 8.5 22 20 M M 4 13 30 30
20 83 70 77 -2 0 12 0.63 M M 5.3 20 210 M M 4 13 25 210
21 84 71 78 -1 0 13 0.52 M M 3.6 14 280 M M 3 123 21 280
22 89 68 79 0 0 14 0.00 M M 1.9 7 350 M M 3 12 10 330
23 93 71 82 3 0 17 0.00 M M 4.4 12 60 M M 0 14 60
24 93 72 83 4 0 18 0.00 M M 5.9 10 130 M M 1 14 120
25 93 73 83 4 0 18 0.00 M M 6.2 12 200 M M 1 15 190
26 92 76 84 4 0 19 0.00 M M 8.0 18 180 M M 1 28 170
27 83 73 78 -2 0 13 0.47 M M 5.1 14 310 M M 5 13 21 310
28 88 72 80 0 0 15 0.00 M M 5.6 15 150 M M 4 12 20 140
29 86 72 79 -1 0 14 0.75 M M 5.4 22 240 M M 7 138 35 230
30 80 71 76 -4 0 11 0.81 M M 5.6 16 70 M M 10 13 25 70
31 77 64 71 -9 0 6 0.29 M M 10.6 20 50 M M 7 1 27 40
================================================================================
SM 2753 2181 0 460 5.03 M 187.1 M 71
================================================================================
AV 88.8 70.4 6.0 FASTST M M 2 MAX(MPH)
MISC ----> 36 320 53 330
================================================================================
NOTES:
# LAST OF SEVERAL OCCURRENCES
COLUMN 17 PEAK WIND IN M.P.H.
PRELIMINARY LOCAL CLIMATOLOGICAL DATA (WS FORM: F-6) , PAGE 2
STATION: SEDALIA MO
MONTH: JULY
YEAR: 2020
LATITUDE: 38 42 N
LONGITUDE: 93 6 W
[TEMPERATURE DATA] [PRECIPITATION DATA] SYMBOLS USED IN COLUMN 16
AVERAGE MONTHLY: 79.6 TOTAL FOR MONTH: 5.03 1 = FOG OR MIST
DPTR FM NORMAL: 0.5 DPTR FM NORMAL: 0.82 2 = FOG REDUCING VISIBILITY
HIGHEST: 95 ON 18 GRTST 24HR 1.35 ON 19-20 TO 1/4 MILE OR LESS
LOWEST: 64 ON 31,16 3 = THUNDER
SNOW, ICE PELLETS, HAIL 4 = ICE PELLETS
TOTAL MONTH: M 5 = HAIL
GRTST 24HR M ON M 6 = FREEZING RAIN OR DRIZZLE
GRTST DEPTH: M ON M 7 = DUSTSTORM OR SANDSTORM:
VSBY 1/2 MILE OR LESS
8 = SMOKE OR HAZE
[NO. OF DAYS WITH] [WEATHER - DAYS WITH] 9 = BLOWING SNOW
X = TORNADO
MAX 32 OR BELOW: 0 0.01 INCH OR MORE: 10
MAX 90 OR ABOVE: 17 0.10 INCH OR MORE: 9
MIN 32 OR BELOW: 0 0.50 INCH OR MORE: 6
MIN 0 OR BELOW: 0 1.00 INCH OR MORE: 0
[HDD (BASE 65) ]
TOTAL THIS MO. 0 CLEAR (SCALE 0-3) 21
DPTR FM NORMAL 0 PTCLDY (SCALE 4-7) 9
TOTAL FM JUL 1 0 CLOUDY (SCALE 8-10) 1
DPTR FM NORMAL 0
[CDD (BASE 65) ]
TOTAL THIS MO. 460
DPTR FM NORMAL 23 [PRESSURE DATA]
TOTAL FM JAN 1 882 HIGHEST SLP M ON M
DPTR FM NORMAL 2 LOWEST SLP 29.74 ON 1
[REMARKS]
#FINAL-07-20#