000
CXUS53 KEAX 010836
CF6DMO
PRELIMINARY LOCAL CLIMATOLOGICAL DATA (WS FORM: F-6)
STATION: SEDALIA MO
MONTH: NOVEMBER
YEAR: 2023
LATITUDE: 38 42 N
LONGITUDE: 93 6 W
TEMPERATURE IN F: :PCPN: SNOW: WIND :SUNSHINE: SKY :PK WND
================================================================================
1 2 3 4 5 6A 6B 7 8 9 10 11 12 13 14 15 16 17 18
12Z AVG MX 2MIN
DY MAX MIN AVG DEP HDD CDD WTR SNW DPTH SPD SPD DIR MIN PSBL S-S WX SPD DR
================================================================================
1 49 19 34 -16 31 0 0.00 M M 6.5 16 180 M M 0 25 200
2 63 35 49 -1 16 0 0.00 M M 12.3 22 210 M M 0 31 200
3 70 43 57 8 8 0 0.00 M M 13.0 24 240 M M 0 36 220
4 63 44 54 5 11 0 T M M 3.2 10 360 M M 4 8 14 360
5 71 36 54 6 11 0 0.00 M M 7.9 16 170 M M 1 1 23 170
6 74 58 66 18 0 1 0.00 M M 9.0 20 230 M M 2 27 220
7 80 55 68 20 0 3 0.00 M M 9.0 17 140 M M 2 28 120
8 80 51 66 19 0 1 0.00 M M 12.9 23 330 M M 2 33 230
9 56 41 49 2 16 0 0.00 M M 5.3 16 340 M M 0 22 350
10 57 37 47 1 18 0 0.00 M M 5.4 16 330 M M 0 22 340
11 57 32 45 -1 20 0 0.00 M M 6.7 16 150 M M 3 20 120
12 66 35 51 5 14 0 0.00 M M 8.6 15 210 M M 0 19 210
13 70 42 56 11 9 0 0.00 M M 5.4 13 60 M M 0 18 70
14 69 38 54 9 11 0 0.00 M M 8.3 15 180 M M 0 23 220
15 71 43 57 13 8 0 0.00 M M 7.7 14 210 M M 0 17 200
16 64 48 56 12 9 0 0.00 M M 10.6 23 190 M M 3 32 180
17 59 37 48 4 17 0 0.00 M M 7.7 22 340 M M 3 28 340
18 61 34 48 5 17 0 0.00 M M 5.8 10 220 M M 0 8 14 200
19 57 36 47 4 18 0 0.04 M M 6.8 13 130 M M 4 8 17 80
20 49 43 46 4 19 0 0.16 M M 10.0 16 350 M M 10 1 24 80
21 47 34 41 -1 24 0 T M M 12.3 21 320 M M 9 1 28 350
22 47 27 37 -5 28 0 0.00 M M 8.4 14 220 M M 0 19 210
23 54 35 45 4 20 0 0.00 M M 9.7 17 220 M M 0 25 220
24 41 29 35 -6 30 0 0.00 M M 11.1 17 40 M M 1 23 20
25 45 24 35 -6 30 0 0.07 M M 5.3 13 140 M M 3 8 17 120
26 39 28 34 -6 31 0 0.09 M M 10.9 24 310 M M 8 1 33 300
27 46 24 35 -5 30 0 0.00 M M 8.9 21 270 M M 1 27 280
28 43 20 32 -8 33 0 0.00 M M 7.2 15 220 M M 0 8 21 240
29 59 33 46 7 19 0 0.00 M M 9.0 14 220 M M 0 21 230
30 54 44 49 10 16 0 0.85 M M 9.9 17 200 M M 7 18 24 210
================================================================================
SM 1761 1105 514 5 1.21 M 254.8 M 63
================================================================================
AV 58.7 36.8 8.5 FASTST M M 2 MAX(MPH)
MISC ----> # 24 240 36 220
================================================================================
NOTES:
# LAST OF SEVERAL OCCURRENCES
COLUMN 17 PEAK WIND IN M.P.H.
PRELIMINARY LOCAL CLIMATOLOGICAL DATA (WS FORM: F-6) , PAGE 2
STATION: SEDALIA MO
MONTH: NOVEMBER
YEAR: 2023
LATITUDE: 38 42 N
LONGITUDE: 93 6 W
[TEMPERATURE DATA] [PRECIPITATION DATA] SYMBOLS USED IN COLUMN 16
AVERAGE MONTHLY: 47.8 TOTAL FOR MONTH: 1.21 1 = FOG OR MIST
DPTR FM NORMAL: 3.4 DPTR FM NORMAL: -1.24 2 = FOG REDUCING VISIBILITY
HIGHEST: 80 ON 8, 7 GRTST 24HR 0.85 ON 30-30 TO 1/4 MILE OR LESS
LOWEST: 19 ON 1 3 = THUNDER
SNOW, ICE PELLETS, HAIL 4 = ICE PELLETS
TOTAL MONTH: M 5 = HAIL
GRTST 24HR M ON M 6 = FREEZING RAIN OR DRIZZLE
GRTST DEPTH: M ON M 7 = DUSTSTORM OR SANDSTORM:
VSBY 1/2 MILE OR LESS
8 = SMOKE OR HAZE
[NO. OF DAYS WITH] [WEATHER - DAYS WITH] 9 = BLOWING SNOW
X = TORNADO
MAX 32 OR BELOW: 0 0.01 INCH OR MORE: 5
MAX 90 OR ABOVE: 0 0.10 INCH OR MORE: 2
MIN 32 OR BELOW: 8 0.50 INCH OR MORE: 1
MIN 0 OR BELOW: 0 1.00 INCH OR MORE: 0
[HDD (BASE 65) ]
TOTAL THIS MO. 514 CLEAR (SCALE 0-3) 24
DPTR FM NORMAL -107 PTCLDY (SCALE 4-7) 3
TOTAL FM JUL 1 745 CLOUDY (SCALE 8-10) 3
DPTR FM NORMAL -230
[CDD (BASE 65) ]
TOTAL THIS MO. 5
DPTR FM NORMAL 3 [PRESSURE DATA]
TOTAL FM JAN 1 1653 HIGHEST SLP 30.51 ON 1
DPTR FM NORMAL 387 LOWEST SLP 29.62 ON 8
[REMARKS]
#FINAL-11-23#