000
CXUS53 KEAX 010736
CF6DMO
PRELIMINARY LOCAL CLIMATOLOGICAL DATA (WS FORM: F-6)
STATION: SEDALIA MO
MONTH: AUGUST
YEAR: 2023
LATITUDE: 38 42 N
LONGITUDE: 93 6 W
TEMPERATURE IN F: :PCPN: SNOW: WIND :SUNSHINE: SKY :PK WND
================================================================================
1 2 3 4 5 6A 6B 7 8 9 10 11 12 13 14 15 16 17 18
12Z AVG MX 2MIN
DY MAX MIN AVG DEP HDD CDD WTR SNW DPTH SPD SPD DIR MIN PSBL S-S WX SPD DR
================================================================================
1 87 69 78 0 0 13 5.81 M M 10.0 22 350 M M 5 13 34 360
2 86 72 79 1 0 14 0.78 M M 9.3 20 140 M M 5 138 27 80
3 82 74 78 0 0 13 0.22 M M 4.2 10 120 M M 6 13 13 320
4 87 73 80 2 0 15 T M M 7.6 16 50 M M 4 13 20 150
5 87 73 80 3 0 15 0.00 M M 5.9 14 260 M M 5 8 22 310
6 88 72 80 3 0 15 T M M 11.1 22 260 M M 3 34 230
7 83 67 75 -2 0 10 0.03 M M 7.0 21 290 M M 6 1 30 290
8 87 64 76 -1 0 11 0.00 M M 4.0 8 190 M M 1 13 240
9 82 69 76 -1 0 11 0.14 M M 4.0 13 40 M M 5 13 16 40
10 87 65 76 -1 0 11 0.00 M M 3.6 9 170 M M 2 12 14 160
11 92 71 82 5 0 17 0.00 M M 7.3 13 240 M M 1 19 250
12 91 71 81 4 0 16 0.05 M M 6.1 17 360 M M 3 13 26 10
13 79 71 75 -2 0 10 1.46 M M 5.6 20 210 M M 5 13 28 210
14 80 64 72 -4 0 7 0.03 M M 10.6 21 280 M M 5 1 34 280
15 79 61 70 -6 0 5 0.00 M M 6.7 15 10 M M 5 19 30
16 80 59 70 -6 0 5 0.00 M M 7.4 15 200 M M 0 20 190
17 85 63 74 -2 0 9 0.00 M M 8.4 16 240 M M 0 26 220
18 82 57 70 -6 0 5 0.00 M M 5.5 13 150 M M 0 17 150
19 93 65 79 3 0 14 0.00 M M 10.6 16 180 M M 0 22 210
20 99 80 90 14 0 25 0.00 M M 7.4 16 220 M M 0 27 240
21 96 77 87 12 0 22 0.00 M M 4.6 13 60 M M 5 128 16 70
22 96 76 86 11 0 21 0.00 M M 3.5 8 100 M M 4 128 11 130
23 97 78 88 13 0 23 0.00 M M 7.0 13 200 M M 0 18 240
24 98 79 89 14 0 24 0.00 M M 7.7 13 210 M M 0 18 260
25 99 80 90 16 0 25 T M M 7.4 16 320 M M 1 3 24 310
26 83 72 78 4 0 13 T M M 6.9 18 20 M M 5 3 25 190
27 83 61 72 -2 0 7 0.00 M M 8.1 16 20 M M 4 1 24 360
28 85 59 72 -2 0 7 0.00 M M 2.5 9 50 M M 3 15 60
29 91 63 77 3 0 12 0.00 M M 6.0 15 340 M M 0 21 340
30 85 62 74 1 0 9 0.00 M M 7.3 16 30 M M 0 8 22 30
31 82 54 68 -5 0 3 0.00 M M 4.8 12 100 M M 0 1 17 110
================================================================================
SM 2711 2121 0 407 8.52 M 208.1 M 83
================================================================================
AV 87.5 68.4 6.7 FASTST M M 3 MAX(MPH)
MISC ----> # 22 350 # 34 360
================================================================================
NOTES:
# LAST OF SEVERAL OCCURRENCES
COLUMN 17 PEAK WIND IN M.P.H.
PRELIMINARY LOCAL CLIMATOLOGICAL DATA (WS FORM: F-6) , PAGE 2
STATION: SEDALIA MO
MONTH: AUGUST
YEAR: 2023
LATITUDE: 38 42 N
LONGITUDE: 93 6 W
[TEMPERATURE DATA] [PRECIPITATION DATA] SYMBOLS USED IN COLUMN 16
AVERAGE MONTHLY: 77.9 TOTAL FOR MONTH: 8.52 1 = FOG OR MIST
DPTR FM NORMAL: 2.0 DPTR FM NORMAL: 5.68 2 = FOG REDUCING VISIBILITY
HIGHEST: 99 ON 25,20 GRTST 24HR 6.46 ON 31- 1 TO 1/4 MILE OR LESS
LOWEST: 54 ON 31 3 = THUNDER
SNOW, ICE PELLETS, HAIL 4 = ICE PELLETS
TOTAL MONTH: M 5 = HAIL
GRTST 24HR M ON M 6 = FREEZING RAIN OR DRIZZLE
GRTST DEPTH: M ON M 7 = DUSTSTORM OR SANDSTORM:
VSBY 1/2 MILE OR LESS
8 = SMOKE OR HAZE
[NO. OF DAYS WITH] [WEATHER - DAYS WITH] 9 = BLOWING SNOW
X = TORNADO
MAX 32 OR BELOW: 0 0.01 INCH OR MORE: 8
MAX 90 OR ABOVE: 10 0.10 INCH OR MORE: 5
MIN 32 OR BELOW: 0 0.50 INCH OR MORE: 3
MIN 0 OR BELOW: 0 1.00 INCH OR MORE: 2
[HDD (BASE 65) ]
TOTAL THIS MO. 0 CLEAR (SCALE 0-3) 16
DPTR FM NORMAL -2 PTCLDY (SCALE 4-7) 15
TOTAL FM JUL 1 0 CLOUDY (SCALE 8-10) 0
DPTR FM NORMAL -1
[CDD (BASE 65) ]
TOTAL THIS MO. 407
DPTR FM NORMAL 67 [PRESSURE DATA]
TOTAL FM JAN 1 1349 HIGHEST SLP M ON M
DPTR FM NORMAL 253 LOWEST SLP 29.75 ON 9
[REMARKS]
#FINAL-08-23#