000
CXUS55 KVEF 010910
CF6DRA
PRELIMINARY LOCAL CLIMATOLOGICAL DATA (WS FORM: F-6)
STATION: DESERT ROCK-MERCURY NV
MONTH: FEBRUARY
YEAR: 2024
LATITUDE: 36 37 N
LONGITUDE: 116 1 W
TEMPERATURE IN F: :PCPN: SNOW: WIND :SUNSHINE: SKY :PK WND
================================================================================
1 2 3 4 5 6A 6B 7 8 9 10 11 12 13 14 15 16 17 18
12Z AVG MX 2MIN
DY MAX MIN AVG DEP HDD CDD WTR SNW DPTH SPD SPD DIR MIN PSBL S-S WX SPD DR
================================================================================
1 55 43 49 3 16 0 0.28 0.0 0 9.3 24 200 M M 9 1 36 190
2 53 39 46 0 19 0 0.02 0.0 0 9.0 17 240 M M 6 23 240
3 51 32 42 -4 23 0 0.00 0.0 0 5.2 14 240 M M 0 20 250
4 51 40 46 0 19 0 0.16 0.0 0 5.9 20 100 M M 10 1 26 90
5 50 39 45 -1 20 0 1.30 0.0 0 5.9 17 30 M M 10 1 21 30
6 45 39 42 -4 23 0 0.42 0.0 0 5.8 16 200 M M 10 1 22 220
7 50 37 44 -3 21 0 0.19 0.0 0 11.5 25 210 M M 9 1 33 200
8 43 35 39 -8 26 0 0.05 0.0 0 9.1 20 230 M M 9 31 180
9 46 35 41 -6 24 0 0.01 0.0 0 5.1 14 260 M M 8 19 210
10 48 34 41 -6 24 0 0.00 0.0 0 13.7 24 40 M M 3 33 50
11 51 32 42 -5 23 0 0.00 0.0 0 9.6 21 50 M M 0 26 50
12 56 30 43 -4 22 0 0.00 0.0 0 3.1 12 30 M M 0 14 40
13 57 32 45 -2 20 0 0.00 0.0 0 3.6 13 240 M M 0 18 210
14 57 33 45 -3 20 0 0.00 0.0 0 3.2 12 140 M M 0 16 140
15 59 40 50 2 15 0 0.00 0.0 0 4.4 21 260 M M 0 27 270
16 63 35 49 1 16 0 0.00 0.0 0 4.3 13 210 M M 0 18 230
17 61 42 52 4 13 0 0.00 0.0 0 8.1 17 120 M M 1 25 90
18 63 42 53 5 12 0 0.00 0.0 0 6.5 18 240 M M 1 24 240
19 61 45 53 5 12 0 T 0.0 0 13.2 28 200 M M 5 41 220
20 59 47 53 4 12 0 T 0.0 0 11.6 24 190 M M 8 35 180
21 59 41 50 1 15 0 0.00 0.0 0 7.1 17 40 M M 4 22 230
22 64 37 51 2 14 0 0.00 0.0 0 5.5 17 30 M M 1 21 30
23 66 40 53 4 12 0 0.00 0.0 0 9.8 20 30 M M 0 24 30
24 65 41 53 3 12 0 0.00 0.0 0 5.6 16 20 M M 0 22 30
25 66 34 50 0 15 0 0.00 0.0 0 4.6 14 220 M M 0 22 210
26 68 46 57 7 8 0 0.00 0.0 0 15.3 32 190 M M 0 44 190
27 66 41 54 4 11 0 0.00 0.0 0 7.5 20 320 M M 0 26 260
28 64 40 52 2 13 0 0.00 0.0 0 8.1 18 30 M M 0 23 40
29 67 36 52 2 13 0 0.00 0.0 0 11.3 31 210 M M 0 47 220
================================================================================
SM 1664 1107 493 0 2.43 0.0 222.9 M 94
================================================================================
AV 57.4 38.2 7.7 FASTST M M 3 MAX(MPH)
MISC ----> 32 190 47 220
================================================================================
NOTES:
# LAST OF SEVERAL OCCURRENCES
COLUMN 17 PEAK WIND IN M.P.H.
PRELIMINARY LOCAL CLIMATOLOGICAL DATA (WS FORM: F-6) , PAGE 2
STATION: DESERT ROCK-MERCURY NV
MONTH: FEBRUARY
YEAR: 2024
LATITUDE: 36 37 N
LONGITUDE: 116 1 W
[TEMPERATURE DATA] [PRECIPITATION DATA] SYMBOLS USED IN COLUMN 16
AVERAGE MONTHLY: 47.8 TOTAL FOR MONTH: 2.43 1 = FOG OR MIST
DPTR FM NORMAL: -0.1 DPTR FM NORMAL: 1.49 2 = FOG REDUCING VISIBILITY
HIGHEST: 68 ON 26 GRTST 24HR 1.38 ON 5- 6 TO 1/4 MILE OR LESS
LOWEST: 30 ON 12 3 = THUNDER
SNOW, ICE PELLETS, HAIL 4 = ICE PELLETS
TOTAL MONTH: 0.0 INCH 5 = HAIL
GRTST 24HR 0.0 6 = FREEZING RAIN OR DRIZZLE
GRTST DEPTH: 0 7 = DUSTSTORM OR SANDSTORM:
VSBY 1/2 MILE OR LESS
8 = SMOKE OR HAZE
[NO. OF DAYS WITH] [WEATHER - DAYS WITH] 9 = BLOWING SNOW
X = TORNADO
MAX 32 OR BELOW: 0 0.01 INCH OR MORE: 8
MAX 90 OR ABOVE: 0 0.10 INCH OR MORE: 5
MIN 32 OR BELOW: 4 0.50 INCH OR MORE: 1
MIN 0 OR BELOW: 0 1.00 INCH OR MORE: 1
[HDD (BASE 65) ]
TOTAL THIS MO. 493 CLEAR (SCALE 0-3) 18
DPTR FM NORMAL 13 PTCLDY (SCALE 4-7) 5
TOTAL FM JUL 1 1857 CLOUDY (SCALE 8-10) 6
DPTR FM NORMAL -451
[CDD (BASE 65) ]
TOTAL THIS MO. 0
DPTR FM NORMAL 0 [PRESSURE DATA]
TOTAL FM JAN 1 0 HIGHEST SLP M ON M
DPTR FM NORMAL 0 LOWEST SLP 29.50 ON 6
[REMARKS]
#FINAL-02-24#