000
CXUS55 KVEF 151340
CF6DRA
PRELIMINARY LOCAL CLIMATOLOGICAL DATA (WS FORM: F-6)
STATION: DESERT ROCK-MERCURY NV
MONTH: NOVEMBER
YEAR: 2020
LATITUDE: 36 37 N
LONGITUDE: 116 1 W
TEMPERATURE IN F: :PCPN: SNOW: WIND :SUNSHINE: SKY :PK WND
================================================================================
1 2 3 4 5 6A 6B 7 8 9 10 11 12 13 14 15 16 17 18
12Z AVG MX 2MIN
DY MAX MIN AVG DEP HDD CDD WTR SNW DPTH SPD SPD DIR MIN PSBL S-S WX SPD DR
================================================================================
1 83 52 68 11 0 3 0.00 0.0 0 8.4 14 110 M M 0 22 30
2 82 58 70 14 0 5 0.00 0.0 0 7.1 15 40 M M 1 M M
3 82 54 68 12 0 3 0.00 0.0 0 4.1 12 50 M M 0 M M
4 85 47 66 11 0 1 0.00 0.0 0 3.1 9 40 M M 0 M M
5 85 52 69 14 0 4 0.00 0.0 0 6.0 13 100 M M 0 18 100
6 81 51 66 11 0 1 0.00 0.0 0 13.1 27 200 M M 0 40 200
7 58 38 48 -6 17 0 T 0.0 0 18.1 33 210 M M 3 55 200
8 52 32 42 -12 23 0 T 0.0 0 11.2 25 190 M M 8 38 170
9 51 27 39 -14 26 0 0.00 0.0 0 4.5 12 350 M M 1 M M
10 57 25 41 -12 24 0 0.00 0.0 0 6.1 16 10 M M 0 M M
11 59 31 45 -7 20 0 0.00 0.0 0 3.5 8 230 M M 0 M M
12 62 37 50 -2 15 0 0.00 0.0 0 7.7 18 30 M M 2 24 40
13 66 31 49 -3 16 0 0.00 0.0 0 7.4 21 220 M M 0 37 210
14 66 36 51 0 14 0 0.00 0.0 0 4.8 14 330 M M 0 18 330
15 66 34 50 -1 15 0 0.00 0.0 0 2.0 13 120 M M 0 M M
16 74 36 55 5 10 0 0.00 0.0 0 8.4 14 130 M M 0 M M
17 79 38 59 9 6 0 0.00 0.0 0 10.9 22 190 M M 0 37 180
18 73 56 65 15 0 0 0.00 0.0 0 24.0 37 190 M M 0 60 190
19 67 40 54 5 11 0 0.00 0.0 0 5.3 16 240 M M 0 17 210
20 63 42 53 4 12 0 0.00 0.0 0 8.0 17 30 M M 0 M M
21 69 42 56 8 9 0 0.00 0.0 0 9.1 21 30 M M 0 16 90
22 67 40 54 6 11 0 0.00 0.0 0 8.7 17 40 M M 0 25 40
23 65 36 51 3 14 0 0.00 0.0 0 8.0 20 290 M M 0 26 300
24 59 36 48 1 17 0 0.00 0.0 0 10.4 23 20 M M 0 36 20
25 60 28 44 -3 21 0 0.00 0.0 0 4.6 12 250 M M 0 17 240
26 53 36 45 -2 20 0 0.00 0.0 0 11.8 23 40 M M 1 32 30
27 56 36 46 0 19 0 0.00 0.0 0 12.5 18 40 M M 0 21 40
28 61 29 45 -1 20 0 0.00 0.0 0 4.2 8 100 M M 0 M M
29 64 30 47 1 18 0 0.00 0.0 0 8.9 18 30 M M 0 25 30
30 64 36 50 4 15 0 0.00 0.0 0 4.0 10 90 M M 0 M M
================================================================================
SM 2009 1166 373 17 T 0.0 245.9 M 16
================================================================================
AV 67.0 38.9 8.2 FASTST M M 1 MAX(MPH)
MISC ----> 37 190 60 190
================================================================================
NOTES:
# LAST OF SEVERAL OCCURRENCES
COLUMN 17 PEAK WIND IN M.P.H.
PRELIMINARY LOCAL CLIMATOLOGICAL DATA (WS FORM: F-6) , PAGE 2
STATION: DESERT ROCK-MERCURY NV
MONTH: NOVEMBER
YEAR: 2020
LATITUDE: 36 37 N
LONGITUDE: 116 1 W
[TEMPERATURE DATA] [PRECIPITATION DATA] SYMBOLS USED IN COLUMN 16
AVERAGE MONTHLY: 52.9 TOTAL FOR MONTH: T 1 = FOG OR MIST
DPTR FM NORMAL: 2.2 DPTR FM NORMAL: -0.34 2 = FOG REDUCING VISIBILITY
HIGHEST: 85 ON 5, 4 GRTST 24HR T ON 7- 7 TO 1/4 MILE OR LESS
LOWEST: 25 ON 10 3 = THUNDER
SNOW, ICE PELLETS, HAIL 4 = ICE PELLETS
TOTAL MONTH: 0.0 INCH 5 = HAIL
GRTST 24HR 0.0 6 = FREEZING RAIN OR DRIZZLE
GRTST DEPTH: 0 7 = DUSTSTORM OR SANDSTORM:
VSBY 1/2 MILE OR LESS
8 = SMOKE OR HAZE
[NO. OF DAYS WITH] [WEATHER - DAYS WITH] 9 = BLOWING SNOW
X = TORNADO
MAX 32 OR BELOW: 0 0.01 INCH OR MORE: 0
MAX 90 OR ABOVE: 0 0.10 INCH OR MORE: 0
MIN 32 OR BELOW: 8 0.50 INCH OR MORE: 0
MIN 0 OR BELOW: 0 1.00 INCH OR MORE: 0
[HDD (BASE 65) ]
TOTAL THIS MO. 373 CLEAR (SCALE 0-3) 29
DPTR FM NORMAL -56 PTCLDY (SCALE 4-7) 1
TOTAL FM JUL 1 427 CLOUDY (SCALE 8-10) 0
DPTR FM NORMAL -131
[CDD (BASE 65) ]
TOTAL THIS MO. 17
DPTR FM NORMAL 16 [PRESSURE DATA]
TOTAL FM JAN 1 2672 HIGHEST SLP M ON M
DPTR FM NORMAL 477 LOWEST SLP 29.73 ON 23
[REMARKS]
#FINAL-11-20#