000
CXUS55 KGJT 010910
CF6DRO
PRELIMINARY LOCAL CLIMATOLOGICAL DATA (WS FORM: F-6)
STATION: DURANGO AIRPORT CO
MONTH: APRIL
YEAR: 2021
LATITUDE: 37 9 N
LONGITUDE: 107 45 W
TEMPERATURE IN F: :PCPN: SNOW: WIND :SUNSHINE: SKY :PK WND
================================================================================
1 2 3 4 5 6A 6B 7 8 9 10 11 12 13 14 15 16 17 18
12Z AVG MX 2MIN
DY MAX MIN AVG DEP HDD CDD WTR SNW DPTH SPD SPD DIR MIN PSBL S-S WX SPD DR
================================================================================
1 64 17 41 -1 24 0 0.00 M M 4.6 14 10 M M 0 17 140
2 72 30 51 9 14 0 T M M 4.4 33 310 M M 1 50 290
3 73 29 51 9 14 0 0.00 M M 4.6 16 270 M M 0 21 280
4 75 31 53 11 12 0 0.00 M M 6.5 22 260 M M 1 31 280
5 71 29 50 8 15 0 0.00 M M 5.8 21 260 M M 0 27 260
6 59 34 47 4 18 0 0.00 M M 14.7 36 310 M M 0 52 320
7 66 27 47 4 18 0 0.00 M M 9.9 31 280 M M 0 44 260
8 69 30 50 7 15 0 0.00 M M 9.5 32 250 M M 2 43 250
9 66 36 51 8 14 0 0.00 M M 11.3 33 290 M M 0 42 270
10 67 20 44 0 21 0 0.00 M M 7.5 29 250 M M 0 40 260
11 69 23 46 2 19 0 0.00 M M 9.2 29 260 M M 0 43 300
12 68 31 50 6 15 0 0.00 M M 8.4 30 260 M M 0 42 250
13 59 36 48 4 17 0 T M M 9.8 26 210 M M 7 33 220
14 68 32 50 6 15 0 0.00 M M 11.6 35 250 M M 0 50 250
15 61 29 45 1 20 0 0.00 M M 12.2 38 270 M M 1 50 280
16 54 20 37 -8 28 0 0.00 M M 7.6 22 250 M M 2 30 250
17 47 28 38 -7 27 0 0.04 M M 7.6 24 300 M M 6 13 32 310
18 56 22 39 -6 26 0 0.00 M M 4.5 17 300 M M 2 24 300
19 63 24 44 -2 21 0 0.00 M M 13.5 30 300 M M 2 42 250
20 60 32 46 0 19 0 0.00 M M 11.3 30 260 M M 1 40 250
21 64 32 48 2 17 0 0.00 M M 8.3 25 210 M M 2 35 210
22 60 27 44 -2 21 0 0.00 M M 9.8 28 250 M M 3 40 260
23 58 29 44 -2 21 0 0.04 M M 10.5 37 310 M M 5 1 52 300
24 66 23 45 -2 20 0 0.00 M M 7.1 24 260 M M 0 32 250
25 72 35 54 7 11 0 0.00 M M 9.1 25 230 M M 0 36 220
26 63 36 50 3 15 0 0.00 M M 9.7 22 220 M M 1 33 230
27 51 30 41 -7 24 0 0.09 M M 9.5 31 260 M M 6 13 38 250
28 62 25 44 -4 21 0 0.00 M M 5.8 22 10 M M 1 30 350
29 71 28 50 2 15 0 0.00 M M 6.7 17 260 M M 0 24 250
30 76 35 56 8 9 0 0.00 M M 6.0 15 260 M M 0 22 280
================================================================================
SM 1930 860 546 0 0.17 M 257.0 M 43
================================================================================
AV 64.3 28.7 8.6 FASTST M M 1 MAX(MPH)
MISC ----> 38 270 # 52 320
================================================================================
NOTES:
# LAST OF SEVERAL OCCURRENCES
COLUMN 17 PEAK WIND IN M.P.H.
PRELIMINARY LOCAL CLIMATOLOGICAL DATA (WS FORM: F-6) , PAGE 2
STATION: DURANGO AIRPORT CO
MONTH: APRIL
YEAR: 2021
LATITUDE: 37 9 N
LONGITUDE: 107 45 W
[TEMPERATURE DATA] [PRECIPITATION DATA] SYMBOLS USED IN COLUMN 16
AVERAGE MONTHLY: 46.5 TOTAL FOR MONTH: 0.17 1 = FOG OR MIST
DPTR FM NORMAL: 1.7 DPTR FM NORMAL: -0.93 2 = FOG REDUCING VISIBILITY
HIGHEST: 76 ON 30 GRTST 24HR 0.09 ON 27-27 TO 1/4 MILE OR LESS
LOWEST: 17 ON 1 3 = THUNDER
SNOW, ICE PELLETS, HAIL 4 = ICE PELLETS
TOTAL MONTH: M 5 = HAIL
GRTST 24HR M ON M 6 = FREEZING RAIN OR DRIZZLE
GRTST DEPTH: M ON M 7 = DUSTSTORM OR SANDSTORM:
VSBY 1/2 MILE OR LESS
8 = SMOKE OR HAZE
[NO. OF DAYS WITH] [WEATHER - DAYS WITH] 9 = BLOWING SNOW
X = TORNADO
MAX 32 OR BELOW: 0 0.01 INCH OR MORE: 3
MAX 90 OR ABOVE: 0 0.10 INCH OR MORE: 0
MIN 32 OR BELOW: 24 0.50 INCH OR MORE: 0
MIN 0 OR BELOW: 0 1.00 INCH OR MORE: 0
[HDD (BASE 65) ]
TOTAL THIS MO. 546 CLEAR (SCALE 0-3) 25
DPTR FM NORMAL -61 PTCLDY (SCALE 4-7) 5
TOTAL FM JUL 1 6510 CLOUDY (SCALE 8-10) 0
DPTR FM NORMAL -127
[CDD (BASE 65) ]
TOTAL THIS MO. 0
DPTR FM NORMAL 0 [PRESSURE DATA]
TOTAL FM JAN 1 0 HIGHEST SLP M ON M
DPTR FM NORMAL 0 LOWEST SLP 29.57 ON 5
[REMARKS]
#FINAL-04-21#