000
CXUS54 KEWX 151524
CF6DRT
PRELIMINARY LOCAL CLIMATOLOGICAL DATA (WS FORM: F-6)
STATION: DEL RIO
MONTH: DECEMBER
YEAR: 2021
LATITUDE: 29 22 N
LONGITUDE: 100 55 W
TEMPERATURE IN F: :PCPN: SNOW: WIND :SUNSHINE: SKY :PK WND
================================================================================
1 2 3 4 5 6A 6B 7 8 9 10 11 12 13 14 15 16 17 18
12Z AVG MX 2MIN
DY MAX MIN AVG DEP HDD CDD WTR SNW DPTH SPD SPD DIR MIN PSBL S-S WX SPD DR
================================================================================
1 80 53 67 11 0 2 0.00 0.0 0 3.4 12 80 M M 1 8 16 80
2 85 56 71 15 0 6 T 0.0 0 6.6 18 130 M M 0 1 30 120
3 89 64 77 21 0 12 0.00 0.0 0 6.3 20 150 M M 0 26 140
4 82 61 72 17 0 7 0.00 0.0 0 5.0 12 80 M M 2 18 16 70
5 77 61 69 14 0 4 T 0.0 0 6.3 13 130 M M 6 12 19 120
6 70 54 62 7 3 0 T 0.0 0 9.4 26 350 M M 3 12 42 360
7 72 46 59 4 6 0 0.00 0.0 0 4.0 13 150 M M 0 16 150
8 83 44 64 10 1 0 0.00 0.0 0 4.4 13 150 M M 0 15 140
9 80 60 70 16 0 5 0.00 0.0 0 4.8 13 120 M M 3 18 19 120
10 90 57 74 20 0 9 0.00 0.0 0 3.6 12 350 M M 2 128 19 350
11 72 44 58 4 7 0 0.00 0.0 0 8.4 21 340 M M 3 34 340
12 68 38 53 -1 12 0 0.00 0.0 0 7.6 16 150 M M 0 22 120
13 76 43 60 6 5 0 0.00 0.0 0 6.5 20 140 M M 0 26 130
14 76 52 64 11 1 0 0.00 0.0 0 5.8 17 150 M M 6 18 24 140
15 82 67 75 22 0 10 0.00 0.0 0 11.3 24 150 M M 6 18 31 150
16 76 67 72 19 0 7 T 0.0 0 4.6 13 110 M M 8 8 19 100
17 79 65 72 19 0 7 0.00 0.0 0 7.6 18 150 M M 6 18 25 130
18 70 48 59 6 6 0 0.18 0.0 0 9.8 22 340 M M 3 13 32 300
19 51 46 49 -4 16 0 0.07 0.0 0 4.4 17 20 M M 9 27 30
20 67 37 52 -1 13 0 0.00 0.0 0 3.1 9 160 M M 0 12 160
21 72 38 55 2 10 0 0.00 0.0 0 2.9 10 80 M M 0 15 80
22 84 43 64 12 1 0 0.00 0.0 0 3.6 12 280 M M 0 15 290
23 81 46 64 12 1 0 0.00 0.0 0 6.7 14 120 M M 1 18 18 130
24 83 63 73 21 0 8 0.00 0.0 0 8.1 14 160 M M 3 20 110
25 85 59 72 20 0 7 0.00 0.0 0 4.1 14 100 M M 3 128 20 100
26 75 60 68 16 0 3 0.00 0.0 0 6.3 15 110 M M 3 128 21 100
27 70 53 62 10 3 0 T 0.0 0 4.2 13 140 M M 8 128 17 140
28 81 62 72 20 0 7 T 0.0 0 6.3 15 120 M M 6 128 20 120
29 85 55 70 18 0 5 0.00 0.0 0 4.6 13 350 M M 3 128 19 340
30 84 53 69 17 0 4 0.01 0.0 0 2.1 8 270 M M 1 10 260
31 81 57 69 17 0 4 0.00 0.0 0 7.2 18 130 M M 1 8 26 140
================================================================================
SM 2406 1652 85 107 0.26 0.0 179.0 M 87
================================================================================
AV 77.6 53.3 5.8 FASTST M M 3 MAX(MPH)
MISC ----> 26 350 42 360
================================================================================
NOTES:
# LAST OF SEVERAL OCCURRENCES
COLUMN 17 PEAK WIND IN M.P.H.
PRELIMINARY LOCAL CLIMATOLOGICAL DATA (WS FORM: F-6) , PAGE 2
STATION: DEL RIO
MONTH: DECEMBER
YEAR: 2021
LATITUDE: 29 22 N
LONGITUDE: 100 55 W
[TEMPERATURE DATA] [PRECIPITATION DATA] SYMBOLS USED IN COLUMN 16
AVERAGE MONTHLY: 65.5 TOTAL FOR MONTH: 0.26 1 = FOG OR MIST
DPTR FM NORMAL: 12.0 DPTR FM NORMAL: -0.45 2 = FOG REDUCING VISIBILITY
HIGHEST: 90 ON 10 GRTST 24HR 0.19 ON 18-19 TO 1/4 MILE OR LESS
LOWEST: 37 ON 20 3 = THUNDER
SNOW, ICE PELLETS, HAIL 4 = ICE PELLETS
TOTAL MONTH: 0.0 INCH 5 = HAIL
GRTST 24HR 0.0 6 = FREEZING RAIN OR DRIZZLE
GRTST DEPTH: 0 7 = DUSTSTORM OR SANDSTORM:
VSBY 1/2 MILE OR LESS
8 = SMOKE OR HAZE
[NO. OF DAYS WITH] [WEATHER - DAYS WITH] 9 = BLOWING SNOW
X = TORNADO
MAX 32 OR BELOW: 0 0.01 INCH OR MORE: 3
MAX 90 OR ABOVE: 1 0.10 INCH OR MORE: 1
MIN 32 OR BELOW: 0 0.50 INCH OR MORE: 0
MIN 0 OR BELOW: 0 1.00 INCH OR MORE: 0
[HDD (BASE 65) ]
TOTAL THIS MO. 85 CLEAR (SCALE 0-3) 20
DPTR FM NORMAL -279 PTCLDY (SCALE 4-7) 9
TOTAL FM JUL 1 140 CLOUDY (SCALE 8-10) 2
DPTR FM NORMAL -414
[CDD (BASE 65) ]
TOTAL THIS MO. 107
DPTR FM NORMAL 101 [PRESSURE DATA]
TOTAL FM JAN 1 4382 HIGHEST SLP 30.41 ON 19
DPTR FM NORMAL 748 LOWEST SLP 29.59 ON 31
[REMARKS]
#FINAL-12-21#