000
CXUS54 KEWX 011547
CF6DRT
PRELIMINARY LOCAL CLIMATOLOGICAL DATA (WS FORM: F-6)
STATION: DEL RIO
MONTH: SEPTEMBER
YEAR: 2023
LATITUDE: 29 22 N
LONGITUDE: 100 55 W
TEMPERATURE IN F: :PCPN: SNOW: WIND :SUNSHINE: SKY :PK WND
================================================================================
1 2 3 4 5 6A 6B 7 8 9 10 11 12 13 14 15 16 17 18
12Z AVG MX 2MIN
DY MAX MIN AVG DEP HDD CDD WTR SNW DPTH SPD SPD DIR MIN PSBL S-S WX SPD DR
================================================================================
1 102 78 90 3 0 25 0.00 0.0 0 8.1 16 160 M M 0 21 160
2 102 76 89 2 0 24 0.00 0.0 0 6.4 14 140 M M 0 8 19 150
3 102 75 89 2 0 24 0.00 0.0 0 8.2 15 140 M M 0 25 80
4 104 78 91 4 0 26 0.00 0.0 0 9.9 18 160 M M 0 25 130
5 104 82 93 7 0 28 0.00 0.0 0 12.2 18 160 M M 2 28 150
6 103 80 92 6 0 27 0.00 0.0 0 9.4 16 150 M M 0 28 120
7 104 80 92 6 0 27 0.00 0.0 0 7.6 16 160 M M 0 25 170
8 106 78 92 6 0 27 0.00 0.0 0 6.9 17 150 M M 0 23 160
9 105 79 92 7 0 27 0.00 0.0 0 8.2 17 150 M M 0 23 120
10 105 79 92 7 0 27 0.00 0.0 0 9.9 23 80 M M 0 8 33 70
11 102 80 91 6 0 26 0.00 0.0 0 11.5 23 160 M M 0 30 120
12 97 76 87 3 0 22 T 0.0 0 8.2 20 50 M M 2 33 30
13 96 75 86 2 0 21 0.01 0.0 0 4.8 21 140 M M 2 28 140
14 100 74 87 3 0 22 0.06 0.0 0 6.3 28 340 M M 1 13 43 340
15 97 78 88 4 0 23 0.00 0.0 0 7.0 26 160 M M 3 34 160
16 94 74 84 1 0 19 0.00 0.0 0 8.1 20 50 M M 1 29 50
17 98 74 86 3 0 21 0.00 0.0 0 3.1 14 120 M M 3 18 120
18 98 76 87 4 0 22 0.00 0.0 0 7.9 16 160 M M 1 23 120
19 101 75 88 5 0 23 0.00 0.0 0 11.9 22 140 M M 0 30 140
20 103 76 90 8 0 25 0.00 0.0 0 11.4 18 160 M M 0 32 160
21 101 78 90 8 0 25 0.00 0.0 0 11.6 22 150 M M 0 29 160
22 102 78 90 8 0 25 0.00 0.0 0 10.4 20 140 M M 0 30 160
23 105 80 93 11 0 28 T 0.0 0 10.2 25 290 M M 0 36 280
24 107 82 95 14 0 30 T 0.0 0 7.9 18 160 M M 0 22 160
25 105 82 94 13 0 29 0.00 0.0 0 9.7 20 110 M M 1 29 50
26 99 78 89 8 0 24 0.01 0.0 0 4.8 20 70 M M 2 31 80
27 99 76 88 8 0 23 0.00 0.0 0 7.6 24 40 M M 1 8 38 50
28 98 72 85 5 0 20 0.00 0.0 0 9.2 17 160 M M 0 25 100
29 98 75 87 7 0 22 0.00 0.0 0 11.1 20 140 M M 0 27 150
30 96 77 87 7 0 22 0.00 0.0 0 8.9 17 160 M M 3 23 150
================================================================================
SM 3033 2321 0 734 0.08 0.0 258.4 M 22
================================================================================
AV101.1 77.4 8.6 FASTST M M 1 MAX(MPH)
MISC ----> 28 340 43 340
================================================================================
NOTES:
# LAST OF SEVERAL OCCURRENCES
COLUMN 17 PEAK WIND IN M.P.H.
PRELIMINARY LOCAL CLIMATOLOGICAL DATA (WS FORM: F-6) , PAGE 2
STATION: DEL RIO
MONTH: SEPTEMBER
YEAR: 2023
LATITUDE: 29 22 N
LONGITUDE: 100 55 W
[TEMPERATURE DATA] [PRECIPITATION DATA] SYMBOLS USED IN COLUMN 16
AVERAGE MONTHLY: 89.2 TOTAL FOR MONTH: 0.08 1 = FOG OR MIST
DPTR FM NORMAL: 5.7 DPTR FM NORMAL: -2.55 2 = FOG REDUCING VISIBILITY
HIGHEST: 107 ON 24 GRTST 24HR 0.06 ON 13-14 TO 1/4 MILE OR LESS
LOWEST: 72 ON 28 3 = THUNDER
SNOW, ICE PELLETS, HAIL 4 = ICE PELLETS
TOTAL MONTH: 0.0 INCH 5 = HAIL
GRTST 24HR 0.0 6 = FREEZING RAIN OR DRIZZLE
GRTST DEPTH: 0 7 = DUSTSTORM OR SANDSTORM:
VSBY 1/2 MILE OR LESS
8 = SMOKE OR HAZE
[NO. OF DAYS WITH] [WEATHER - DAYS WITH] 9 = BLOWING SNOW
X = TORNADO
MAX 32 OR BELOW: 0 0.01 INCH OR MORE: 3
MAX 90 OR ABOVE: 30 0.10 INCH OR MORE: 0
MIN 32 OR BELOW: 0 0.50 INCH OR MORE: 0
MIN 0 OR BELOW: 0 1.00 INCH OR MORE: 0
[HDD (BASE 65) ]
TOTAL THIS MO. 0 CLEAR (SCALE 0-3) 30
DPTR FM NORMAL -1 PTCLDY (SCALE 4-7) 0
TOTAL FM JUL 1 0 CLOUDY (SCALE 8-10) 0
DPTR FM NORMAL 0
[CDD (BASE 65) ]
TOTAL THIS MO. 734
DPTR FM NORMAL 177 [PRESSURE DATA]
TOTAL FM JAN 1 4291 HIGHEST SLP 30.09 ON 17
DPTR FM NORMAL 474 LOWEST SLP 29.67 ON 4
[REMARKS]
#FINAL-09-23#