000
CXUS53 KDTX 010735
CF6DTW
PRELIMINARY LOCAL CLIMATOLOGICAL DATA (WS FORM: F-6)
STATION: DETROIT MI
MONTH: OCTOBER
YEAR: 2020
LATITUDE: 42 13 N
LONGITUDE: 83 20 W
TEMPERATURE IN F: :PCPN: SNOW: WIND :SUNSHINE: SKY :PK WND
================================================================================
1 2 3 4 5 6A 6B 7 8 9 10 11 12 13 14 15 16 17 18
12Z AVG MX 2MIN
DY MAX MIN AVG DEP HDD CDD WTR SNW DPTH SPD SPD DIR MIN PSBL S-S WX SPD DR
================================================================================
1 63 44 54 -4 11 0 0.03 0.0 0 9.7 25 290 M M 7 35 290
2 57 39 48 -10 17 0 0.00 0.0 M 8.8 17 320 M M 7 25 330
3 57 39 48 -9 17 0 0.00 0.0 0 4.5 12 230 M M 8 1 19 300
4 56 43 50 -7 15 0 0.12 0.0 0 5.5 12 360 M M 8 1 15 10
5 59 39 49 -7 16 0 0.00 0.0 0 6.6 17 220 M M 4 1 21 220
6 70 46 58 2 7 0 0.00 0.0 0 11.5 20 230 M M 5 26 220
7 73 50 62 6 3 0 0.00 0.0 0 13.9 30 290 M M 5 41 270
8 70 42 56 1 9 0 0.00 0.0 0 5.2 17 270 M M 1 8 26 270
9 77 43 60 5 5 0 0.00 0.0 0 6.5 17 230 M M 2 8 24 230
10 76 56 66 12 0 1 0.00 0.0 0 13.6 22 230 M M 4 8 31 230
11 65 53 59 5 6 0 0.00 0.0 0 9.5 15 60 M M 7 21 70
12 71 52 62 8 3 0 0.20 0.0 0 10.1 26 290 M M 10 138 40 280
13 68 44 56 3 9 0 0.00 0.0 0 8.6 21 310 M M 3 33 300
14 66 43 55 2 10 0 0.00 0.0 0 9.0 26 190 M M 7 39 180
15 66 44 55 2 10 0 0.03 0.0 0 12.6 24 220 M M 9 33 210
16 56 33 45 -7 20 0 0.00 0.0 0 8.9 21 240 M M 4 27 240
17 56 35 46 -6 19 0 T 0.0 0 9.5 22 180 M M 6 31 170
18 61 42 52 0 13 0 0.13 0.0 0 10.7 21 220 M M 10 1 28 210
19 47 42 45 -6 20 0 0.24 0.0 0 5.6 13 20 M M 10 18 19 20
20 54 41 48 -3 17 0 0.05 0.0 0 6.4 16 140 M M 9 18 23 140
21 61 49 55 4 10 0 0.38 0.0 0 10.2 23 220 M M 9 13 28 270
22 60 47 54 4 11 0 0.62 0.0 0 4.4 10 90 M M 9 13 16 120
23 78 46 62 12 3 0 0.51 0.0 0 11.9 39 270 M M 7 13 54 290
24 50 38 44 -6 21 0 0.00 0.0 0 6.9 20 310 M M 8 26 310
25 47 35 41 -8 24 0 0.00 0.0 0 8.0 14 60 M M 9 19 20
26 48 41 45 -4 20 0 0.01 0.0 0 7.2 14 320 M M 10 18 19 320
27 42 38 40 -9 25 0 0.09 0.0 0 4.5 9 290 M M 10 1 12 300
28 55 40 48 0 17 0 0.00 0.0 0 8.9 16 240 M M 8 1 21 250
29 54 41 48 0 17 0 T 0.0 0 9.4 23 20 M M 10 8 31 20
30 41 36 39 -9 26 0 0.00 0.0 0 9.4 17 320 M M 10 23 350
31 50 29 40 -8 25 0 0.00 0.0 0 8.7 20 190 M M 4 26 200
================================================================================
SM 1854 1310 426 1 2.41 0.0 266.2 M 220
================================================================================
AV 59.8 42.3 8.6 FASTST M M 7 MAX(MPH)
MISC ----> 39 270 54 290
================================================================================
NOTES:
# LAST OF SEVERAL OCCURRENCES
COLUMN 17 PEAK WIND IN M.P.H.
PRELIMINARY LOCAL CLIMATOLOGICAL DATA (WS FORM: F-6) , PAGE 2
STATION: DETROIT MI
MONTH: OCTOBER
YEAR: 2020
LATITUDE: 42 13 N
LONGITUDE: 83 20 W
[TEMPERATURE DATA] [PRECIPITATION DATA] SYMBOLS USED IN COLUMN 16
AVERAGE MONTHLY: 51.0 TOTAL FOR MONTH: 2.41 1 = FOG OR MIST
DPTR FM NORMAL: -1.4 DPTR FM NORMAL: -0.11 2 = FOG REDUCING VISIBILITY
HIGHEST: 78 ON 23 GRTST 24HR 0.71 ON 21-22 TO 1/4 MILE OR LESS
LOWEST: 29 ON 31 3 = THUNDER
SNOW, ICE PELLETS, HAIL 4 = ICE PELLETS
TOTAL MONTH: 0.0 INCH 5 = HAIL
GRTST 24HR 0.0 6 = FREEZING RAIN OR DRIZZLE
GRTST DEPTH: 0 7 = DUSTSTORM OR SANDSTORM:
VSBY 1/2 MILE OR LESS
8 = SMOKE OR HAZE
[NO. OF DAYS WITH] [WEATHER - DAYS WITH] 9 = BLOWING SNOW
X = TORNADO
MAX 32 OR BELOW: 0 0.01 INCH OR MORE: 12
MAX 90 OR ABOVE: 0 0.10 INCH OR MORE: 7
MIN 32 OR BELOW: 1 0.50 INCH OR MORE: 2
MIN 0 OR BELOW: 0 1.00 INCH OR MORE: 0
[HDD (BASE 65) ]
TOTAL THIS MO. 426 CLEAR (SCALE 0-3) 2
DPTR FM NORMAL 29 PTCLDY (SCALE 4-7) 16
TOTAL FM JUL 1 524 CLOUDY (SCALE 8-10) 13
DPTR FM NORMAL 13
[CDD (BASE 65) ]
TOTAL THIS MO. 1
DPTR FM NORMAL -7 [PRESSURE DATA]
TOTAL FM JAN 1 986 HIGHEST SLP 30.44 ON 31
DPTR FM NORMAL 183 LOWEST SLP 29.60 ON 15
[REMARKS]
#FINAL-10-20#