000
CXUS54 KHGX 041455
CF6DWH
PRELIMINARY LOCAL CLIMATOLOGICAL DATA (WS FORM: F-6)
STATION: HOUSTON/D.W._HOOKS
MONTH: MARCH
YEAR: 2021
LATITUDE: 30 4 N
LONGITUDE: 95 33 W
TEMPERATURE IN F: :PCPN: SNOW: WIND :SUNSHINE: SKY :PK WND
================================================================================
1 2 3 4 5 6A 6B 7 8 9 10 11 12 13 14 15 16 17 18
12Z AVG MX 2MIN
DY MAX MIN AVG DEP HDD CDD WTR SNW DPTH SPD SPD DIR MIN PSBL S-S WX SPD DR
================================================================================
1 72 51 62 4 3 0 0.47 0.0 0 9.9 23 20 M M 10 1 32 30
2 65 46 56 -2 9 0 0.01 0.0 0 8.3 17 20 M M 5 1 23 360
3 69 39 54 -4 11 0 0.00 0.0 0 1.7 9 90 M M 0 12 120
4 73 40 57 -1 8 0 0.00 0.0 0 4.8 16 120 M M 0 1 23 110
5 77 51 64 5 1 0 T 0.0 0 5.3 15 360 M M 6 18 21 30
6 70 49 60 1 5 0 0.00 0.0 0 9.3 18 20 M M 3 25 30
7 70 39 55 -4 10 0 0.00 0.0 0 6.3 17 110 M M 0 22 110
8 74 38 56 -3 9 0 0.00 0.0 0 6.6 16 120 M M 2 1 21 130
9 77 53 65 6 0 0 0.00 0.0 0 8.5 21 130 M M 6 12 26 140
10 80 58 69 9 0 4 T 0.0 0 9.5 22 180 M M 8 1 30 190
11 81 68 75 15 0 10 0.00 0.0 0 10.4 18 140 M M 8 26 150
12 84 67 76 16 0 11 0.00 0.0 0 9.9 21 120 M M 8 28 120
13 83 58 71 11 0 6 0.00 0.0 0 8.8 22 130 M M 5 12 28 140
14 74 57 66 6 0 1 0.48 0.0 0 6.6 18 160 M M 10 1 27 180
15 79 56 68 8 0 3 0.10 0.0 0 2.6 13 160 M M 8 128 18 160
16 81 65 73 12 0 8 0.01 0.0 0 5.8 15 140 M M 9 18 23 140
17 79 54 67 6 0 2 0.02 0.0 0 11.6 24 310 M M 6 138 35 300
18 67 47 57 -4 8 0 0.00 0.0 0 11.9 23 310 M M 0 36 310
19 66 43 55 -6 10 0 0.00 0.0 0 7.3 16 30 M M 0 8 22 70
20 70 41 56 -6 9 0 0.00 0.0 0 5.2 15 100 M M 0 1 20 80
21 71 40 56 -6 9 0 0.00 0.0 0 5.7 15 120 M M 1 20 110
22 75 54 65 3 0 0 T 0.0 0 8.6 20 120 M M 7 1 26 110
23 82 54 68 6 0 3 0.56 0.0 0 4.4 20 290 M M 4 138 25 290
24 69 52 61 -1 4 0 0.01 0.0 0 9.2 22 120 M M 9 1 30 120
25 79 51 65 2 0 0 0.00 0.0 0 7.0 18 310 M M 4 1 26 320
26 85 48 67 4 0 2 0.00 0.0 0 6.8 16 130 M M 1 18 20 130
27 84 71 78 15 0 13 T 0.0 0 7.5 15 200 M M 9 18 23 130
28 75 47 61 -2 4 0 0.01 0.0 0 7.9 22 360 M M 5 138 31 350
29 75 42 59 -5 6 0 0.00 0.0 0 4.6 9 140 M M 1 17 140
30 85 62 74 10 0 9 T 0.0 0 8.1 21 190 M M 8 1 29 190
31 75 58 67 3 0 2 0.08 0.0 0 7.4 21 10 M M 9 1 28 30
================================================================================
SM 2346 1599 106 74 1.75 0.0 227.5 M 152
================================================================================
AV 75.7 51.6 7.3 FASTST M M 5 MAX(MPH)
MISC ----> 24 310 36 310
================================================================================
NOTES:
# LAST OF SEVERAL OCCURRENCES
COLUMN 17 PEAK WIND IN M.P.H.
PRELIMINARY LOCAL CLIMATOLOGICAL DATA (WS FORM: F-6) , PAGE 2
STATION: HOUSTON/D.W._HOOKS
MONTH: MARCH
YEAR: 2021
LATITUDE: 30 4 N
LONGITUDE: 95 33 W
[TEMPERATURE DATA] [PRECIPITATION DATA] SYMBOLS USED IN COLUMN 16
AVERAGE MONTHLY: 63.6 TOTAL FOR MONTH: 1.75 1 = FOG OR MIST
DPTR FM NORMAL: 2.8 DPTR FM NORMAL: -1.84 2 = FOG REDUCING VISIBILITY
HIGHEST: 85 ON 30,26 GRTST 24HR 0.56 ON 22-23 TO 1/4 MILE OR LESS
LOWEST: 38 ON 8 3 = THUNDER
SNOW, ICE PELLETS, HAIL 4 = ICE PELLETS
TOTAL MONTH: 0.0 INCH 5 = HAIL
GRTST 24HR 0.0 6 = FREEZING RAIN OR DRIZZLE
GRTST DEPTH: 0 7 = DUSTSTORM OR SANDSTORM:
VSBY 1/2 MILE OR LESS
8 = SMOKE OR HAZE
[NO. OF DAYS WITH] [WEATHER - DAYS WITH] 9 = BLOWING SNOW
X = TORNADO
MAX 32 OR BELOW: 0 0.01 INCH OR MORE: 10
MAX 90 OR ABOVE: 0 0.10 INCH OR MORE: 4
MIN 32 OR BELOW: 0 0.50 INCH OR MORE: 1
MIN 0 OR BELOW: 0 1.00 INCH OR MORE: 0
[HDD (BASE 65) ]
TOTAL THIS MO. 106 CLEAR (SCALE 0-3) 11
DPTR FM NORMAL -73 PTCLDY (SCALE 4-7) 13
TOTAL FM JUL 1 1367 CLOUDY (SCALE 8-10) 7
DPTR FM NORMAL -160
[CDD (BASE 65) ]
TOTAL THIS MO. 74
DPTR FM NORMAL 25 [PRESSURE DATA]
TOTAL FM JAN 1 122 HIGHEST SLP 30.47 ON 8
DPTR FM NORMAL 45 LOWEST SLP 29.55 ON 25
[REMARKS]
#FINAL-03-21#