000
CXUS52 KTAE 010900
CF6ECP
PRELIMINARY LOCAL CLIMATOLOGICAL DATA (WS FORM: F-6)
STATION: PANAMA CITY NW
MONTH: NOVEMBER
YEAR: 2022
LATITUDE: 30 21 N
LONGITUDE: 85 48 W
TEMPERATURE IN F: :PCPN: SNOW: WIND :SUNSHINE: SKY :PK WND
================================================================================
1 2 3 4 5 6A 6B 7 8 9 10 11 12 13 14 15 16 17 18
12Z AVG MX 2MIN
DY MAX MIN AVG DEP HDD CDD WTR SNW DPTH SPD SPD DIR MIN PSBL S-S WX SPD DR
================================================================================
1 81 52 67 3 0 2 0.00 M M 4.7 15 360 M M 0 1 19 20
2 85 59 72 8 0 7 0.00 0.0 0 4.6 10 50 M M 0 14 50
3 85 58 72 8 0 7 0.00 0.0 0 4.4 12 360 M M 2 128 16 10
4 84 59 72 8 0 7 0.00 M M 4.7 14 50 M M 0 1 18 40
5 81 59 70 7 0 5 0.00 M M 5.3 14 100 M M 2 19 90
6 87 68 78 15 0 13 0.03 0.0 0 4.5 12 110 M M 3 1 16 100
7 88 66 77 14 0 12 0.00 0.0 0 6.3 14 20 M M 1 19 40
8 88 61 75 13 0 10 0.00 0.0 0 7.2 20 30 M M 1 26 360
9 74 58 66 4 0 1 0.00 0.0 0 11.5 21 30 M M 0 29 20
10 72 63 68 6 0 3 0.55 0.0 0 15.2 24 320 M M 8 1 31 320
11 78 63 71 9 0 6 0.03 0.0 0 8.8 20 220 M M 7 1 25 210
12 80 55 68 7 0 3 0.00 0.0 0 7.7 20 320 M M 6 1 25 310
13 62 40 51 -10 14 0 0.00 0.0 0 10.9 20 340 M M 1 32 350
14 68 37 53 -8 12 0 0.00 0.0 M 4.6 12 20 M M 0 15 50
15 78 55 67 6 0 2 0.19 0.0 M 11.6 22 150 M M 9 18 30 130
16 60 47 54 -6 11 0 0.00 0.0 M 10.4 20 330 M M 6 1 25 340
17 57 42 50 -10 15 0 0.00 M M 8.0 16 310 M M 0 23 300
18 60 31 46 -14 19 0 0.00 0.0 M 6.8 16 30 M M 0 21 10
19 59 38 49 -11 16 0 0.06 0.0 M 5.4 14 360 M M 8 18 360
20 50 41 46 -14 19 0 0.09 0.0 0 8.6 15 10 M M 5 21 350
21 69 38 54 -5 11 0 0.00 0.0 0 6.9 13 30 M M 1 16 30
22 72 51 62 3 3 0 0.00 0.0 0 6.5 16 30 M M 2 20 30
23 77 57 67 8 0 2 0.00 0.0 0 6.4 16 20 M M 0 20 10
24 71 58 65 6 0 0 T 0.0 0 5.0 13 50 M M 8 12 16 60
25 81 62 72 14 0 7 0.01 0.0 0 7.2 18 320 M M 10 18 25 330
26 73 61 67 9 0 2 T 0.0 M 8.0 20 140 M M 10 1 26 140
27 74 50 62 4 3 0 0.26 0.0 M 8.8 22 160 M M 3 1 30 150
28 79 50 65 7 0 0 0.00 0.0 M 3.6 15 230 M M 2 12 19 240
29 79 52 66 8 0 1 0.00 0.0 M 7.3 16 140 M M 7 12 22 140
30 75 54 65 7 0 0 0.74 0.0 0 9.1 31 300 M M 5 138 40 310
================================================================================
SM 2227 1585 123 90 1.96 0.0 220.0 M 107
================================================================================
AV 74.2 52.8 7.3 FASTST M M 4 MAX(MPH)
MISC ----> 31 300 40 310
================================================================================
NOTES:
# LAST OF SEVERAL OCCURRENCES
COLUMN 17 PEAK WIND IN M.P.H.
PRELIMINARY LOCAL CLIMATOLOGICAL DATA (WS FORM: F-6) , PAGE 2
STATION: PANAMA CITY NW
MONTH: NOVEMBER
YEAR: 2022
LATITUDE: 30 21 N
LONGITUDE: 85 48 W
[TEMPERATURE DATA] [PRECIPITATION DATA] SYMBOLS USED IN COLUMN 16
AVERAGE MONTHLY: 63.5 TOTAL FOR MONTH: 1.96 1 = FOG OR MIST
DPTR FM NORMAL: 2.8 DPTR FM NORMAL: -2.24 2 = FOG REDUCING VISIBILITY
HIGHEST: 88 ON 8, 7 GRTST 24HR 0.74 ON 30-30 TO 1/4 MILE OR LESS
LOWEST: 31 ON 18 3 = THUNDER
SNOW, ICE PELLETS, HAIL 4 = ICE PELLETS
TOTAL MONTH: 0.0 INCH 5 = HAIL
GRTST 24HR 0.0 6 = FREEZING RAIN OR DRIZZLE
GRTST DEPTH: 0 7 = DUSTSTORM OR SANDSTORM:
VSBY 1/2 MILE OR LESS
8 = SMOKE OR HAZE
[NO. OF DAYS WITH] [WEATHER - DAYS WITH] 9 = BLOWING SNOW
X = TORNADO
MAX 32 OR BELOW: 0 0.01 INCH OR MORE: 9
MAX 90 OR ABOVE: 0 0.10 INCH OR MORE: 4
MIN 32 OR BELOW: 1 0.50 INCH OR MORE: 2
MIN 0 OR BELOW: 0 1.00 INCH OR MORE: 0
[HDD (BASE 65) ]
TOTAL THIS MO. 123 CLEAR (SCALE 0-3) 17
DPTR FM NORMAL -47 PTCLDY (SCALE 4-7) 10
TOTAL FM JUL 1 175 CLOUDY (SCALE 8-10) 3
DPTR FM NORMAL -26
[CDD (BASE 65) ]
TOTAL THIS MO. 90
DPTR FM NORMAL 47 [PRESSURE DATA]
TOTAL FM JAN 1 2653 HIGHEST SLP 30.42 ON 20
DPTR FM NORMAL 47 LOWEST SLP 29.58 ON 11
[REMARKS]
#FINAL-11-22#