906
CXUS52 KTAE 131458
CF6ECP
PRELIMINARY LOCAL CLIMATOLOGICAL DATA (WS FORM: F-6)
STATION: PANAMA CITY NW
MONTH: FEBRUARY
YEAR: 2021
LATITUDE: 30 21 N
LONGITUDE: 85 48 W
TEMPERATURE IN F: :PCPN: SNOW: WIND :SUNSHINE: SKY :PK WND
================================================================================
1 2 3 4 5 6A 6B 7 8 9 10 11 12 13 14 15 16 17 18
12Z AVG MX 2MIN
DY MAX MIN AVG DEP HDD CDD WTR SNW DPTH SPD SPD DIR MIN PSBL S-S WX SPD DR
================================================================================
1 54 43 49 M 16 0 0.00 0.0 0 20.2 27 300 M M 9 38 320
2 55 33 44 M 21 0 0.00 0.0 0 M M M M M M M M
3 61 31 46 M 19 0 0.00 0.0 0 5.4 16 310 M M 0 22 310
4 62 34 48 M 17 0 0.03 0.0 0 8.2 21 140 M M 4 1 26 150
5 68 51 60 M 5 0 0.13 0.0 0 9.8 18 340 M M 9 1 25 340
6 54 46 50 M 15 0 0.26 0.0 0 9.1 15 50 M M 10 13 21 50
7 55 42 49 M 16 0 0.00 0.0 0 6.6 16 320 M M 8 1 20 320
8 61 35 48 M 17 0 0.00 0.0 0 4.6 13 130 M M 0 18 110
9 66 52 59 M 6 0 0.16 0.0 M 6.0 21 320 M M 10 13 27 320
10 71 61 66 M 0 1 0.01 0.0 M 4.6 10 150 M M 10 12 16 160
11 69 61 65 M 0 0 0.69 0.0 0 7.9 18 150 M M 10 12 23 140
12 69 60 65 M 0 0 2.52 0.0 0 5.8 13 330 M M 9 123 14 330
13 61 51 56 M 9 0 0.72 0.0 0 8.7 15 20 M M 10 1 22 20
14 53 47 50 M 15 0 0.51 0.0 0 9.5 17 360 M M 10 1 22 10
15 69 48 59 M 6 0 0.67 0.0 0 8.9 33 250 M M 10 123 46 240
16 48 32 40 M 25 0 0.00 0.0 M 8.9 16 270 M M 5 21 310
17 60 30 45 M 20 0 T 0.0 0 6.5 16 110 M M 6 1 20 90
18 68 50 59 M 6 0 1.24 0.0 M 10.0 22 160 M M 10 13 29 180
19 52 39 46 M 19 0 0.01 0.0 M 10.4 18 320 M M 6 1 24 340
20 61 33 47 M 18 0 0.00 0.0 M 6.5 14 40 M M 0 20 350
21 68 36 52 M 13 0 0.00 0.0 0 6.0 17 140 M M 3 25 70
22 74 52 63 M 2 0 0.24 0.0 M 6.1 18 260 M M 6 18 27 270
23 71 40 56 M 9 0 0.00 0.0 M 5.4 14 330 M M 0 8 18 330
24 68 39 54 M 11 0 0.00 0.0 M 3.7 15 170 M M 1 20 160
25 78 57 68 M 0 3 0.00 0.0 0 2.6 13 170 M M 6 1 17 170
26 77 57 67 M 0 2 0.00 0.0 0 6.6 20 150 M M 6 12 23 150
27 77 65 71 M 0 6 0.00 0.0 0 9.1 20 130 M M 7 12 27 150
28 77 66 72 M 0 7 0.00 0.0 0 9.4 20 140 M M 9 1 24 130
================================================================================
SM 1807 1291 285 19 7.19 0.0 206.5 M 174
================================================================================
AV 64.5 46.1 7.6 FASTST M M 6 MAX(MPH)
MISC ----> 33 250 46 240
================================================================================
NOTES:
# LAST OF SEVERAL OCCURRENCES
COLUMN 17 PEAK WIND IN M.P.H.
PRELIMINARY LOCAL CLIMATOLOGICAL DATA (WS FORM: F-6) , PAGE 2
STATION: PANAMA CITY NW
MONTH: FEBRUARY
YEAR: 2021
LATITUDE: 30 21 N
LONGITUDE: 85 48 W
[TEMPERATURE DATA] [PRECIPITATION DATA] SYMBOLS USED IN COLUMN 16
AVERAGE MONTHLY: 55.3 TOTAL FOR MONTH: 7.19 1 = FOG OR MIST
DPTR FM NORMAL: 0.0 DPTR FM NORMAL: 7.19 2 = FOG REDUCING VISIBILITY
HIGHEST: 78 ON 25 GRTST 24HR 3.16 ON 12-13 TO 1/4 MILE OR LESS
LOWEST: 30 ON 17 3 = THUNDER
SNOW, ICE PELLETS, HAIL 4 = ICE PELLETS
TOTAL MONTH: 0.0 INCH 5 = HAIL
GRTST 24HR 0.0 6 = FREEZING RAIN OR DRIZZLE
GRTST DEPTH: 0 7 = DUSTSTORM OR SANDSTORM:
VSBY 1/2 MILE OR LESS
8 = SMOKE OR HAZE
[NO. OF DAYS WITH] [WEATHER - DAYS WITH] 9 = BLOWING SNOW
X = TORNADO
MAX 32 OR BELOW: 0 0.01 INCH OR MORE: 13
MAX 90 OR ABOVE: 0 0.10 INCH OR MORE: 10
MIN 32 OR BELOW: 3 0.50 INCH OR MORE: 6
MIN 0 OR BELOW: 0 1.00 INCH OR MORE: 2
[HDD (BASE 65) ]
TOTAL THIS MO. 285 CLEAR (SCALE 0-3) 5
DPTR FM NORMAL M PTCLDY (SCALE 4-7) 10
TOTAL FM JUL 1 1150 CLOUDY (SCALE 8-10) 13
DPTR FM NORMAL M
[CDD (BASE 65) ]
TOTAL THIS MO. 19
DPTR FM NORMAL M [PRESSURE DATA]
TOTAL FM JAN 1 24 HIGHEST SLP 30.43 ON 20
DPTR FM NORMAL M LOWEST SLP 29.74 ON 15
[REMARKS]
#FINAL-02-21#