000
CXUS52 KTAE 010800
CF6ECP
PRELIMINARY LOCAL CLIMATOLOGICAL DATA (WS FORM: F-6)
STATION: PANAMA CITY NW
MONTH: APRIL
YEAR: 2020
LATITUDE: 30 21 N
LONGITUDE: 85 48 W
TEMPERATURE IN F: :PCPN: SNOW: WIND :SUNSHINE: SKY :PK WND
================================================================================
1 2 3 4 5 6A 6B 7 8 9 10 11 12 13 14 15 16 17 18
12Z AVG MX 2MIN
DY MAX MIN AVG DEP HDD CDD WTR SNW DPTH SPD SPD DIR MIN PSBL S-S WX SPD DR
================================================================================
1 73 46 60 M 5 0 0.00 0.0 0 7.9 22 310 M M 0 29 330
2 77 46 62 M 3 0 0.00 0.0 0 4.6 14 200 M M 0 19 90
3 78 50 64 M 1 0 0.00 0.0 0 2.5 12 220 M M 1 16 210
4 85 51 68 M 0 3 0.00 0.0 0 4.8 15 210 M M 1 26 120
5 81 61 71 M 0 6 0.07 0.0 0 4.6 14 180 M M 7 1 21 290
6 82 57 70 M 0 5 0.00 0.0 0 4.3 16 170 M M 3 12 26 250
7 79 60 70 M 0 5 0.00 0.0 0 5.4 16 170 M M 7 12 20 190
8 85 71 78 M 0 13 T 0.0 0 12.6 23 220 M M 10 1 28 230
9 89 72 81 M 0 16 T 0.0 0 10.3 20 230 M M 5 1 33 250
10 75 50 63 M 2 0 0.20 0.0 0 10.2 38 300 M M 3 13 48 300
11 77 49 63 M 2 0 T M 0 5.4 13 170 M M 0 24 40
12 82 55 69 M 0 4 T 0.0 0 14.7 26 160 M M 7 18 38 170
13 85 64 75 M 0 10 0.59 0.0 0 9.1 29 190 M M 3 138 40 200
14 82 61 72 M 0 7 0.05 0.0 0 6.2 14 340 M M 6 22 270
15 73 53 63 M 2 0 0.03 0.0 0 10.7 21 340 M M 6 31 340
16 77 50 64 M 1 0 0.00 0.0 0 9.0 23 20 M M 1 31 20
17 80 49 65 M 0 0 0.00 0.0 0 7.5 16 190 M M 1 23 140
18 83 68 76 M 0 11 0.07 0.0 0 5.4 15 210 M M 8 1 28 10
19 82 68 75 M 0 10 T 0.0 0 8.4 24 190 M M 7 12 31 180
20 81 60 71 M 0 6 0.72 0.0 0 7.6 37 350 M M 4 13 43 350
21 84 52 68 M 0 3 0.00 0.0 0 4.7 16 200 M M 0 23 240
22 83 54 69 M 0 4 T 0.0 0 5.6 20 170 M M 1 12 24 170
23 81 61 71 M 0 6 0.44 0.0 0 11.4 37 300 M M 6 13 46 290
24 83 61 72 M 0 7 0.00 0.0 0 5.6 15 150 M M 2 1 18 330
25 80 56 68 M 0 3 0.00 0.0 0 7.8 20 220 M M 2 1 25 200
26 80 55 68 M 0 3 T 0.0 0 9.6 22 310 M M 1 1 26 300
27 79 48 64 M 1 0 0.00 0.0 0 7.0 16 10 M M 0 30 300
28 80 48 64 M 1 0 0.00 0.0 0 6.8 17 190 M M 0 24 180
29 78 64 71 M 0 6 0.36 0.0 0 12.1 25 150 M M 5 138 34 140
30 77 54 66 M 0 1 0.00 0.0 0 10.5 22 200 M M 1 37 250
================================================================================
SM 2411 1694 18 129 2.53 0.0 232.3 M 98
================================================================================
AV 80.4 56.5 7.7 FASTST M M 3 MAX(MPH)
MISC ----> # 38 300 # 48 300
================================================================================
NOTES:
# LAST OF SEVERAL OCCURRENCES
COLUMN 17 PEAK WIND IN M.P.H.
PRELIMINARY LOCAL CLIMATOLOGICAL DATA (WS FORM: F-6) , PAGE 2
STATION: PANAMA CITY NW
MONTH: APRIL
YEAR: 2020
LATITUDE: 30 21 N
LONGITUDE: 85 48 W
[TEMPERATURE DATA] [PRECIPITATION DATA] SYMBOLS USED IN COLUMN 16
AVERAGE MONTHLY: 68.4 TOTAL FOR MONTH: 2.53 1 = FOG OR MIST
DPTR FM NORMAL: M DPTR FM NORMAL: M 2 = FOG REDUCING VISIBILITY
HIGHEST: 89 ON 9 GRTST 24HR 0.72 ON 20-20 TO 1/4 MILE OR LESS
LOWEST: 46 ON 2, 1 3 = THUNDER
SNOW, ICE PELLETS, HAIL 4 = ICE PELLETS
TOTAL MONTH: 0.0 INCH 5 = HAIL
GRTST 24HR 0.0 6 = FREEZING RAIN OR DRIZZLE
GRTST DEPTH: 0 7 = DUSTSTORM OR SANDSTORM:
VSBY 1/2 MILE OR LESS
8 = SMOKE OR HAZE
[NO. OF DAYS WITH] [WEATHER - DAYS WITH] 9 = BLOWING SNOW
X = TORNADO
MAX 32 OR BELOW: 0 0.01 INCH OR MORE: 9
MAX 90 OR ABOVE: 0 0.10 INCH OR MORE: 5
MIN 32 OR BELOW: 0 0.50 INCH OR MORE: 2
MIN 0 OR BELOW: 0 1.00 INCH OR MORE: 0
[HDD (BASE 65) ]
TOTAL THIS MO. 18 CLEAR (SCALE 0-3) 17
DPTR FM NORMAL M PTCLDY (SCALE 4-7) 11
TOTAL FM JUL 1 1076 CLOUDY (SCALE 8-10) 2
DPTR FM NORMAL M
[CDD (BASE 65) ]
TOTAL THIS MO. 129
DPTR FM NORMAL M [PRESSURE DATA]
TOTAL FM JAN 1 350 HIGHEST SLP 30.29 ON 16
DPTR FM NORMAL M LOWEST SLP 29.54 ON 20
[REMARKS]
#FINAL-04-20#